{"id":263261,"date":"2023-01-16T00:29:32","date_gmt":"2023-01-16T00:29:32","guid":{"rendered":"https:\/\/museros.org\/inici\/?page_id=263261"},"modified":"2023-01-16T08:52:57","modified_gmt":"2023-01-16T08:52:57","slug":"projecte-temps-per-tu","status":"publish","type":"page","link":"https:\/\/museros.org\/inici\/projecte-temps-per-tu\/","title":{"rendered":"Projecte temps per tu"},"content":{"rendered":"<p>[et_pb_section fb_built=\u00bb1&#8243; _builder_version=\u00bb4.16&#8243; _module_preset=\u00bbdefault\u00bb custom_margin=\u00bb0px||||false|false\u00bb custom_padding=\u00bb0px||||false|false\u00bb locked=\u00bboff\u00bb global_colors_info=\u00bb{}\u00bb][et_pb_row column_structure=\u00bb1_4,3_4&#8243; _builder_version=\u00bb4.19.2&#8243; _module_preset=\u00bbdefault\u00bb custom_margin=\u00bb0px||||false|false\u00bb custom_padding=\u00bb0px||0px||false|false\u00bb global_colors_info=\u00bb{}\u00bb][et_pb_column type=\u00bb1_4&#8243; _builder_version=\u00bb4.16&#8243; _module_preset=\u00bbdefault\u00bb global_colors_info=\u00bb{}\u00bb][et_pb_image src=\u00bbhttps:\/\/museros.org\/wp-content\/uploads\/2021\/08\/logo-benestar-cl-230&#215;180-1.jpg\u00bb title_text=\u00bblogo-benestar-cl-230&#215;180&#8243; url=\u00bbhttps:\/\/museros.org\/inici\/area-de-benestar-social\u00bb use_overlay=\u00bbon\u00bb overlay_icon_color=\u00bb#E02B20&#8243; hover_overlay_color=\u00bbrgba(255,255,255,0.7)\u00bb hover_icon=\u00bb&#xe04d;||divi||400&#8243; align=\u00bbcenter\u00bb _builder_version=\u00bb4.19.4&#8243; _module_preset=\u00bbdefault\u00bb width=\u00bb100%\u00bb locked=\u00bboff\u00bb global_colors_info=\u00bb{}\u00bb][\/et_pb_image][\/et_pb_column][et_pb_column type=\u00bb3_4&#8243; _builder_version=\u00bb4.16&#8243; _module_preset=\u00bbdefault\u00bb global_colors_info=\u00bb{}\u00bb][et_pb_image src=\u00bbhttps:\/\/museros.org\/wp-content\/uploads\/2023\/01\/projecte-temps-pertu.jpg\u00bb title_text=\u00bbprojecte-temps-pertu\u00bb align=\u00bbcenter\u00bb _builder_version=\u00bb4.19.4&#8243; _module_preset=\u00bbdefault\u00bb hover_enabled=\u00bb0&#8243; global_colors_info=\u00bb{}\u00bb sticky_enabled=\u00bb0&#8243;][\/et_pb_image][et_pb_text _builder_version=\u00bb4.19.4&#8243; _module_preset=\u00bbdefault\u00bb custom_margin=\u00bb40px||||false|false\u00bb global_colors_info=\u00bb{}\u00bb]<\/p>\n<h1>Temps per tu<\/h1>\n<p>Projecte dirigit a persones cuidadores tant informals (familiars o altres), com les formals (persones contractades) de majors dependents del municipi de Museros. Amb aquest projecte es pret\u00e9n fer costat a les persones cuidadores, promovent actuacions que possibiliten una millora en la seua qualitat de vida.<\/p>\n<p>En aquests serveis s&#8217;enquadra el Servei de promoci\u00f3 de l&#8217;autonomia personal, que desenvolupar\u00e0 la prevenci\u00f3, el diagn\u00f2stic i la intervenci\u00f3 en situacions de diversitat funcional o discapacitat, depend\u00e8ncia o vulnerabilitat, fomentant les relacions convivencials durant tot el cicle vital de les persones.<\/p>\n<p>Sent els objectius espec\u00edfics del servei:<\/p>\n<p>-Proporcionar recursos per a la conviv\u00e8ncia de persones amb dificultats per a la seua autonomia tant a persones dependents com no dependents.<br \/>-Fomentar l&#8217;autonomia personal, inclusi\u00f3 social i la participaci\u00f3 en la vida de la comunitat de les persones.<br \/>-Afavorir la perman\u00e8ncia de les persones dependents en el seu domicili i ajust sociofamiliar.<br \/>-Atendre situacions de crisi personal o familiar.<br \/>-Fer costat a les fam\u00edlies en les seues responsabilitats de la vida di\u00e0ria.<\/p>\n<p>Els OBJECTIUS DEL PROJECTE \u00e9s crear un espai on puguen parlar lliurement i en confian\u00e7a dels seus problemes i dificultats di\u00e0ries respecte a l&#8217;experi\u00e8ncia comuna. Oferir formaci\u00f3 a les persones cuidadores sobre estrat\u00e8gies i t\u00e8cniques d&#8217;autocura i maneig de situacions relacionades amb l&#8217;atenci\u00f3 di\u00e0ria a la persona dependent. Oferir suport emocional i un servei de suport psicol\u00f2gic per a la prevenci\u00f3 i maneig d&#8217;alteracions psicol\u00f2giques derivades del treball de la persona dependent. Previndre l&#8217;a\u00efllament i afavorir la socialitzaci\u00f3. Identificar necessitats socials de la poblaci\u00f3 quant a la cura que afavorisquen l&#8217;adequaci\u00f3 dels serveis i prestacions existents a les necessitats detectades.<\/p>\n<p>&nbsp;<\/p>\n<p>[\/et_pb_text][\/et_pb_column][\/et_pb_row][et_pb_row _builder_version=\u00bb4.16&#8243; _module_preset=\u00bbdefault\u00bb min_height=\u00bb77px\u00bb global_colors_info=\u00bb{}\u00bb][et_pb_column type=\u00bb4_4&#8243; _builder_version=\u00bb4.16&#8243; _module_preset=\u00bbdefault\u00bb global_colors_info=\u00bb{}\u00bb][et_pb_divider color=\u00bb#E02B20&#8243; divider_weight=\u00bb4px\u00bb _builder_version=\u00bb4.16&#8243; _module_preset=\u00bbdefault\u00bb global_colors_info=\u00bb{}\u00bb][\/et_pb_divider][\/et_pb_column][\/et_pb_row][\/et_pb_section]<\/p>\n","protected":false},"excerpt":{"rendered":"<p>Temps per tu Projecte dirigit a persones cuidadores tant informals (familiars o altres), com les formals (persones contractades) de majors dependents del municipi de Museros. Amb aquest projecte es pret\u00e9n fer costat a les persones cuidadores, promovent actuacions que possibiliten una millora en la seua qualitat de vida. En aquests serveis s&#8217;enquadra el Servei de [&hellip;]<\/p>\n","protected":false},"author":8,"featured_media":0,"parent":0,"menu_order":0,"comment_status":"closed","ping_status":"closed","template":"","meta":{"_et_pb_use_builder":"on","_et_pb_old_content":"","_et_gb_content_width":"","_mc_calendar":[],"footnotes":""},"wf_page_folders":[288],"class_list":["post-263261","page","type-page","status-publish","hentry"],"_links":{"self":[{"href":"https:\/\/museros.org\/inici\/wp-json\/wp\/v2\/pages\/263261","targetHints":{"allow":["GET"]}}],"collection":[{"href":"https:\/\/museros.org\/inici\/wp-json\/wp\/v2\/pages"}],"about":[{"href":"https:\/\/museros.org\/inici\/wp-json\/wp\/v2\/types\/page"}],"author":[{"embeddable":true,"href":"https:\/\/museros.org\/inici\/wp-json\/wp\/v2\/users\/8"}],"replies":[{"embeddable":true,"href":"https:\/\/museros.org\/inici\/wp-json\/wp\/v2\/comments?post=263261"}],"version-history":[{"count":4,"href":"https:\/\/museros.org\/inici\/wp-json\/wp\/v2\/pages\/263261\/revisions"}],"predecessor-version":[{"id":263284,"href":"https:\/\/museros.org\/inici\/wp-json\/wp\/v2\/pages\/263261\/revisions\/263284"}],"wp:attachment":[{"href":"https:\/\/museros.org\/inici\/wp-json\/wp\/v2\/media?parent=263261"}],"wp:term":[{"taxonomy":"wf_page_folders","embeddable":true,"href":"https:\/\/museros.org\/inici\/wp-json\/wp\/v2\/wf_page_folders?post=263261"}],"curies":[{"name":"wp","href":"https:\/\/api.w.org\/{rel}","templated":true}]}}

<p>[et_pb_section fb_built=»1&#8243; _builder_version=»4.16&#8243; _module_preset=»default» custom_margin=»0px||||false|false» custom_padding=»0px||||false|false» locked=»off» global_colors_info=»{}»][et_pb_row column_structure=»1_4,3_4&#8243; _builder_version=»4.19.2&#8243; _module_preset=»default» custom_margin=»0px||||false|false» custom_padding=»0px||0px||false|false» global_colors_info=»{}»][et_pb_column type=»1_4&#8243; _builder_version=»4.16&#8243; _module_preset=»default» global_colors_info=»{}»][et_pb_image src=»https://museros.org/wp-content/uploads/2021/08/logo-benestar-cl-230&#215;180-1.jpg» title_text=»logo-benestar-cl-230&#215;180&#8243; url=»https://museros.org/inici/area-de-benestar-social» use_overlay=»on» overlay_icon_color=»#E02B20&#8243; hover_overlay_color=»rgba(255,255,255,0.7)» hover_icon=»&#xe04d;||divi||400&#8243; align=»center» _builder_version=»4.19.4&#8243; _module_preset=»default» width=»100%» locked=»off» global_colors_info=»{}»][/et_pb_image][/et_pb_column][et_pb_column type=»3_4&#8243; _builder_version=»4.16&#8243; _module_preset=»default» global_colors_info=»{}»][et_pb_image src=»https://museros.org/wp-content/uploads/2023/01/projecte-temps-pertu.jpg» title_text=»projecte-temps-pertu» align=»center» _builder_version=»4.19.4&#8243; _module_preset=»default» hover_enabled=»0&#8243; global_colors_info=»{}» sticky_enabled=»0&#8243;][/et_pb_image][et_pb_text _builder_version=»4.19.4&#8243; _module_preset=»default» custom_margin=»40px||||false|false» global_colors_info=»{}»]</p>
<h1>Temps per tu</h1>
<p>Projecte dirigit a persones cuidadores tant informals (familiars o altres), com les formals (persones contractades) de majors dependents del municipi de Museros. Amb aquest projecte es pretén fer costat a les persones cuidadores, promovent actuacions que possibiliten una millora en la seua qualitat de vida.</p>
<p>En aquests serveis s&#8217;enquadra el Servei de promoció de l&#8217;autonomia personal, que desenvoluparà la prevenció, el diagnòstic i la intervenció en situacions de diversitat funcional o discapacitat, dependència o vulnerabilitat, fomentant les relacions convivencials durant tot el cicle vital de les persones.</p>
<p>Sent els objectius específics del servei:</p>
<p>-Proporcionar recursos per a la convivència de persones amb dificultats per a la seua autonomia tant a persones dependents com no dependents.<br />-Fomentar l&#8217;autonomia personal, inclusió social i la participació en la vida de la comunitat de les persones.<br />-Afavorir la permanència de les persones dependents en el seu domicili i ajust sociofamiliar.<br />-Atendre situacions de crisi personal o familiar.<br />-Fer costat a les famílies en les seues responsabilitats de la vida diària.</p>
<p>Els OBJECTIUS DEL PROJECTE és crear un espai on puguen parlar lliurement i en confiança dels seus problemes i dificultats diàries respecte a l&#8217;experiència comuna. Oferir formació a les persones cuidadores sobre estratègies i tècniques d&#8217;autocura i maneig de situacions relacionades amb l&#8217;atenció diària a la persona dependent. Oferir suport emocional i un servei de suport psicològic per a la prevenció i maneig d&#8217;alteracions psicològiques derivades del treball de la persona dependent. Previndre l&#8217;aïllament i afavorir la socialització. Identificar necessitats socials de la població quant a la cura que afavorisquen l&#8217;adequació dels serveis i prestacions existents a les necessitats detectades.</p>
<p>&nbsp;</p>
<p>[/et_pb_text][/et_pb_column][/et_pb_row][et_pb_row _builder_version=»4.16&#8243; _module_preset=»default» min_height=»77px» global_colors_info=»{}»][et_pb_column type=»4_4&#8243; _builder_version=»4.16&#8243; _module_preset=»default» global_colors_info=»{}»][et_pb_divider color=»#E02B20&#8243; divider_weight=»4px» _builder_version=»4.16&#8243; _module_preset=»default» global_colors_info=»{}»][/et_pb_divider][/et_pb_column][/et_pb_row][/et_pb_section]</p>

<p>Temps per tu Projecte dirigit a persones cuidadores tant informals (familiars o altres), com les formals (persones contractades) de majors dependents del municipi de Museros. Amb aquest projecte es pretén fer costat a les persones cuidadores, promovent actuacions que possibiliten una millora en la seua qualitat de vida. En aquests serveis s&#8217;enquadra el Servei de [&hellip;]</p>
