{"id":262771,"date":"2022-12-01T09:46:28","date_gmt":"2022-12-01T09:46:28","guid":{"rendered":"https:\/\/museros.org\/inici\/?page_id=262771"},"modified":"2025-04-13T08:15:49","modified_gmt":"2025-04-13T08:15:49","slug":"inclusion-social","status":"publish","type":"page","link":"https:\/\/museros.org\/inici\/es\/inclusion-social\/","title":{"rendered":"Inclusi\u00f3n social"},"content":{"rendered":"<p>[et_pb_section fb_built=\u00bb1&#8243; _builder_version=\u00bb4.16&#8243; _module_preset=\u00bbdefault\u00bb custom_margin=\u00bb0px||||false|false\u00bb custom_padding=\u00bb0px||||false|false\u00bb locked=\u00bboff\u00bb global_colors_info=\u00bb{}\u00bb][et_pb_row column_structure=\u00bb1_4,3_4&#8243; _builder_version=\u00bb4.19.2&#8243; _module_preset=\u00bbdefault\u00bb custom_margin=\u00bb0px||||false|false\u00bb custom_padding=\u00bb0px||0px||false|false\u00bb global_colors_info=\u00bb{}\u00bb][et_pb_column type=\u00bb1_4&#8243; _builder_version=\u00bb4.16&#8243; _module_preset=\u00bbdefault\u00bb global_colors_info=\u00bb{}\u00bb][et_pb_image src=\u00bbhttps:\/\/museros.org\/wp-content\/uploads\/2022\/11\/serveissocials-230&#215;180-1.jpg\u00bb title_text=\u00bbserveissocials-230&#215;180&#8243; url=\u00bbhttps:\/\/museros.org\/inici\/es\/museros-inclusivo\u00bb use_overlay=\u00bbon\u00bb overlay_icon_color=\u00bb#E02B20&#8243; hover_overlay_color=\u00bbrgba(255,255,255,0.7)\u00bb hover_icon=\u00bb&#xe04d;||divi||400&#8243; align=\u00bbcenter\u00bb _builder_version=\u00bb4.19.4&#8243; _module_preset=\u00bbdefault\u00bb width=\u00bb100%\u00bb locked=\u00bboff\u00bb global_colors_info=\u00bb{}\u00bb][\/et_pb_image][\/et_pb_column][et_pb_column type=\u00bb3_4&#8243; _builder_version=\u00bb4.16&#8243; _module_preset=\u00bbdefault\u00bb global_colors_info=\u00bb{}\u00bb][et_pb_text _builder_version=\u00bb4.19.2&#8243; _module_preset=\u00bbdefault\u00bb custom_margin=\u00bb40px||||false|false\u00bb global_colors_info=\u00bb{}\u00bb]<\/p>\n<h1>Servicio de inclusi\u00f3n social<\/h1>\n<p>Dirigido a la prevenci\u00f3n, diagn\u00f3stico, intervenci\u00f3n, seguimiento y la cobertura de las necesidades b\u00e1sicas de las personas y familias.<br \/>&#8211; Renta Valenciana de Inclusi\u00f3n (RVI)<\/p>\n<p>Programas que se desarrollan desde el \u00e1rea de Inclusi\u00f3n social:<br \/>&#8211; Programa de apoyo a la familia e infancia en per\u00edodo estival<br \/>&#8211; Curso de inserci\u00f3n sociolaboral \u201cCastellano para desplazados\u201d<\/p>\n<p>[\/et_pb_text][et_pb_divider color=\u00bb#999999&#8243; divider_style=\u00bbdotted\u00bb divider_weight=\u00bb8px\u00bb _builder_version=\u00bb4.19.2&#8243; _module_preset=\u00bbdefault\u00bb custom_margin=\u00bb40px||||false|false\u00bb global_colors_info=\u00bb{}\u00bb][\/et_pb_divider][et_pb_text _builder_version=\u00bb4.19.2&#8243; _module_preset=\u00bbdefault\u00bb global_colors_info=\u00bb{}\u00bb]<\/p>\n<h2>Otros servicios de los que dispone:<\/h2>\n<p>[\/et_pb_text][\/et_pb_column][\/et_pb_row][et_pb_row column_structure=\u00bb1_5,1_5,1_5,1_5,1_5&#8243; use_custom_gutter=\u00bbon\u00bb gutter_width=\u00bb1&#8243; _builder_version=\u00bb4.19.2&#8243; _module_preset=\u00bbdefault\u00bb global_colors_info=\u00bb{}\u00bb][et_pb_column type=\u00bb1_5&#8243; _builder_version=\u00bb4.19.2&#8243; _module_preset=\u00bbdefault\u00bb global_colors_info=\u00bb{}\u00bb][\/et_pb_column][et_pb_column type=\u00bb1_5&#8243; _builder_version=\u00bb4.19.2&#8243; _module_preset=\u00bbdefault\u00bb global_colors_info=\u00bb{}\u00bb][et_pb_image src=\u00bbhttps:\/\/museros.org\/wp-content\/uploads\/2022\/11\/acogida-230&#215;180-1.jpg\u00bb title_text=\u00bbacogida-230&#215;180&#8243; url=\u00bbhttps:\/\/museros.org\/inici\/es\/acogida-y-atencion\u00bb use_overlay=\u00bbon\u00bb overlay_icon_color=\u00bb#E02B20&#8243; hover_overlay_color=\u00bbrgba(255,255,255,0.71)\u00bb hover_icon=\u00bb&#xe04e;||divi||400&#8243; _builder_version=\u00bb4.19.2&#8243; _module_preset=\u00bbdefault\u00bb global_colors_info=\u00bb{}\u00bb][\/et_pb_image][\/et_pb_column][et_pb_column type=\u00bb1_5&#8243; _builder_version=\u00bb4.19.2&#8243; _module_preset=\u00bbdefault\u00bb global_colors_info=\u00bb{}\u00bb][et_pb_image src=\u00bbhttps:\/\/museros.org\/wp-content\/uploads\/2022\/11\/promocion-230&#215;180-1.jpg\u00bb title_text=\u00bbpromocion-230&#215;180&#8243; url=\u00bbhttps:\/\/museros.org\/inici\/es\/promocion-de-la-autonomia\u00bb use_overlay=\u00bbon\u00bb overlay_icon_color=\u00bb#E02B20&#8243; hover_overlay_color=\u00bbrgba(255,255,255,0.71)\u00bb hover_icon=\u00bb&#xe04e;||divi||400&#8243; _builder_version=\u00bb4.19.2&#8243; _module_preset=\u00bbdefault\u00bb global_colors_info=\u00bb{}\u00bb][\/et_pb_image][\/et_pb_column][et_pb_column type=\u00bb1_5&#8243; _builder_version=\u00bb4.19.2&#8243; _module_preset=\u00bbdefault\u00bb global_colors_info=\u00bb{}\u00bb][et_pb_image src=\u00bbhttps:\/\/museros.org\/wp-content\/uploads\/2022\/11\/prevencion230x180.jpg\u00bb title_text=\u00bbprevencion230x180&#8243; url=\u00bbhttps:\/\/museros.org\/inici\/es\/prevencion-e-intervencion\u00bb use_overlay=\u00bbon\u00bb overlay_icon_color=\u00bb#E02B20&#8243; hover_overlay_color=\u00bbrgba(255,255,255,0.71)\u00bb hover_icon=\u00bb&#xe04e;||divi||400&#8243; _builder_version=\u00bb4.19.2&#8243; _module_preset=\u00bbdefault\u00bb global_colors_info=\u00bb{}\u00bb][\/et_pb_image][\/et_pb_column][et_pb_column type=\u00bb1_5&#8243; _builder_version=\u00bb4.19.2&#8243; _module_preset=\u00bbdefault\u00bb global_colors_info=\u00bb{}\u00bb][et_pb_image src=\u00bbhttps:\/\/museros.org\/wp-content\/uploads\/2022\/11\/accion-230&#215;180-1.jpg\u00bb title_text=\u00bbaccion-230&#215;180&#8243; url=\u00bbhttps:\/\/museros.org\/inici\/es\/accion-comunitaria\u00bb use_overlay=\u00bbon\u00bb overlay_icon_color=\u00bb#E02B20&#8243; hover_overlay_color=\u00bbrgba(255,255,255,0.71)\u00bb hover_icon=\u00bb&#xe04e;||divi||400&#8243; _builder_version=\u00bb4.19.2&#8243; _module_preset=\u00bbdefault\u00bb global_colors_info=\u00bb{}\u00bb][\/et_pb_image][\/et_pb_column][\/et_pb_row][et_pb_row _builder_version=\u00bb4.16&#8243; _module_preset=\u00bbdefault\u00bb global_colors_info=\u00bb{}\u00bb][et_pb_column type=\u00bb4_4&#8243; _builder_version=\u00bb4.16&#8243; _module_preset=\u00bbdefault\u00bb global_colors_info=\u00bb{}\u00bb][et_pb_divider color=\u00bb#E02B20&#8243; divider_weight=\u00bb4px\u00bb _builder_version=\u00bb4.16&#8243; _module_preset=\u00bbdefault\u00bb global_colors_info=\u00bb{}\u00bb][\/et_pb_divider][\/et_pb_column][\/et_pb_row][\/et_pb_section]<\/p>\n","protected":false},"excerpt":{"rendered":"<p>Servicio de inclusi\u00f3n social Dirigido a la prevenci\u00f3n, diagn\u00f3stico, intervenci\u00f3n, seguimiento y la cobertura de las necesidades b\u00e1sicas de las personas y familias.- Renta Valenciana de Inclusi\u00f3n (RVI) Programas que se desarrollan desde el \u00e1rea de Inclusi\u00f3n social:- Programa de apoyo a la familia e infancia en per\u00edodo estival- Curso de inserci\u00f3n sociolaboral \u201cCastellano para [&hellip;]<\/p>\n","protected":false},"author":8,"featured_media":0,"parent":0,"menu_order":0,"comment_status":"closed","ping_status":"closed","template":"","meta":{"_et_pb_use_builder":"on","_et_pb_old_content":"","_et_gb_content_width":"","_mc_calendar":[],"footnotes":""},"wf_page_folders":[288],"class_list":["post-262771","page","type-page","status-publish","hentry"],"_links":{"self":[{"href":"https:\/\/museros.org\/inici\/wp-json\/wp\/v2\/pages\/262771","targetHints":{"allow":["GET"]}}],"collection":[{"href":"https:\/\/museros.org\/inici\/wp-json\/wp\/v2\/pages"}],"about":[{"href":"https:\/\/museros.org\/inici\/wp-json\/wp\/v2\/types\/page"}],"author":[{"embeddable":true,"href":"https:\/\/museros.org\/inici\/wp-json\/wp\/v2\/users\/8"}],"replies":[{"embeddable":true,"href":"https:\/\/museros.org\/inici\/wp-json\/wp\/v2\/comments?post=262771"}],"version-history":[{"count":5,"href":"https:\/\/museros.org\/inici\/wp-json\/wp\/v2\/pages\/262771\/revisions"}],"predecessor-version":[{"id":273528,"href":"https:\/\/museros.org\/inici\/wp-json\/wp\/v2\/pages\/262771\/revisions\/273528"}],"wp:attachment":[{"href":"https:\/\/museros.org\/inici\/wp-json\/wp\/v2\/media?parent=262771"}],"wp:term":[{"taxonomy":"wf_page_folders","embeddable":true,"href":"https:\/\/museros.org\/inici\/wp-json\/wp\/v2\/wf_page_folders?post=262771"}],"curies":[{"name":"wp","href":"https:\/\/api.w.org\/{rel}","templated":true}]}}

Inclusión social

<p>[et_pb_section fb_built=»1&#8243; _builder_version=»4.16&#8243; _module_preset=»default» custom_margin=»0px||||false|false» custom_padding=»0px||||false|false» locked=»off» global_colors_info=»{}»][et_pb_row column_structure=»1_4,3_4&#8243; _builder_version=»4.19.2&#8243; _module_preset=»default» custom_margin=»0px||||false|false» custom_padding=»0px||0px||false|false» global_colors_info=»{}»][et_pb_column type=»1_4&#8243; _builder_version=»4.16&#8243; _module_preset=»default» global_colors_info=»{}»][et_pb_image src=»https://museros.org/wp-content/uploads/2022/11/serveissocials-230&#215;180-1.jpg» title_text=»serveissocials-230&#215;180&#8243; url=»https://museros.org/inici/es/museros-inclusivo» use_overlay=»on» overlay_icon_color=»#E02B20&#8243; hover_overlay_color=»rgba(255,255,255,0.7)» hover_icon=»&#xe04d;||divi||400&#8243; align=»center» _builder_version=»4.19.4&#8243; _module_preset=»default» width=»100%» locked=»off» global_colors_info=»{}»][/et_pb_image][/et_pb_column][et_pb_column type=»3_4&#8243; _builder_version=»4.16&#8243; _module_preset=»default» global_colors_info=»{}»][et_pb_text _builder_version=»4.19.2&#8243; _module_preset=»default» custom_margin=»40px||||false|false» global_colors_info=»{}»]</p>
<h1>Servicio de inclusión social</h1>
<p>Dirigido a la prevención, diagnóstico, intervención, seguimiento y la cobertura de las necesidades básicas de las personas y familias.<br />&#8211; Renta Valenciana de Inclusión (RVI)</p>
<p>Programas que se desarrollan desde el área de Inclusión social:<br />&#8211; Programa de apoyo a la familia e infancia en período estival<br />&#8211; Curso de inserción sociolaboral “Castellano para desplazados”</p>
<p>[/et_pb_text][et_pb_divider color=»#999999&#8243; divider_style=»dotted» divider_weight=»8px» _builder_version=»4.19.2&#8243; _module_preset=»default» custom_margin=»40px||||false|false» global_colors_info=»{}»][/et_pb_divider][et_pb_text _builder_version=»4.19.2&#8243; _module_preset=»default» global_colors_info=»{}»]</p>
<h2>Otros servicios de los que dispone:</h2>
<p>[/et_pb_text][/et_pb_column][/et_pb_row][et_pb_row column_structure=»1_5,1_5,1_5,1_5,1_5&#8243; use_custom_gutter=»on» gutter_width=»1&#8243; _builder_version=»4.19.2&#8243; _module_preset=»default» global_colors_info=»{}»][et_pb_column type=»1_5&#8243; _builder_version=»4.19.2&#8243; _module_preset=»default» global_colors_info=»{}»][/et_pb_column][et_pb_column type=»1_5&#8243; _builder_version=»4.19.2&#8243; _module_preset=»default» global_colors_info=»{}»][et_pb_image src=»https://museros.org/wp-content/uploads/2022/11/acogida-230&#215;180-1.jpg» title_text=»acogida-230&#215;180&#8243; url=»https://museros.org/inici/es/acogida-y-atencion» use_overlay=»on» overlay_icon_color=»#E02B20&#8243; hover_overlay_color=»rgba(255,255,255,0.71)» hover_icon=»&#xe04e;||divi||400&#8243; _builder_version=»4.19.2&#8243; _module_preset=»default» global_colors_info=»{}»][/et_pb_image][/et_pb_column][et_pb_column type=»1_5&#8243; _builder_version=»4.19.2&#8243; _module_preset=»default» global_colors_info=»{}»][et_pb_image src=»https://museros.org/wp-content/uploads/2022/11/promocion-230&#215;180-1.jpg» title_text=»promocion-230&#215;180&#8243; url=»https://museros.org/inici/es/promocion-de-la-autonomia» use_overlay=»on» overlay_icon_color=»#E02B20&#8243; hover_overlay_color=»rgba(255,255,255,0.71)» hover_icon=»&#xe04e;||divi||400&#8243; _builder_version=»4.19.2&#8243; _module_preset=»default» global_colors_info=»{}»][/et_pb_image][/et_pb_column][et_pb_column type=»1_5&#8243; _builder_version=»4.19.2&#8243; _module_preset=»default» global_colors_info=»{}»][et_pb_image src=»https://museros.org/wp-content/uploads/2022/11/prevencion230x180.jpg» title_text=»prevencion230x180&#8243; url=»https://museros.org/inici/es/prevencion-e-intervencion» use_overlay=»on» overlay_icon_color=»#E02B20&#8243; hover_overlay_color=»rgba(255,255,255,0.71)» hover_icon=»&#xe04e;||divi||400&#8243; _builder_version=»4.19.2&#8243; _module_preset=»default» global_colors_info=»{}»][/et_pb_image][/et_pb_column][et_pb_column type=»1_5&#8243; _builder_version=»4.19.2&#8243; _module_preset=»default» global_colors_info=»{}»][et_pb_image src=»https://museros.org/wp-content/uploads/2022/11/accion-230&#215;180-1.jpg» title_text=»accion-230&#215;180&#8243; url=»https://museros.org/inici/es/accion-comunitaria» use_overlay=»on» overlay_icon_color=»#E02B20&#8243; hover_overlay_color=»rgba(255,255,255,0.71)» hover_icon=»&#xe04e;||divi||400&#8243; _builder_version=»4.19.2&#8243; _module_preset=»default» global_colors_info=»{}»][/et_pb_image][/et_pb_column][/et_pb_row][et_pb_row _builder_version=»4.16&#8243; _module_preset=»default» global_colors_info=»{}»][et_pb_column type=»4_4&#8243; _builder_version=»4.16&#8243; _module_preset=»default» global_colors_info=»{}»][et_pb_divider color=»#E02B20&#8243; divider_weight=»4px» _builder_version=»4.16&#8243; _module_preset=»default» global_colors_info=»{}»][/et_pb_divider][/et_pb_column][/et_pb_row][/et_pb_section]</p>

<p>Servicio de inclusión social Dirigido a la prevención, diagnóstico, intervención, seguimiento y la cobertura de las necesidades básicas de las personas y familias.- Renta Valenciana de Inclusión (RVI) Programas que se desarrollan desde el área de Inclusión social:- Programa de apoyo a la familia e infancia en período estival- Curso de inserción sociolaboral “Castellano para [&hellip;]</p>
