{"id":262720,"date":"2022-12-01T08:36:33","date_gmt":"2022-12-01T08:36:33","guid":{"rendered":"https:\/\/museros.org\/inici\/?page_id=262720"},"modified":"2022-12-18T17:18:38","modified_gmt":"2022-12-18T17:18:38","slug":"acolliment-i-atencio","status":"publish","type":"page","link":"https:\/\/museros.org\/inici\/acolliment-i-atencio\/","title":{"rendered":"Acolliment i atencio"},"content":{"rendered":"<p>[et_pb_section fb_built=\u00bb1&#8243; _builder_version=\u00bb4.16&#8243; _module_preset=\u00bbdefault\u00bb custom_margin=\u00bb0px||||false|false\u00bb custom_padding=\u00bb0px||||false|false\u00bb locked=\u00bboff\u00bb global_colors_info=\u00bb{}\u00bb][et_pb_row column_structure=\u00bb1_4,3_4&#8243; _builder_version=\u00bb4.19.2&#8243; _module_preset=\u00bbdefault\u00bb custom_margin=\u00bb0px||||false|false\u00bb custom_padding=\u00bb0px||0px||false|false\u00bb global_colors_info=\u00bb{}\u00bb][et_pb_column type=\u00bb1_4&#8243; _builder_version=\u00bb4.16&#8243; _module_preset=\u00bbdefault\u00bb global_colors_info=\u00bb{}\u00bb][et_pb_image src=\u00bbhttps:\/\/museros.org\/wp-content\/uploads\/2022\/11\/serveissocials-230&#215;180-1.jpg\u00bb title_text=\u00bbserveissocials-230&#215;180&#8243; url=\u00bbhttps:\/\/museros.org\/inici\/museros-inclusiu\u00bb use_overlay=\u00bbon\u00bb overlay_icon_color=\u00bb#E02B20&#8243; hover_overlay_color=\u00bbrgba(255,255,255,0.7)\u00bb hover_icon=\u00bb&#xe04d;||divi||400&#8243; align=\u00bbcenter\u00bb _builder_version=\u00bb4.19.4&#8243; _module_preset=\u00bbdefault\u00bb width=\u00bb100%\u00bb hover_enabled=\u00bb0&#8243; locked=\u00bboff\u00bb global_colors_info=\u00bb{}\u00bb sticky_enabled=\u00bb0&#8243;][\/et_pb_image][\/et_pb_column][et_pb_column type=\u00bb3_4&#8243; _builder_version=\u00bb4.16&#8243; _module_preset=\u00bbdefault\u00bb global_colors_info=\u00bb{}\u00bb][et_pb_text _builder_version=\u00bb4.19.2&#8243; _module_preset=\u00bbdefault\u00bb custom_margin=\u00bb40px||||false|false\u00bb global_colors_info=\u00bb{}\u00bb]<\/p>\n<h1>Servei d&#8217;acolliment i atenci\u00f3 davant situacions de necessitat social<\/h1>\n<p>Aquest servei s&#8217;encarregar\u00e0 de la recepci\u00f3, de l\u2019atenci\u00f3 i del diagn\u00f2stic en les situacions personals i familiars, i proporcionar\u00e0 l&#8217;adequada informaci\u00f3, orientaci\u00f3 i assessorament sobre les diferents prestacions del Sistema P\u00fablic Valenci\u00e0 de Serveis Socials.<\/p>\n<p>Tramitaci\u00f3 d&#8217;ajudes de les diferents \u00e0rees:<\/p>\n<p>&#8211; Ajudes d&#8217;emerg\u00e8ncia, habitatge, depend\u00e8ncia, targeta daurada, teleassist\u00e8ncia, ajudes t\u00e8cniques, prestacions econ\u00f2miques individualitzades, targetes d&#8217;aparcament, sol\u00b7licitud de reconeixement i valoraci\u00f3 de grau de discapacitat i fam\u00edlia nombrosa o monoparental, entre altres ajudes.<\/p>\n<p>[\/et_pb_text][et_pb_divider color=\u00bb#999999&#8243; divider_style=\u00bbdotted\u00bb divider_weight=\u00bb8px\u00bb _builder_version=\u00bb4.19.2&#8243; _module_preset=\u00bbdefault\u00bb custom_margin=\u00bb40px||||false|false\u00bb global_colors_info=\u00bb{}\u00bb][\/et_pb_divider][et_pb_text _builder_version=\u00bb4.19.2&#8243; _module_preset=\u00bbdefault\u00bb locked=\u00bboff\u00bb global_colors_info=\u00bb{}\u00bb]<\/p>\n<h2>Altres serveis dels quals disposa:<\/h2>\n<p>[\/et_pb_text][\/et_pb_column][\/et_pb_row][et_pb_row column_structure=\u00bb1_5,1_5,1_5,1_5,1_5&#8243; use_custom_gutter=\u00bbon\u00bb gutter_width=\u00bb1&#8243; _builder_version=\u00bb4.19.2&#8243; _module_preset=\u00bbdefault\u00bb global_colors_info=\u00bb{}\u00bb][et_pb_column type=\u00bb1_5&#8243; _builder_version=\u00bb4.19.2&#8243; _module_preset=\u00bbdefault\u00bb global_colors_info=\u00bb{}\u00bb][\/et_pb_column][et_pb_column type=\u00bb1_5&#8243; _builder_version=\u00bb4.19.2&#8243; _module_preset=\u00bbdefault\u00bb global_colors_info=\u00bb{}\u00bb][et_pb_image src=\u00bbhttps:\/\/museros.org\/wp-content\/uploads\/2022\/11\/inclusio-230&#215;180-1.jpg\u00bb title_text=\u00bbinclusio-230&#215;180&#8243; url=\u00bbhttps:\/\/museros.org\/inici\/inclusio-social\u00bb use_overlay=\u00bbon\u00bb overlay_icon_color=\u00bb#E02B20&#8243; hover_overlay_color=\u00bbrgba(255,255,255,0.71)\u00bb hover_icon=\u00bb&#xe04e;||divi||400&#8243; _builder_version=\u00bb4.19.2&#8243; _module_preset=\u00bbdefault\u00bb global_colors_info=\u00bb{}\u00bb][\/et_pb_image][\/et_pb_column][et_pb_column type=\u00bb1_5&#8243; _builder_version=\u00bb4.19.2&#8243; _module_preset=\u00bbdefault\u00bb global_colors_info=\u00bb{}\u00bb][et_pb_image src=\u00bbhttps:\/\/museros.org\/wp-content\/uploads\/2022\/11\/promocio-230&#215;180-1.jpg\u00bb title_text=\u00bbpromocio-230&#215;180&#8243; url=\u00bbhttps:\/\/museros.org\/inici\/promocio-de-lautonomia\u00bb use_overlay=\u00bbon\u00bb overlay_icon_color=\u00bb#E02B20&#8243; hover_overlay_color=\u00bbrgba(255,255,255,0.71)\u00bb hover_icon=\u00bb&#xe04e;||divi||400&#8243; _builder_version=\u00bb4.19.2&#8243; _module_preset=\u00bbdefault\u00bb global_colors_info=\u00bb{}\u00bb][\/et_pb_image][\/et_pb_column][et_pb_column type=\u00bb1_5&#8243; _builder_version=\u00bb4.19.2&#8243; _module_preset=\u00bbdefault\u00bb global_colors_info=\u00bb{}\u00bb][et_pb_image src=\u00bbhttps:\/\/museros.org\/wp-content\/uploads\/2022\/11\/prevencio230x180.jpg\u00bb title_text=\u00bbprevencio230x180&#8243; url=\u00bbhttps:\/\/museros.org\/inici\/prevencio-i-intervencio\u00bb use_overlay=\u00bbon\u00bb overlay_icon_color=\u00bb#E02B20&#8243; hover_overlay_color=\u00bbrgba(255,255,255,0.71)\u00bb hover_icon=\u00bb&#xe04e;||divi||400&#8243; _builder_version=\u00bb4.19.2&#8243; _module_preset=\u00bbdefault\u00bb global_colors_info=\u00bb{}\u00bb][\/et_pb_image][\/et_pb_column][et_pb_column type=\u00bb1_5&#8243; _builder_version=\u00bb4.19.2&#8243; _module_preset=\u00bbdefault\u00bb global_colors_info=\u00bb{}\u00bb][et_pb_image src=\u00bbhttps:\/\/museros.org\/wp-content\/uploads\/2022\/11\/accio-230&#215;180-1.jpg\u00bb title_text=\u00bbaccio-230&#215;180&#8243; url=\u00bbhttps:\/\/museros.org\/inici\/accio-comunitaria\u00bb use_overlay=\u00bbon\u00bb overlay_icon_color=\u00bb#E02B20&#8243; hover_overlay_color=\u00bbrgba(255,255,255,0.71)\u00bb hover_icon=\u00bb&#xe04e;||divi||400&#8243; _builder_version=\u00bb4.19.2&#8243; _module_preset=\u00bbdefault\u00bb global_colors_info=\u00bb{}\u00bb][\/et_pb_image][\/et_pb_column][\/et_pb_row][et_pb_row _builder_version=\u00bb4.16&#8243; _module_preset=\u00bbdefault\u00bb global_colors_info=\u00bb{}\u00bb][et_pb_column type=\u00bb4_4&#8243; _builder_version=\u00bb4.16&#8243; _module_preset=\u00bbdefault\u00bb global_colors_info=\u00bb{}\u00bb][et_pb_divider color=\u00bb#E02B20&#8243; divider_weight=\u00bb4px\u00bb _builder_version=\u00bb4.16&#8243; _module_preset=\u00bbdefault\u00bb global_colors_info=\u00bb{}\u00bb][\/et_pb_divider][\/et_pb_column][\/et_pb_row][\/et_pb_section]<\/p>\n","protected":false},"excerpt":{"rendered":"<p>Servei d&#8217;acolliment i atenci\u00f3 davant situacions de necessitat social Aquest servei s&#8217;encarregar\u00e0 de la recepci\u00f3, de l\u2019atenci\u00f3 i del diagn\u00f2stic en les situacions personals i familiars, i proporcionar\u00e0 l&#8217;adequada informaci\u00f3, orientaci\u00f3 i assessorament sobre les diferents prestacions del Sistema P\u00fablic Valenci\u00e0 de Serveis Socials. Tramitaci\u00f3 d&#8217;ajudes de les diferents \u00e0rees: &#8211; Ajudes d&#8217;emerg\u00e8ncia, habitatge, depend\u00e8ncia, [&hellip;]<\/p>\n","protected":false},"author":8,"featured_media":0,"parent":0,"menu_order":0,"comment_status":"closed","ping_status":"closed","template":"","meta":{"_et_pb_use_builder":"on","_et_pb_old_content":"","_et_gb_content_width":"","_mc_calendar":[],"footnotes":""},"wf_page_folders":[288],"class_list":["post-262720","page","type-page","status-publish","hentry"],"_links":{"self":[{"href":"https:\/\/museros.org\/inici\/wp-json\/wp\/v2\/pages\/262720","targetHints":{"allow":["GET"]}}],"collection":[{"href":"https:\/\/museros.org\/inici\/wp-json\/wp\/v2\/pages"}],"about":[{"href":"https:\/\/museros.org\/inici\/wp-json\/wp\/v2\/types\/page"}],"author":[{"embeddable":true,"href":"https:\/\/museros.org\/inici\/wp-json\/wp\/v2\/users\/8"}],"replies":[{"embeddable":true,"href":"https:\/\/museros.org\/inici\/wp-json\/wp\/v2\/comments?post=262720"}],"version-history":[{"count":10,"href":"https:\/\/museros.org\/inici\/wp-json\/wp\/v2\/pages\/262720\/revisions"}],"predecessor-version":[{"id":263018,"href":"https:\/\/museros.org\/inici\/wp-json\/wp\/v2\/pages\/262720\/revisions\/263018"}],"wp:attachment":[{"href":"https:\/\/museros.org\/inici\/wp-json\/wp\/v2\/media?parent=262720"}],"wp:term":[{"taxonomy":"wf_page_folders","embeddable":true,"href":"https:\/\/museros.org\/inici\/wp-json\/wp\/v2\/wf_page_folders?post=262720"}],"curies":[{"name":"wp","href":"https:\/\/api.w.org\/{rel}","templated":true}]}}

<p>[et_pb_section fb_built=»1&#8243; _builder_version=»4.16&#8243; _module_preset=»default» custom_margin=»0px||||false|false» custom_padding=»0px||||false|false» locked=»off» global_colors_info=»{}»][et_pb_row column_structure=»1_4,3_4&#8243; _builder_version=»4.19.2&#8243; _module_preset=»default» custom_margin=»0px||||false|false» custom_padding=»0px||0px||false|false» global_colors_info=»{}»][et_pb_column type=»1_4&#8243; _builder_version=»4.16&#8243; _module_preset=»default» global_colors_info=»{}»][et_pb_image src=»https://museros.org/wp-content/uploads/2022/11/serveissocials-230&#215;180-1.jpg» title_text=»serveissocials-230&#215;180&#8243; url=»https://museros.org/inici/museros-inclusiu» use_overlay=»on» overlay_icon_color=»#E02B20&#8243; hover_overlay_color=»rgba(255,255,255,0.7)» hover_icon=»&#xe04d;||divi||400&#8243; align=»center» _builder_version=»4.19.4&#8243; _module_preset=»default» width=»100%» hover_enabled=»0&#8243; locked=»off» global_colors_info=»{}» sticky_enabled=»0&#8243;][/et_pb_image][/et_pb_column][et_pb_column type=»3_4&#8243; _builder_version=»4.16&#8243; _module_preset=»default» global_colors_info=»{}»][et_pb_text _builder_version=»4.19.2&#8243; _module_preset=»default» custom_margin=»40px||||false|false» global_colors_info=»{}»]</p>
<h1>Servei d&#8217;acolliment i atenció davant situacions de necessitat social</h1>
<p>Aquest servei s&#8217;encarregarà de la recepció, de l’atenció i del diagnòstic en les situacions personals i familiars, i proporcionarà l&#8217;adequada informació, orientació i assessorament sobre les diferents prestacions del Sistema Públic Valencià de Serveis Socials.</p>
<p>Tramitació d&#8217;ajudes de les diferents àrees:</p>
<p>&#8211; Ajudes d&#8217;emergència, habitatge, dependència, targeta daurada, teleassistència, ajudes tècniques, prestacions econòmiques individualitzades, targetes d&#8217;aparcament, sol·licitud de reconeixement i valoració de grau de discapacitat i família nombrosa o monoparental, entre altres ajudes.</p>
<p>[/et_pb_text][et_pb_divider color=»#999999&#8243; divider_style=»dotted» divider_weight=»8px» _builder_version=»4.19.2&#8243; _module_preset=»default» custom_margin=»40px||||false|false» global_colors_info=»{}»][/et_pb_divider][et_pb_text _builder_version=»4.19.2&#8243; _module_preset=»default» locked=»off» global_colors_info=»{}»]</p>
<h2>Altres serveis dels quals disposa:</h2>
<p>[/et_pb_text][/et_pb_column][/et_pb_row][et_pb_row column_structure=»1_5,1_5,1_5,1_5,1_5&#8243; use_custom_gutter=»on» gutter_width=»1&#8243; _builder_version=»4.19.2&#8243; _module_preset=»default» global_colors_info=»{}»][et_pb_column type=»1_5&#8243; _builder_version=»4.19.2&#8243; _module_preset=»default» global_colors_info=»{}»][/et_pb_column][et_pb_column type=»1_5&#8243; _builder_version=»4.19.2&#8243; _module_preset=»default» global_colors_info=»{}»][et_pb_image src=»https://museros.org/wp-content/uploads/2022/11/inclusio-230&#215;180-1.jpg» title_text=»inclusio-230&#215;180&#8243; url=»https://museros.org/inici/inclusio-social» use_overlay=»on» overlay_icon_color=»#E02B20&#8243; hover_overlay_color=»rgba(255,255,255,0.71)» hover_icon=»&#xe04e;||divi||400&#8243; _builder_version=»4.19.2&#8243; _module_preset=»default» global_colors_info=»{}»][/et_pb_image][/et_pb_column][et_pb_column type=»1_5&#8243; _builder_version=»4.19.2&#8243; _module_preset=»default» global_colors_info=»{}»][et_pb_image src=»https://museros.org/wp-content/uploads/2022/11/promocio-230&#215;180-1.jpg» title_text=»promocio-230&#215;180&#8243; url=»https://museros.org/inici/promocio-de-lautonomia» use_overlay=»on» overlay_icon_color=»#E02B20&#8243; hover_overlay_color=»rgba(255,255,255,0.71)» hover_icon=»&#xe04e;||divi||400&#8243; _builder_version=»4.19.2&#8243; _module_preset=»default» global_colors_info=»{}»][/et_pb_image][/et_pb_column][et_pb_column type=»1_5&#8243; _builder_version=»4.19.2&#8243; _module_preset=»default» global_colors_info=»{}»][et_pb_image src=»https://museros.org/wp-content/uploads/2022/11/prevencio230x180.jpg» title_text=»prevencio230x180&#8243; url=»https://museros.org/inici/prevencio-i-intervencio» use_overlay=»on» overlay_icon_color=»#E02B20&#8243; hover_overlay_color=»rgba(255,255,255,0.71)» hover_icon=»&#xe04e;||divi||400&#8243; _builder_version=»4.19.2&#8243; _module_preset=»default» global_colors_info=»{}»][/et_pb_image][/et_pb_column][et_pb_column type=»1_5&#8243; _builder_version=»4.19.2&#8243; _module_preset=»default» global_colors_info=»{}»][et_pb_image src=»https://museros.org/wp-content/uploads/2022/11/accio-230&#215;180-1.jpg» title_text=»accio-230&#215;180&#8243; url=»https://museros.org/inici/accio-comunitaria» use_overlay=»on» overlay_icon_color=»#E02B20&#8243; hover_overlay_color=»rgba(255,255,255,0.71)» hover_icon=»&#xe04e;||divi||400&#8243; _builder_version=»4.19.2&#8243; _module_preset=»default» global_colors_info=»{}»][/et_pb_image][/et_pb_column][/et_pb_row][et_pb_row _builder_version=»4.16&#8243; _module_preset=»default» global_colors_info=»{}»][et_pb_column type=»4_4&#8243; _builder_version=»4.16&#8243; _module_preset=»default» global_colors_info=»{}»][et_pb_divider color=»#E02B20&#8243; divider_weight=»4px» _builder_version=»4.16&#8243; _module_preset=»default» global_colors_info=»{}»][/et_pb_divider][/et_pb_column][/et_pb_row][/et_pb_section]</p>

<p>Servei d&#8217;acolliment i atenció davant situacions de necessitat social Aquest servei s&#8217;encarregarà de la recepció, de l’atenció i del diagnòstic en les situacions personals i familiars, i proporcionarà l&#8217;adequada informació, orientació i assessorament sobre les diferents prestacions del Sistema Públic Valencià de Serveis Socials. Tramitació d&#8217;ajudes de les diferents àrees: &#8211; Ajudes d&#8217;emergència, habitatge, dependència, [&hellip;]</p>
