{"id":262359,"date":"2022-10-27T12:17:28","date_gmt":"2022-10-27T12:17:28","guid":{"rendered":"https:\/\/museros.org\/inici\/?page_id=262359"},"modified":"2022-10-27T12:50:48","modified_gmt":"2022-10-27T12:50:48","slug":"ayudas-digitales","status":"publish","type":"page","link":"https:\/\/museros.org\/inici\/es\/ayudas-digitales\/","title":{"rendered":"Ayudas digitales"},"content":{"rendered":"<p>[et_pb_section fb_built=\u00bb1&#8243; _builder_version=\u00bb4.18.0&#8243; _module_preset=\u00bbdefault\u00bb custom_margin=\u00bb0px||0px||false|false\u00bb locked=\u00bboff\u00bb global_colors_info=\u00bb{}\u00bb][et_pb_row column_structure=\u00bb1_4,3_4&#8243; _builder_version=\u00bb4.18.0&#8243; _module_preset=\u00bbdefault\u00bb custom_margin=\u00bb0px||0px||false|false\u00bb global_colors_info=\u00bb{}\u00bb][et_pb_column type=\u00bb1_4&#8243; _builder_version=\u00bb4.18.0&#8243; _module_preset=\u00bbdefault\u00bb global_colors_info=\u00bb{}\u00bb][et_pb_image src=\u00bbhttps:\/\/museros.org\/wp-content\/uploads\/2021\/06\/logo-bienestar-cl-230&#215;180-1.jpg\u00bb title_text=\u00bblogo-bienestar-cl-230&#215;180&#8243; url=\u00bbhttps:\/\/museros.org\/inici\/es\/area-de-bienestar-social\/\u00bb _builder_version=\u00bb4.18.0&#8243; _module_preset=\u00bbdefault\u00bb global_colors_info=\u00bb{}\u00bb][\/et_pb_image][\/et_pb_column][et_pb_column type=\u00bb3_4&#8243; _builder_version=\u00bb4.18.0&#8243; _module_preset=\u00bbdefault\u00bb global_colors_info=\u00bb{}\u00bb][et_pb_text _builder_version=\u00bb4.18.0&#8243; _module_preset=\u00bbdefault\u00bb hover_enabled=\u00bb0&#8243; global_colors_info=\u00bb{}\u00bb sticky_enabled=\u00bb0&#8243;]<\/p>\n<h1>AYUDAS PARA LA EJECUCI\u00d3N<br \/>DEL PROGRAMA DE EMISI\u00d3N<br \/>DE BONOS DIGITALES PARA<br \/>COLECTIVOS VULNERABLES<\/h1>\n<p>[\/et_pb_text][et_pb_image src=\u00bbhttps:\/\/museros.org\/wp-content\/uploads\/2022\/10\/manos.jpg\u00bb title_text=\u00bbmanos\u00bb _builder_version=\u00bb4.18.0&#8243; _module_preset=\u00bbdefault\u00bb global_colors_info=\u00bb{}\u00bb][\/et_pb_image][et_pb_text _builder_version=\u00bb4.18.0&#8243; _module_preset=\u00bbdefault\u00bb global_colors_info=\u00bb{}\u00bb]<\/p>\n<p>QU\u00c9 ES EL BONO DIGITAL?<br \/>Se trata de una ayuda para la contrataci\u00f3n de nuevos servicios de internet fijo o de un aumento en la velocidad ya contratada consistente en una bonificaci\u00f3n mensual de 20 euros sobre el precio final (IVA incluido) de la factura emitida, hasta un m\u00e1ximo de 240 \u20ac a repartir en doce mensualidades.<\/p>\n<p>QUI\u00c9N PUEDE SOLICITARLO?<br \/>Cualquier persona que complica las siguientes condiciones:<br \/>a) Estar empadronadas en un municipio de la Comunidad Valenciana.<br \/>b) Que la vivienda en la cual se instalar\u00e1 la conexi\u00f3n sea la residencia habitual.<br \/>c) Que pertenezca a un colectivo vulnerable.<\/p>\n<p>&#8211; Las personas titulares o beneficiar\u00edas de la Renta Valenciana de Inclusi\u00f3n, en cualquier de sus modalidades, en la fecha de la solicitud.<br \/>&#8211; Las personas titulares o beneficiar\u00edas de la prestaci\u00f3n del Ingreso M\u00ednimo Vital, en cualquier de sus modalidades, en la fecha de la solicitud.<\/p>\n<p>QUE PLAZO TENGO PARA SOLICITARLO?<br \/>La solicitud del Bono Digital se podr\u00e1 tramitar hasta el 15 de noviembre, inclusivamente.<\/p>\n<p>[\/et_pb_text][et_pb_divider color=\u00bb#E02B20&#8243; divider_weight=\u00bb4px\u00bb _builder_version=\u00bb4.18.0&#8243; _module_preset=\u00bbdefault\u00bb custom_margin=\u00bb40px||||false|false\u00bb global_colors_info=\u00bb{}\u00bb][\/et_pb_divider][\/et_pb_column][\/et_pb_row][\/et_pb_section]<\/p>\n","protected":false},"excerpt":{"rendered":"<p>AYUDAS PARA LA EJECUCI\u00d3NDEL PROGRAMA DE EMISI\u00d3NDE BONOS DIGITALES PARACOLECTIVOS VULNERABLESQU\u00c9 ES EL BONO DIGITAL?Se trata de una ayuda para la contrataci\u00f3n de nuevos servicios de internet fijo o de un aumento en la velocidad ya contratada consistente en una bonificaci\u00f3n mensual de 20 euros sobre el precio final (IVA incluido) de la factura emitida, [&hellip;]<\/p>\n","protected":false},"author":8,"featured_media":0,"parent":0,"menu_order":0,"comment_status":"closed","ping_status":"closed","template":"","meta":{"_et_pb_use_builder":"on","_et_pb_old_content":"","_et_gb_content_width":"","_mc_calendar":[],"footnotes":""},"wf_page_folders":[288],"class_list":["post-262359","page","type-page","status-publish","hentry"],"_links":{"self":[{"href":"https:\/\/museros.org\/inici\/wp-json\/wp\/v2\/pages\/262359","targetHints":{"allow":["GET"]}}],"collection":[{"href":"https:\/\/museros.org\/inici\/wp-json\/wp\/v2\/pages"}],"about":[{"href":"https:\/\/museros.org\/inici\/wp-json\/wp\/v2\/types\/page"}],"author":[{"embeddable":true,"href":"https:\/\/museros.org\/inici\/wp-json\/wp\/v2\/users\/8"}],"replies":[{"embeddable":true,"href":"https:\/\/museros.org\/inici\/wp-json\/wp\/v2\/comments?post=262359"}],"version-history":[{"count":3,"href":"https:\/\/museros.org\/inici\/wp-json\/wp\/v2\/pages\/262359\/revisions"}],"predecessor-version":[{"id":262370,"href":"https:\/\/museros.org\/inici\/wp-json\/wp\/v2\/pages\/262359\/revisions\/262370"}],"wp:attachment":[{"href":"https:\/\/museros.org\/inici\/wp-json\/wp\/v2\/media?parent=262359"}],"wp:term":[{"taxonomy":"wf_page_folders","embeddable":true,"href":"https:\/\/museros.org\/inici\/wp-json\/wp\/v2\/wf_page_folders?post=262359"}],"curies":[{"name":"wp","href":"https:\/\/api.w.org\/{rel}","templated":true}]}}

<p>[et_pb_section fb_built=»1&#8243; _builder_version=»4.18.0&#8243; _module_preset=»default» custom_margin=»0px||0px||false|false» locked=»off» global_colors_info=»{}»][et_pb_row column_structure=»1_4,3_4&#8243; _builder_version=»4.18.0&#8243; _module_preset=»default» custom_margin=»0px||0px||false|false» global_colors_info=»{}»][et_pb_column type=»1_4&#8243; _builder_version=»4.18.0&#8243; _module_preset=»default» global_colors_info=»{}»][et_pb_image src=»https://museros.org/wp-content/uploads/2021/06/logo-bienestar-cl-230&#215;180-1.jpg» title_text=»logo-bienestar-cl-230&#215;180&#8243; url=»https://museros.org/inici/es/area-de-bienestar-social/» _builder_version=»4.18.0&#8243; _module_preset=»default» global_colors_info=»{}»][/et_pb_image][/et_pb_column][et_pb_column type=»3_4&#8243; _builder_version=»4.18.0&#8243; _module_preset=»default» global_colors_info=»{}»][et_pb_text _builder_version=»4.18.0&#8243; _module_preset=»default» hover_enabled=»0&#8243; global_colors_info=»{}» sticky_enabled=»0&#8243;]</p>
<h1>AYUDAS PARA LA EJECUCIÓN<br />DEL PROGRAMA DE EMISIÓN<br />DE BONOS DIGITALES PARA<br />COLECTIVOS VULNERABLES</h1>
<p>[/et_pb_text][et_pb_image src=»https://museros.org/wp-content/uploads/2022/10/manos.jpg» title_text=»manos» _builder_version=»4.18.0&#8243; _module_preset=»default» global_colors_info=»{}»][/et_pb_image][et_pb_text _builder_version=»4.18.0&#8243; _module_preset=»default» global_colors_info=»{}»]</p>
<p>QUÉ ES EL BONO DIGITAL?<br />Se trata de una ayuda para la contratación de nuevos servicios de internet fijo o de un aumento en la velocidad ya contratada consistente en una bonificación mensual de 20 euros sobre el precio final (IVA incluido) de la factura emitida, hasta un máximo de 240 € a repartir en doce mensualidades.</p>
<p>QUIÉN PUEDE SOLICITARLO?<br />Cualquier persona que complica las siguientes condiciones:<br />a) Estar empadronadas en un municipio de la Comunidad Valenciana.<br />b) Que la vivienda en la cual se instalará la conexión sea la residencia habitual.<br />c) Que pertenezca a un colectivo vulnerable.</p>
<p>&#8211; Las personas titulares o beneficiarías de la Renta Valenciana de Inclusión, en cualquier de sus modalidades, en la fecha de la solicitud.<br />&#8211; Las personas titulares o beneficiarías de la prestación del Ingreso Mínimo Vital, en cualquier de sus modalidades, en la fecha de la solicitud.</p>
<p>QUE PLAZO TENGO PARA SOLICITARLO?<br />La solicitud del Bono Digital se podrá tramitar hasta el 15 de noviembre, inclusivamente.</p>
<p>[/et_pb_text][et_pb_divider color=»#E02B20&#8243; divider_weight=»4px» _builder_version=»4.18.0&#8243; _module_preset=»default» custom_margin=»40px||||false|false» global_colors_info=»{}»][/et_pb_divider][/et_pb_column][/et_pb_row][/et_pb_section]</p>

<p>AYUDAS PARA LA EJECUCIÓNDEL PROGRAMA DE EMISIÓNDE BONOS DIGITALES PARACOLECTIVOS VULNERABLESQUÉ ES EL BONO DIGITAL?Se trata de una ayuda para la contratación de nuevos servicios de internet fijo o de un aumento en la velocidad ya contratada consistente en una bonificación mensual de 20 euros sobre el precio final (IVA incluido) de la factura emitida, [&hellip;]</p>
