{"id":262354,"date":"2022-10-27T12:14:59","date_gmt":"2022-10-27T12:14:59","guid":{"rendered":"https:\/\/museros.org\/inici\/?page_id=262354"},"modified":"2022-10-27T12:14:59","modified_gmt":"2022-10-27T12:14:59","slug":"ajudes-digitals","status":"publish","type":"page","link":"https:\/\/museros.org\/inici\/ajudes-digitals\/","title":{"rendered":"Ajudes digitals"},"content":{"rendered":"<p>[et_pb_section fb_built=\u00bb1&#8243; theme_builder_area=\u00bbpost_content\u00bb _builder_version=\u00bb4.18.0&#8243; _module_preset=\u00bbdefault\u00bb custom_margin=\u00bb0px||0px||false|false\u00bb hover_enabled=\u00bb0&#8243; sticky_enabled=\u00bb0&#8243;][et_pb_row _builder_version=\u00bb4.18.0&#8243; _module_preset=\u00bbdefault\u00bb theme_builder_area=\u00bbpost_content\u00bb column_structure=\u00bb1_4,3_4&#8243; custom_margin=\u00bb0px||0px||false|false\u00bb hover_enabled=\u00bb0&#8243; sticky_enabled=\u00bb0&#8243;][et_pb_column _builder_version=\u00bb4.18.0&#8243; _module_preset=\u00bbdefault\u00bb type=\u00bb1_4&#8243; theme_builder_area=\u00bbpost_content\u00bb][et_pb_image src=\u00bbhttps:\/\/museros.org\/wp-content\/uploads\/2021\/08\/logo-benestar-cl-230&#215;180-1.jpg\u00bb _builder_version=\u00bb4.18.0&#8243; _module_preset=\u00bbdefault\u00bb theme_builder_area=\u00bbpost_content\u00bb title_text=\u00bblogo-benestar-cl-230&#215;180&#8243; url=\u00bbhttps:\/\/museros.org\/inici\/area-de-benestar-social\/\u00bb hover_enabled=\u00bb0&#8243; sticky_enabled=\u00bb0&#8243;][\/et_pb_image][\/et_pb_column][et_pb_column _builder_version=\u00bb4.18.0&#8243; _module_preset=\u00bbdefault\u00bb type=\u00bb3_4&#8243; theme_builder_area=\u00bbpost_content\u00bb][et_pb_text _builder_version=\u00bb4.18.0&#8243; _module_preset=\u00bbdefault\u00bb theme_builder_area=\u00bbpost_content\u00bb hover_enabled=\u00bb0&#8243; sticky_enabled=\u00bb0&#8243;]<\/p>\n<h1>AJUDES PER A L&#8217;EXECUCI\u00d3<br \/>DEL PROGRAMA D&#8217;EMISSI\u00d3<br \/>DE BONS DIGITALS PER A<br \/>COL\u00b7LECTIUS VULNERABLES<\/h1>\n<p>[\/et_pb_text][et_pb_image src=\u00bbhttps:\/\/museros.org\/wp-content\/uploads\/2022\/10\/manos.jpg\u00bb _builder_version=\u00bb4.18.0&#8243; _module_preset=\u00bbdefault\u00bb theme_builder_area=\u00bbpost_content\u00bb title_text=\u00bbmanos\u00bb hover_enabled=\u00bb0&#8243; sticky_enabled=\u00bb0&#8243;][\/et_pb_image][et_pb_text _builder_version=\u00bb4.18.0&#8243; _module_preset=\u00bbdefault\u00bb theme_builder_area=\u00bbpost_content\u00bb hover_enabled=\u00bb0&#8243; sticky_enabled=\u00bb0&#8243;]<\/p>\n<p>QU\u00c8 \u00c9S EL BO DIGITAL?<br \/>Es tracta d&#8217;una ajuda per a la contractaci\u00f3 de nous serveis d&#8217;internet fixa o d&#8217;un augment en la velocitat ja contractada consistent en una bonificaci\u00f3 mensual de 20 euros sobre el preu final (IVA incl\u00f2s) de la factura emesa, fins a un m\u00e0xim de 240 \u20ac a repartir en dotze mensualitats.<\/p>\n<p>QUI POT SOL\u00b7LICITAR-HO?<br \/>Qualsevol persona que complica les seg\u00fcents condicions:<br \/>a) Estar empadronades en un municipi de la Comunitat Valenciana.<br \/>b) Que l&#8217;habitatge en la qual s&#8217;instal\u00b7lar\u00e0 la connexi\u00f3 siga la residencia habitual.<br \/>c) Que pertanga a un col\u00b7lectiu vulnerable.<\/p>\n<p>&#8211; Les persones titulars o beneficiaries de la Renda Valenciana d&#8217;Inclusi\u00f3, en qualsevol de les seues modalitats, en la data de la sol\u00b7licitud.<br \/>&#8211; Les persones titulars o beneficiaries de la prestaci\u00f3 de l&#8217;Ingr\u00e9s M\u00ednim Vital, en qualsevol de les seues modalitats, en la data de la sol\u00b7licitud.<\/p>\n<p>QUE TERMINI TINC PER A SOL\u00b7LICITAR-HO?<br \/>La sol\u00b7licitud del Bo Digital es podr\u00e0 tramitar fins al 15 de novembre, inclusivament.<\/p>\n<p>[\/et_pb_text][et_pb_divider _builder_version=\u00bb4.18.0&#8243; _module_preset=\u00bbdefault\u00bb theme_builder_area=\u00bbpost_content\u00bb color=\u00bb#E02B20&#8243; divider_weight=\u00bb4px\u00bb hover_enabled=\u00bb0&#8243; sticky_enabled=\u00bb0&#8243; custom_margin=\u00bb40px||||false|false\u00bb][\/et_pb_divider][\/et_pb_column][\/et_pb_row][\/et_pb_section]<\/p>\n","protected":false},"excerpt":{"rendered":"<p>AJUDES PER A L&#8217;EXECUCI\u00d3DEL PROGRAMA D&#8217;EMISSI\u00d3DE BONS DIGITALS PER ACOL\u00b7LECTIUS VULNERABLESQU\u00c8 \u00c9S EL BO DIGITAL?Es tracta d&#8217;una ajuda per a la contractaci\u00f3 de nous serveis d&#8217;internet fixa o d&#8217;un augment en la velocitat ja contractada consistent en una bonificaci\u00f3 mensual de 20 euros sobre el preu final (IVA incl\u00f2s) de la factura emesa, fins a [&hellip;]<\/p>\n","protected":false},"author":8,"featured_media":0,"parent":0,"menu_order":0,"comment_status":"closed","ping_status":"closed","template":"","meta":{"_et_pb_use_builder":"on","_et_pb_old_content":"","_et_gb_content_width":"","_mc_calendar":[],"footnotes":""},"wf_page_folders":[288],"class_list":["post-262354","page","type-page","status-publish","hentry"],"_links":{"self":[{"href":"https:\/\/museros.org\/inici\/wp-json\/wp\/v2\/pages\/262354","targetHints":{"allow":["GET"]}}],"collection":[{"href":"https:\/\/museros.org\/inici\/wp-json\/wp\/v2\/pages"}],"about":[{"href":"https:\/\/museros.org\/inici\/wp-json\/wp\/v2\/types\/page"}],"author":[{"embeddable":true,"href":"https:\/\/museros.org\/inici\/wp-json\/wp\/v2\/users\/8"}],"replies":[{"embeddable":true,"href":"https:\/\/museros.org\/inici\/wp-json\/wp\/v2\/comments?post=262354"}],"version-history":[{"count":2,"href":"https:\/\/museros.org\/inici\/wp-json\/wp\/v2\/pages\/262354\/revisions"}],"predecessor-version":[{"id":262357,"href":"https:\/\/museros.org\/inici\/wp-json\/wp\/v2\/pages\/262354\/revisions\/262357"}],"wp:attachment":[{"href":"https:\/\/museros.org\/inici\/wp-json\/wp\/v2\/media?parent=262354"}],"wp:term":[{"taxonomy":"wf_page_folders","embeddable":true,"href":"https:\/\/museros.org\/inici\/wp-json\/wp\/v2\/wf_page_folders?post=262354"}],"curies":[{"name":"wp","href":"https:\/\/api.w.org\/{rel}","templated":true}]}}

<p>[et_pb_section fb_built=»1&#8243; theme_builder_area=»post_content» _builder_version=»4.18.0&#8243; _module_preset=»default» custom_margin=»0px||0px||false|false» hover_enabled=»0&#8243; sticky_enabled=»0&#8243;][et_pb_row _builder_version=»4.18.0&#8243; _module_preset=»default» theme_builder_area=»post_content» column_structure=»1_4,3_4&#8243; custom_margin=»0px||0px||false|false» hover_enabled=»0&#8243; sticky_enabled=»0&#8243;][et_pb_column _builder_version=»4.18.0&#8243; _module_preset=»default» type=»1_4&#8243; theme_builder_area=»post_content»][et_pb_image src=»https://museros.org/wp-content/uploads/2021/08/logo-benestar-cl-230&#215;180-1.jpg» _builder_version=»4.18.0&#8243; _module_preset=»default» theme_builder_area=»post_content» title_text=»logo-benestar-cl-230&#215;180&#8243; url=»https://museros.org/inici/area-de-benestar-social/» hover_enabled=»0&#8243; sticky_enabled=»0&#8243;][/et_pb_image][/et_pb_column][et_pb_column _builder_version=»4.18.0&#8243; _module_preset=»default» type=»3_4&#8243; theme_builder_area=»post_content»][et_pb_text _builder_version=»4.18.0&#8243; _module_preset=»default» theme_builder_area=»post_content» hover_enabled=»0&#8243; sticky_enabled=»0&#8243;]</p>
<h1>AJUDES PER A L&#8217;EXECUCIÓ<br />DEL PROGRAMA D&#8217;EMISSIÓ<br />DE BONS DIGITALS PER A<br />COL·LECTIUS VULNERABLES</h1>
<p>[/et_pb_text][et_pb_image src=»https://museros.org/wp-content/uploads/2022/10/manos.jpg» _builder_version=»4.18.0&#8243; _module_preset=»default» theme_builder_area=»post_content» title_text=»manos» hover_enabled=»0&#8243; sticky_enabled=»0&#8243;][/et_pb_image][et_pb_text _builder_version=»4.18.0&#8243; _module_preset=»default» theme_builder_area=»post_content» hover_enabled=»0&#8243; sticky_enabled=»0&#8243;]</p>
<p>QUÈ ÉS EL BO DIGITAL?<br />Es tracta d&#8217;una ajuda per a la contractació de nous serveis d&#8217;internet fixa o d&#8217;un augment en la velocitat ja contractada consistent en una bonificació mensual de 20 euros sobre el preu final (IVA inclòs) de la factura emesa, fins a un màxim de 240 € a repartir en dotze mensualitats.</p>
<p>QUI POT SOL·LICITAR-HO?<br />Qualsevol persona que complica les següents condicions:<br />a) Estar empadronades en un municipi de la Comunitat Valenciana.<br />b) Que l&#8217;habitatge en la qual s&#8217;instal·larà la connexió siga la residencia habitual.<br />c) Que pertanga a un col·lectiu vulnerable.</p>
<p>&#8211; Les persones titulars o beneficiaries de la Renda Valenciana d&#8217;Inclusió, en qualsevol de les seues modalitats, en la data de la sol·licitud.<br />&#8211; Les persones titulars o beneficiaries de la prestació de l&#8217;Ingrés Mínim Vital, en qualsevol de les seues modalitats, en la data de la sol·licitud.</p>
<p>QUE TERMINI TINC PER A SOL·LICITAR-HO?<br />La sol·licitud del Bo Digital es podrà tramitar fins al 15 de novembre, inclusivament.</p>
<p>[/et_pb_text][et_pb_divider _builder_version=»4.18.0&#8243; _module_preset=»default» theme_builder_area=»post_content» color=»#E02B20&#8243; divider_weight=»4px» hover_enabled=»0&#8243; sticky_enabled=»0&#8243; custom_margin=»40px||||false|false»][/et_pb_divider][/et_pb_column][/et_pb_row][/et_pb_section]</p>

<p>AJUDES PER A L&#8217;EXECUCIÓDEL PROGRAMA D&#8217;EMISSIÓDE BONS DIGITALS PER ACOL·LECTIUS VULNERABLESQUÈ ÉS EL BO DIGITAL?Es tracta d&#8217;una ajuda per a la contractació de nous serveis d&#8217;internet fixa o d&#8217;un augment en la velocitat ja contractada consistent en una bonificació mensual de 20 euros sobre el preu final (IVA inclòs) de la factura emesa, fins a [&hellip;]</p>
