{"id":261668,"date":"2022-09-13T14:33:03","date_gmt":"2022-09-13T14:33:03","guid":{"rendered":"https:\/\/museros.org\/inici\/?page_id=261668"},"modified":"2022-10-11T19:47:46","modified_gmt":"2022-10-11T19:47:46","slug":"curriculum-maria","status":"publish","type":"page","link":"https:\/\/museros.org\/inici\/es\/curriculum-maria\/","title":{"rendered":"Curr\u00edculum Mar\u00eda"},"content":{"rendered":"<p>[et_pb_section fb_built=\u00bb1&#8243; _builder_version=\u00bb4.16&#8243; _module_preset=\u00bbdefault\u00bb custom_margin=\u00bb0px||||false|false\u00bb custom_padding=\u00bb0px||||false|false\u00bb locked=\u00bboff\u00bb global_colors_info=\u00bb{}\u00bb][et_pb_row column_structure=\u00bb1_4,3_4&#8243; _builder_version=\u00bb4.16&#8243; _module_preset=\u00bbdefault\u00bb custom_margin=\u00bb0px||||false|false\u00bb custom_padding=\u00bb0px||||false|false\u00bb global_colors_info=\u00bb{}\u00bb][et_pb_column type=\u00bb1_4&#8243; _builder_version=\u00bb4.16&#8243; _module_preset=\u00bbdefault\u00bb global_colors_info=\u00bb{}\u00bb][et_pb_image src=\u00bbhttps:\/\/museros.org\/wp-content\/uploads\/2022\/09\/rostro-230&#215;471-1.jpg\u00bb title_text=\u00bbrostro-230&#215;471&#8243; url=\u00bbhttps:\/\/museros.org\/inici\/es\/creantdesde\/\u00bb use_overlay=\u00bbon\u00bb overlay_icon_color=\u00bb#E02B20&#8243; hover_overlay_color=\u00bbrgba(255,255,255,0.71)\u00bb hover_icon=\u00bb&#xe04d;||divi||400&#8243; src_tablet=\u00bb\u00bb src_phone=\u00bb\u00bb src_last_edited=\u00bbon|tablet\u00bb _builder_version=\u00bb4.18.0&#8243; _module_preset=\u00bbdefault\u00bb width=\u00bb100%\u00bb width_tablet=\u00bb30%\u00bb width_phone=\u00bb60%\u00bb width_last_edited=\u00bbon|tablet\u00bb global_colors_info=\u00bb{}\u00bb][\/et_pb_image][et_pb_button button_url=\u00bbhttps:\/\/www.youtube.com\/watch?v=Jfi_GL-k7dc\u00bb url_new_window=\u00bbon\u00bb button_text=\u00bbDOCUMENTAL\u00bb _builder_version=\u00bb4.18.0&#8243; _module_preset=\u00bbdefault\u00bb global_colors_info=\u00bb{}\u00bb][\/et_pb_button][et_pb_button button_url=\u00bbhttps:\/\/www.youtube.com\/watch?v=UhZyiB2_f5Q\u00bb button_text=\u00bbGALA\u00bb _builder_version=\u00bb4.18.0&#8243; _module_preset=\u00bbdefault\u00bb global_colors_info=\u00bb{}\u00bb][\/et_pb_button][et_pb_button button_text=\u00bbFOTOS\u00bb _builder_version=\u00bb4.18.0&#8243; _module_preset=\u00bbdefault\u00bb button_url=\u00bbhttps:\/\/museros.org\/inici\/es\/galeria-de-imagenes-maria\/\u00bb hover_enabled=\u00bb0&#8243; sticky_enabled=\u00bb0&#8243;][\/et_pb_button][\/et_pb_column][et_pb_column type=\u00bb3_4&#8243; _builder_version=\u00bb4.16&#8243; _module_preset=\u00bbdefault\u00bb global_colors_info=\u00bb{}\u00bb][et_pb_image src=\u00bbhttps:\/\/museros.org\/wp-content\/uploads\/2022\/09\/banner-cs-600&#215;266-2.jpg\u00bb title_text=\u00bbbanner-cs-600&#215;266&#8243; _builder_version=\u00bb4.18.0&#8243; _module_preset=\u00bbdefault\u00bb width=\u00bb40%\u00bb width_tablet=\u00bb51%\u00bb width_phone=\u00bb100%\u00bb width_last_edited=\u00bbon|phone\u00bb global_colors_info=\u00bb{}\u00bb][\/et_pb_image][et_pb_text _builder_version=\u00bb4.18.0&#8243; _module_preset=\u00bbdefault\u00bb global_colors_info=\u00bb{}\u00bb]<\/p>\n<p>Psic\u00f3loga y pedagoga por la Universitat de Val\u00e8ncia, se forma como actriz en la Escuela de Artes Esc\u00e9nicas donde profundiza en la disciplina del payaso y en la mediaci\u00f3n art\u00edstica desde el teatro.<\/p>\n<p>Desde 1984, se dedica profesionalmente al mundo del teatro, como actriz, pedagoga teatral, directora, autora, gestora y payasa, y es miembro cofundadora de las compa\u00f1\u00edas Falaguera, Teatre Exc\u00e8ntric y La Mar Sal\u00e0.<\/p>\n<p>Desarrolla, junto con Carmen Rubio, <em>Coloclown<\/em>, espect\u00e1culo de improvisaci\u00f3n para la intervenci\u00f3n teatral desde la perspectiva de la identificaci\u00f3n y mediaci\u00f3n de conflictos, y colabora con la Fundaci\u00f3 Pau i Solidaritat en campa\u00f1as de sensibilizaci\u00f3n sobre la cooperaci\u00f3n en varios centros educativos desde el \u00e1mbito de la mediaci\u00f3n art\u00edstica.<\/p>\n<p>Colabora en tareas de direcci\u00f3n esc\u00e9nica con diferentes compa\u00f1\u00edas como el Circ Gran Fele, Dosificats Teatre y Melomans<em>,<\/em> y como responsable de la coordinaci\u00f3n interna, programaci\u00f3n y secretar\u00eda de la Mostra Internacional de Pallassos, de Xirivella, durante doce ediciones.<\/p>\n<p>Lleva a cabo una serie de colaboraciones con entidades y organizaciones diversas en el dise\u00f1o, la coordinaci\u00f3n y la realizaci\u00f3n de jornadas y acontecimientos relacionados con el \u00e1mbito de las artes esc\u00e9nicas, como Jornadas Nacionales de Circo, organizadas desde el INAEM, y \u201cL&#8217;espai de l&#8217;art en \u00e0mbits educatius, socials i de salut\u201d, en la Facultad de Bellas Artes de la Universidad Polit\u00e9cnica de Valencia, en 2011.<\/p>\n<p>Como pedagoga teatral y mediadora art\u00edstica desde el teatro, imparte clases de teatro en varias escuelas municipales valencianas (Xirivella, Manises, Alboraia\u2026); en varias campa\u00f1as de la Excma. Diputaci\u00f3n Provincial de Valencia y de la Conseller\u00eda de Cultura y Educaci\u00f3n, y en varios centros escolares (Escola La Masia) y casas de cultura (Massamagrell, Museros, Foios&#8230;).<\/p>\n<p>Es profesora en el Centro de Formaci\u00f3n Actoral Escalante de las asignaturas de Historia del Teatro, Juego Dram\u00e1tico y Dramatizaci\u00f3n, desde hace 15 a\u00f1os, y en las \u00e1reas 9 y 11 de Salud Mental de la Comunidad Valenciana, con pacientes cr\u00f3nicos de Salud Mental.<\/p>\n<p>Coordinadora de la Escuela Municipal de Teatro de Quart de Poblet desde el a\u00f1o 2010 hasta el 2021, donde ha puesto en marcha varios talleres anuales de teatro, como por ejemplo uno de inclusi\u00f3n y otro de teatro comunitario y propuestas de creaci\u00f3n e intercambio intergeneracional.<\/p>\n<p>Como mediadora art\u00edstica ha colaborado en la Fundaci\u00f3n Yehudi Menuhin Espa\u00f1a en el programa Mus-E, desde el a\u00f1o 2000, y tambi\u00e9n, desde la mediaci\u00f3n art\u00edstica para la inclusi\u00f3n social, en diferentes escuelas de la Comunidad Valenciana en barrios de atenci\u00f3n preferente y en riesgo de exclusi\u00f3n. Actualmente, trabaja en el Centro Caes Antonio Ferrandis, del barrio de la Coma, en Paterna.<\/p>\n<p>Tambi\u00e9n ejerce como mediadora desde el teatro en el programa Educar-te y en el programa ARCE (Agrupaciones y Redes de Centros Educativos), desde la perspectiva de la integraci\u00f3n social mediante el arte. Hoy en d\u00eda, colabora en este sentido con el CEIP Fernando de los R\u00edos de Burjassot.<\/p>\n<p>Formadora de formadores en el Centro de Formaci\u00f3n, Innovaci\u00f3n y Recursos para el Profesorado, Cefire; en diferentes escuelas de verano de formaci\u00f3n profesional, y en universidades, como por ejemplo en la Universitat Rovira i Virgili de Tarragona; al FEAPS Castilla y Le\u00f3n (Confederaci\u00f3n Espa\u00f1ola de Organizaciones en favor de las Personas con Discapacidad Intelectual o del Desarrollo), y en la Universitat d&#8217;Estiu de Lleida.<\/p>\n<p>Formadora en la especialidad de payaso en varios espacios y escuelas en el Pa\u00eds Vasco, Navarra, Catalu\u00f1a y Comunidad Valenciana.<\/p>\n<p>Profesora y miembro del equipo pedag\u00f3gico creador del M\u00e1ster en Arteterapia de la Facultad de Bellas Artes de la Universidad Polit\u00e9cnica de Valencia, desde su creaci\u00f3n en 2012, y responsable de los \u00e1mbitos de mediaci\u00f3n y proyectos, y en el cual coorganiza las jornadas anuales de educaci\u00f3n y arteterapia organizadas con la colaboraci\u00f3n del Centro Cultural de Carme, y tambi\u00e9n, los ciclos de Arteterapia en verano.<\/p>\n<p>Miembro fundadora de El Chafl\u00e1n, espacio de creaci\u00f3n, y de Idecart, Instituto para la Creaci\u00f3n, Investigaci\u00f3n y Desarrollo de la Arteterapia.<\/p>\n<p>Es miembro de Payasos Sin Fronteras Espa\u00f1a desde su creaci\u00f3n en 1993 y colabora con esta organizaci\u00f3n de manera voluntaria, de la cual ha sido la presidenta desde abril de 2004 hasta el a\u00f1o 2009, y vicepresidenta hasta el 2012.<\/p>\n<p>Miembro del Consejo Asesor Nacional de Circo del Inaem, del 2006 al 2015, y vocal en calidad de experta en el Consejo Estatal de las Artes Esc\u00e9nicas, y miembro del Consejo Art\u00edstico de Circo del Inaem del 2006 al 2016.<\/p>\n<p>Ha recibido la Medalla de Oro al M\u00e9rito en las Bellas artes Premio 2008, modalidad de circo, concedida por el Ministerio de Cultura de Espa\u00f1a a aquellas personas o instituciones que destacan en los campos literario, dram\u00e1tico, musical, coreogr\u00e1fico, de interpretaci\u00f3n, etc. siempre que hayan destacado en el campo de la creaci\u00f3n art\u00edstica y cultural o hayan prestado notorios servicios al fomento, desarrollo o difusi\u00f3n del arte y la cultura o a la conservaci\u00f3n del patrimonio art\u00edstico.<\/p>\n<p>Responsable de las \u00e1reas de Arts al Carrer y de Narraci\u00f3n Oral, en la Trobada Mostra Viva del Mediterrani desde su creaci\u00f3n en el a\u00f1o 2012. Y desde abril de 2019, es la presidenta de la Associaci\u00f3 Mostra Viva del Mediterrani.<\/p>\n<p>Presidenta de la Associaci\u00f3 de Professionals del Circ de la Comunitat Valenciana desde febrero de 2019, actualmente vicepresidenta.<\/p>\n<p>Vicepresidenta de la Junta Directiva de Circored, Federaci\u00f3n Estatal de Asociaciones Profesionales de Circo de Espa\u00f1a.<\/p>\n<p>Forma parte del grupo de diez expertos designado por el Ministerio de Asuntos Exteriores de Espa\u00f1a para participar como experta en el \u00e1mbito cultural en Le Sommet de deux Rives, cumbre de las dos riberas del Mediterr\u00e1neo, promovida por el gobierno franc\u00e9s y organizada conjuntamente por los diez pa\u00edses del mediterr\u00e1neo occidental. Participa en los foros de Montpellier, T\u00fanez y Marsella, a lo largo de mayo y junio de 2019, y Par\u00eds, en febrero de 2020.<\/p>\n<p>Participa como ponente en varias jornadas, cursos, mesas redondas, etc.:<br \/>\u2022 \u201cLa Educaci\u00f3n Infantil de Asociaci\u00f3n Nacional de Escuelas Infantiles de Espa\u00f1a\u201d, Adeit, 2004.<br \/>\u2022 Primeras Jornadas de Humor sobre Humor y Sociedad, de la Universidad de L\u00e9rida, abril de 2005.<br \/>\u2022 Jornadas de Salud Integral de la Universidad de Tarragona.<br \/>\u2022 Jornadas El Amor y la Muerte, Sociedad Espa\u00f1ola e Internacional de Tanatologia, 2005.<br \/>\u2022 Cursos de Verano de la UNED en \u00c1vila.<br \/>\u2022 Curso de Verano de la Universidad Sek de Segovia, 2006.<br \/>\u2022 Universidad de Verano de L\u00e9rida, 2007.<br \/>\u2022 Jornadas sobre el amor y la muerte: una mirada interdisciplinaria, CPR de Cuenca, 2008.<br \/>\u2022 Jornadas de Teatro y Salud Mental, organizadas por Forn de Teatre, Barcelona, 2009.<br \/>\u2022 Jornadas Nacionales, Assitej, 2010.<br \/>\u2022 Experta en la mesa de debate \u201cRetribuci\u00f3n Emocional en el Mundo Laboral\u201d, Mediterr\u00e1neo Consultores, 2010.<br \/>\u2022 Jornadas de Arte y Salud, Facultad de Bellas Artes, Valencia, 2011.<br \/>\u2022 Profesora en el seminario La mirada del humor en salud mental, curso Arte y salud: la creaci\u00f3n acompa\u00f1ada como proceso terap\u00e9utico, Facultad de Bellas Artes, abril de 2012.<br \/>\u2022 Colaboradora en la Fundaci\u00f3n Cuadernos Rubio, como tallerista en las Jornadas Arteterapia y Educaci\u00f3n, Universidad Polit\u00e9cnica de Valencia, mayo de 2014.<br \/>\u2022 \u201cBuenas pr\u00e1cticas en el circo\u201d, Jornada Noche de Circo y Mujeres en el Circo, Associaci\u00f3 de Professionals de Circ de la Comunitat Valenciana e Institut Valenci\u00e0 de Cultura, noviembre de 2017 y 2018.<\/p>\n<p>Entre los art\u00edculos publicados, y las colaboraciones con varias revistas, destacan:<br \/>\u2022 \u201cEl cuerpo, lugar de expresi\u00f3n\u201d, cat\u00e1logo de la XII Mostra Internacional de Mim de Sueca, septiembre de 2001.<br \/>\u2022 \u201cSer payaso@\u201d y \u201cSer payasa: la mirada diferente\u201d. <em>Payasos: una mirada humana del mundo<\/em>, libro publicado en la Mostra Internacional de Pallass@s de Xirivella, noviembre de 2004.<br \/>\u2022 \u201cR\u00e9flexions autour de la P\u00e9dagogie (Avec Payasos Sin Fronteras au Salvador)\u201d. Revista <em>Culture Clown,<\/em> n.\u00ba 9, marzo de 2005.<br \/>\u2022 \u201cVivre l&#8217;aventure du clown au coeur de la r\u00e9alit\u00e9 sociale\u201d. <em>Culture Clown<\/em>, n.\u00ba 10, octubre de 2005.<br \/>\u2022 \u201c<em>Coloclown<\/em>: radiograf\u00eda del mundo laboral desde el humor\u201d. Primeras Jornadas de Humor y Sociedad de la Universidad de L\u00e9rida.<br \/>\u2022 \u201cAmor y humor: la sonrisa ante la muerte\u201d. III Jornadas sobre el Amor y la Muerte, Infancia y Adolescencia, Asociaci\u00f3n Espa\u00f1ola e Internacional de Tanatolog\u00eda, octubre de 2005.<br \/>\u2022 \u201cLa risa\u201d, en Risas y humor. Payasos Sin Fronteras y Fundaci\u00f3n Inocente, con la colaboraci\u00f3n de la Diputaci\u00f3n de L\u00e9rida, abril de 2006.<br \/>\u2022 \u201cLa mirada y la escucha en co-creaci\u00f3n. El humor como herramienta\u201d y \u201cEl personaje, el otro y yo: di\u00e1logo desde la empat\u00eda\u201d. Ministerio de Educaci\u00f3n y Ciencia, colecci\u00f3n \u201cAulas de Verano\u201d.<br \/>\u2022 \u201cEl buit per omplir: itineraris d&#8217;una pallassa\u201d. <em>La rialla \u00e9s el cam\u00ed m\u00e9s<\/em><br \/><em>curt entre la teua i nosaltres<\/em>, Xirivella, noviembre de 2018.<br \/>\u2022 Colabora con varias revistas y publicaciones como <em>Eq\u2019iliqu\u00e0<\/em> de l&#8217;Assosciaci\u00f3 d&#8217;Actors i Actrius Professionals Valencians; Red Esc\u00e9nica, revista especializada en las artes esc\u00e9nicas; <em>Escena Valenciana<\/em> (Esceval) del Centre de Documentaci\u00f3 Esc\u00e8nica de l&#8217;Institut Valenci\u00e0 de Cultura.<\/p>\n<p>[\/et_pb_text][\/et_pb_column][\/et_pb_row][et_pb_row _builder_version=\u00bb4.16&#8243; _module_preset=\u00bbdefault\u00bb global_colors_info=\u00bb{}\u00bb][et_pb_column type=\u00bb4_4&#8243; _builder_version=\u00bb4.16&#8243; _module_preset=\u00bbdefault\u00bb global_colors_info=\u00bb{}\u00bb][et_pb_divider color=\u00bb#E02B20&#8243; divider_weight=\u00bb4px\u00bb _builder_version=\u00bb4.16&#8243; _module_preset=\u00bbdefault\u00bb global_colors_info=\u00bb{}\u00bb][\/et_pb_divider][\/et_pb_column][\/et_pb_row][\/et_pb_section]<\/p>\n","protected":false},"excerpt":{"rendered":"<p>Psic\u00f3loga y pedagoga por la Universitat de Val\u00e8ncia, se forma como actriz en la Escuela de Artes Esc\u00e9nicas donde profundiza en la disciplina del payaso y en la mediaci\u00f3n art\u00edstica desde el teatro. Desde 1984, se dedica profesionalmente al mundo del teatro, como actriz, pedagoga teatral, directora, autora, gestora y payasa, y es miembro cofundadora [&hellip;]<\/p>\n","protected":false},"author":8,"featured_media":0,"parent":0,"menu_order":0,"comment_status":"closed","ping_status":"closed","template":"","meta":{"_et_pb_use_builder":"on","_et_pb_old_content":"","_et_gb_content_width":"","_mc_calendar":[],"footnotes":""},"wf_page_folders":[1384],"class_list":["post-261668","page","type-page","status-publish","hentry"],"_links":{"self":[{"href":"https:\/\/museros.org\/inici\/wp-json\/wp\/v2\/pages\/261668","targetHints":{"allow":["GET"]}}],"collection":[{"href":"https:\/\/museros.org\/inici\/wp-json\/wp\/v2\/pages"}],"about":[{"href":"https:\/\/museros.org\/inici\/wp-json\/wp\/v2\/types\/page"}],"author":[{"embeddable":true,"href":"https:\/\/museros.org\/inici\/wp-json\/wp\/v2\/users\/8"}],"replies":[{"embeddable":true,"href":"https:\/\/museros.org\/inici\/wp-json\/wp\/v2\/comments?post=261668"}],"version-history":[{"count":16,"href":"https:\/\/museros.org\/inici\/wp-json\/wp\/v2\/pages\/261668\/revisions"}],"predecessor-version":[{"id":262154,"href":"https:\/\/museros.org\/inici\/wp-json\/wp\/v2\/pages\/261668\/revisions\/262154"}],"wp:attachment":[{"href":"https:\/\/museros.org\/inici\/wp-json\/wp\/v2\/media?parent=261668"}],"wp:term":[{"taxonomy":"wf_page_folders","embeddable":true,"href":"https:\/\/museros.org\/inici\/wp-json\/wp\/v2\/wf_page_folders?post=261668"}],"curies":[{"name":"wp","href":"https:\/\/api.w.org\/{rel}","templated":true}]}}