{"id":260758,"date":"2022-07-04T14:34:31","date_gmt":"2022-07-04T14:34:31","guid":{"rendered":"https:\/\/museros.org\/inici\/?page_id=260758"},"modified":"2025-06-04T04:25:59","modified_gmt":"2025-06-04T04:25:59","slug":"campeonato-de-frontenis-2022","status":"publish","type":"page","link":"https:\/\/museros.org\/inici\/es\/campeonato-de-frontenis-2022\/","title":{"rendered":"Campeonato de frontenis 2022"},"content":{"rendered":"<p>[et_pb_section fb_built=\u00bb1&#8243; _builder_version=\u00bb4.16&#8243; _module_preset=\u00bbdefault\u00bb custom_padding=\u00bb0px||||false|false\u00bb locked=\u00bboff\u00bb global_colors_info=\u00bb{}\u00bb][et_pb_row column_structure=\u00bb1_4,3_4&#8243; _builder_version=\u00bb4.16&#8243; _module_preset=\u00bbdefault\u00bb custom_padding=\u00bb0px||||false|false\u00bb global_colors_info=\u00bb{}\u00bb][et_pb_column type=\u00bb1_4&#8243; _builder_version=\u00bb4.16&#8243; _module_preset=\u00bbdefault\u00bb global_colors_info=\u00bb{}\u00bb][et_pb_image src=\u00bbhttps:\/\/museros.org\/wp-content\/uploads\/2021\/06\/logo-deportes-cl-230&#215;180-1.jpg\u00bb title_text=\u00bblogo-deportes-cl-230&#215;180&#8243; url=\u00bbhttps:\/\/museros.org\/inici\/es\/area-de-deportes\/\u00bb use_overlay=\u00bbon\u00bb overlay_icon_color=\u00bb#E02B20&#8243; hover_overlay_color=\u00bbrgba(255,255,255,0.71)\u00bb hover_icon=\u00bb&#xe04d;||divi||400&#8243; show_bottom_space=\u00bboff\u00bb align=\u00bbcenter\u00bb _builder_version=\u00bb4.27.4&#8243; _module_preset=\u00bbdefault\u00bb hover_enabled=\u00bb0&#8243; locked=\u00bboff\u00bb global_colors_info=\u00bb{}\u00bb sticky_enabled=\u00bb0&#8243;][\/et_pb_image][\/et_pb_column][et_pb_column type=\u00bb3_4&#8243; _builder_version=\u00bb4.16&#8243; _module_preset=\u00bbdefault\u00bb global_colors_info=\u00bb{}\u00bb][et_pb_image src=\u00bbhttps:\/\/museros.org\/wp-content\/uploads\/2022\/07\/fronton-800&#215;520-1.jpg\u00bb title_text=\u00bbfronton-800&#215;520&#8243; _builder_version=\u00bb4.17.4&#8243; _module_preset=\u00bbdefault\u00bb global_colors_info=\u00bb{}\u00bb][\/et_pb_image][et_pb_text _builder_version=\u00bb4.17.4&#8243; _module_preset=\u00bbdefault\u00bb custom_padding=\u00bb2px|||||\u00bb global_colors_info=\u00bb{}\u00bb]<\/p>\n<h2>CAMPEONATO DE FRONTENIS<\/h2>\n<h4>Del 4 al 18 de julio, en el front\u00f3n municipal.<\/h4>\n<p>Campeonato de Frontenis por parejas en dos categor\u00edas: infantil y amateur.<\/p>\n<p>Del 4 al 13 de julio, a partir de las 18.30 h, se disputar\u00e1n las partidas correspondientes a la fase de grupos.<\/p>\n<p>Lunes 18 de julio, a partir de las 18.30 h, se disputar\u00e1n las finales de las dos categor\u00edas. A continuaci\u00f3n, se har\u00e1 la entrega de trofeos.<\/p>\n<p>&nbsp;<\/p>\n<p>[\/et_pb_text][\/et_pb_column][\/et_pb_row][et_pb_row _builder_version=\u00bb4.16&#8243; _module_preset=\u00bbdefault\u00bb custom_margin=\u00bb0px||||false|false\u00bb custom_padding=\u00bb0px||||false|false\u00bb global_colors_info=\u00bb{}\u00bb][et_pb_column type=\u00bb4_4&#8243; _builder_version=\u00bb4.16&#8243; _module_preset=\u00bbdefault\u00bb global_colors_info=\u00bb{}\u00bb][et_pb_divider color=\u00bb#E02B20&#8243; divider_weight=\u00bb4px\u00bb _builder_version=\u00bb4.16&#8243; _module_preset=\u00bbdefault\u00bb custom_margin=\u00bb40px||||false|false\u00bb global_colors_info=\u00bb{}\u00bb][\/et_pb_divider][\/et_pb_column][\/et_pb_row][\/et_pb_section]<\/p>\n","protected":false},"excerpt":{"rendered":"<p>CAMPEONATO DE FRONTENIS Del 4 al 18 de julio, en el front\u00f3n municipal. Campeonato de Frontenis por parejas en dos categor\u00edas: infantil y amateur. Del 4 al 13 de julio, a partir de las 18.30 h, se disputar\u00e1n las partidas correspondientes a la fase de grupos. Lunes 18 de julio, a partir de las 18.30 [&hellip;]<\/p>\n","protected":false},"author":8,"featured_media":0,"parent":0,"menu_order":0,"comment_status":"closed","ping_status":"closed","template":"","meta":{"_et_pb_use_builder":"on","_et_pb_old_content":"","_et_gb_content_width":"","_mc_calendar":[],"footnotes":""},"wf_page_folders":[297],"class_list":["post-260758","page","type-page","status-publish","hentry"],"_links":{"self":[{"href":"https:\/\/museros.org\/inici\/wp-json\/wp\/v2\/pages\/260758","targetHints":{"allow":["GET"]}}],"collection":[{"href":"https:\/\/museros.org\/inici\/wp-json\/wp\/v2\/pages"}],"about":[{"href":"https:\/\/museros.org\/inici\/wp-json\/wp\/v2\/types\/page"}],"author":[{"embeddable":true,"href":"https:\/\/museros.org\/inici\/wp-json\/wp\/v2\/users\/8"}],"replies":[{"embeddable":true,"href":"https:\/\/museros.org\/inici\/wp-json\/wp\/v2\/comments?post=260758"}],"version-history":[{"count":6,"href":"https:\/\/museros.org\/inici\/wp-json\/wp\/v2\/pages\/260758\/revisions"}],"predecessor-version":[{"id":275177,"href":"https:\/\/museros.org\/inici\/wp-json\/wp\/v2\/pages\/260758\/revisions\/275177"}],"wp:attachment":[{"href":"https:\/\/museros.org\/inici\/wp-json\/wp\/v2\/media?parent=260758"}],"wp:term":[{"taxonomy":"wf_page_folders","embeddable":true,"href":"https:\/\/museros.org\/inici\/wp-json\/wp\/v2\/wf_page_folders?post=260758"}],"curies":[{"name":"wp","href":"https:\/\/api.w.org\/{rel}","templated":true}]}}

<p>[et_pb_section fb_built=»1&#8243; _builder_version=»4.16&#8243; _module_preset=»default» custom_padding=»0px||||false|false» locked=»off» global_colors_info=»{}»][et_pb_row column_structure=»1_4,3_4&#8243; _builder_version=»4.16&#8243; _module_preset=»default» custom_padding=»0px||||false|false» global_colors_info=»{}»][et_pb_column type=»1_4&#8243; _builder_version=»4.16&#8243; _module_preset=»default» global_colors_info=»{}»][et_pb_image src=»https://museros.org/wp-content/uploads/2021/06/logo-deportes-cl-230&#215;180-1.jpg» title_text=»logo-deportes-cl-230&#215;180&#8243; url=»https://museros.org/inici/es/area-de-deportes/» use_overlay=»on» overlay_icon_color=»#E02B20&#8243; hover_overlay_color=»rgba(255,255,255,0.71)» hover_icon=»&#xe04d;||divi||400&#8243; show_bottom_space=»off» align=»center» _builder_version=»4.27.4&#8243; _module_preset=»default» hover_enabled=»0&#8243; locked=»off» global_colors_info=»{}» sticky_enabled=»0&#8243;][/et_pb_image][/et_pb_column][et_pb_column type=»3_4&#8243; _builder_version=»4.16&#8243; _module_preset=»default» global_colors_info=»{}»][et_pb_image src=»https://museros.org/wp-content/uploads/2022/07/fronton-800&#215;520-1.jpg» title_text=»fronton-800&#215;520&#8243; _builder_version=»4.17.4&#8243; _module_preset=»default» global_colors_info=»{}»][/et_pb_image][et_pb_text _builder_version=»4.17.4&#8243; _module_preset=»default» custom_padding=»2px|||||» global_colors_info=»{}»]</p>
<h2>CAMPEONATO DE FRONTENIS</h2>
<h4>Del 4 al 18 de julio, en el frontón municipal.</h4>
<p>Campeonato de Frontenis por parejas en dos categorías: infantil y amateur.</p>
<p>Del 4 al 13 de julio, a partir de las 18.30 h, se disputarán las partidas correspondientes a la fase de grupos.</p>
<p>Lunes 18 de julio, a partir de las 18.30 h, se disputarán las finales de las dos categorías. A continuación, se hará la entrega de trofeos.</p>
<p>&nbsp;</p>
<p>[/et_pb_text][/et_pb_column][/et_pb_row][et_pb_row _builder_version=»4.16&#8243; _module_preset=»default» custom_margin=»0px||||false|false» custom_padding=»0px||||false|false» global_colors_info=»{}»][et_pb_column type=»4_4&#8243; _builder_version=»4.16&#8243; _module_preset=»default» global_colors_info=»{}»][et_pb_divider color=»#E02B20&#8243; divider_weight=»4px» _builder_version=»4.16&#8243; _module_preset=»default» custom_margin=»40px||||false|false» global_colors_info=»{}»][/et_pb_divider][/et_pb_column][/et_pb_row][/et_pb_section]</p>

<p>CAMPEONATO DE FRONTENIS Del 4 al 18 de julio, en el frontón municipal. Campeonato de Frontenis por parejas en dos categorías: infantil y amateur. Del 4 al 13 de julio, a partir de las 18.30 h, se disputarán las partidas correspondientes a la fase de grupos. Lunes 18 de julio, a partir de las 18.30 [&hellip;]</p>
