{"id":260470,"date":"2022-06-21T20:25:50","date_gmt":"2022-06-21T20:25:50","guid":{"rendered":"https:\/\/museros.org\/inici\/?page_id=260470"},"modified":"2025-04-25T16:36:10","modified_gmt":"2025-04-25T16:36:10","slug":"pintura-mural-a-lhorta","status":"publish","type":"page","link":"https:\/\/museros.org\/inici\/pintura-mural-a-lhorta\/","title":{"rendered":"Pintura mural a l&#8217;horta"},"content":{"rendered":"<p>[et_pb_section fb_built=\u00bb1&#8243; _builder_version=\u00bb4.16&#8243; _module_preset=\u00bbdefault\u00bb custom_padding=\u00bb0px||||false|false\u00bb locked=\u00bboff\u00bb global_colors_info=\u00bb{}\u00bb][et_pb_row column_structure=\u00bb1_4,3_4&#8243; _builder_version=\u00bb4.16&#8243; _module_preset=\u00bbdefault\u00bb custom_margin=\u00bb0px||0px||true|false\u00bb custom_padding=\u00bb0px||0px||false|false\u00bb global_colors_info=\u00bb{}\u00bb][et_pb_column type=\u00bb1_4&#8243; _builder_version=\u00bb4.16&#8243; _module_preset=\u00bbdefault\u00bb global_colors_info=\u00bb{}\u00bb][et_pb_image src=\u00bbhttps:\/\/museros.org\/wp-content\/uploads\/2023\/07\/logo-transicio-cl-230&#215;180-1.jpg\u00bb title_text=\u00bblogo-transicio-cl-230&#215;180&#8243; url=\u00bbhttps:\/\/museros.org\/inici\/area-de-transicio-ecologica\/\u00bb use_overlay=\u00bbon\u00bb overlay_icon_color=\u00bb#E02B20&#8243; hover_overlay_color=\u00bbrgba(255,255,255,0.71)\u00bb hover_icon=\u00bb&#xe04d;||divi||400&#8243; _builder_version=\u00bb4.27.4&#8243; _module_preset=\u00bbdefault\u00bb global_colors_info=\u00bb{}\u00bb locked=\u00bboff\u00bb][\/et_pb_image][\/et_pb_column][et_pb_column type=\u00bb3_4&#8243; _builder_version=\u00bb4.16&#8243; _module_preset=\u00bbdefault\u00bb global_colors_info=\u00bb{}\u00bb][et_pb_gallery gallery_ids=\u00bb260481,260478,260479,260476,260474,260473&#8243; fullwidth=\u00bbon\u00bb _builder_version=\u00bb4.17.4&#8243; _module_preset=\u00bbdefault\u00bb global_colors_info=\u00bb{}\u00bb][\/et_pb_gallery][et_pb_text _builder_version=\u00bb4.17.4&#8243; _module_preset=\u00bbdefault\u00bb custom_margin=\u00bb40px||||false|false\u00bb global_colors_info=\u00bb{}\u00bb]<\/p>\n<h1>Campanya de pintura mural a l&#8217;horta de Museros<\/h1>\n<p>Des de la Regidoria de Medi Ambient i Agricultura i la Regidoria de Cultura i Promoci\u00f3 Ling\u00fc\u00edstica, volem anunciar que el mural que es pintava al Pont de Vigues, situat a l&#8217;horta de Museros, a la partida de la Huitena, ja est\u00e0 finalitzat.<\/p>\n<p>L&#8217;artista Pedro Mecinas ha pintat les seg\u00fcents aus que s\u00f3n f\u00e0cils d&#8217;observar per la zona de l&#8217;horta: xoriguer com\u00fa, puput, torlit com\u00fa, oreneta, blavet, cuereta groga, mussol com\u00fa i tallarol de casquet. Tamb\u00e9 trobareu una papallona i una marieta.<\/p>\n<p>Amb aquest mural, es pret\u00e9n donar m\u00e9s visibilitat i coneixement de la fauna del nostre entorn i, al mateix temps, conscienciar la poblaci\u00f3 de la import\u00e0ncia de respectar l&#8217;horta i tot el que l&#8217;envolta, de la m\u00e0 de l&#8217;art urb\u00e0.<\/p>\n<p>&nbsp;<\/p>\n<p>[\/et_pb_text][\/et_pb_column][\/et_pb_row][et_pb_row _builder_version=\u00bb4.16&#8243; _module_preset=\u00bbdefault\u00bb locked=\u00bboff\u00bb global_colors_info=\u00bb{}\u00bb][et_pb_column type=\u00bb4_4&#8243; _builder_version=\u00bb4.16&#8243; _module_preset=\u00bbdefault\u00bb global_colors_info=\u00bb{}\u00bb][et_pb_divider color=\u00bb#cc0000&#8243; divider_weight=\u00bb4px\u00bb _builder_version=\u00bb4.16&#8243; _module_preset=\u00bbdefault\u00bb global_colors_info=\u00bb{}\u00bb][\/et_pb_divider][\/et_pb_column][\/et_pb_row][\/et_pb_section]<\/p>\n","protected":false},"excerpt":{"rendered":"<p>Campanya de pintura mural a l&#8217;horta de Museros Des de la Regidoria de Medi Ambient i Agricultura i la Regidoria de Cultura i Promoci\u00f3 Ling\u00fc\u00edstica, volem anunciar que el mural que es pintava al Pont de Vigues, situat a l&#8217;horta de Museros, a la partida de la Huitena, ja est\u00e0 finalitzat. L&#8217;artista Pedro Mecinas ha [&hellip;]<\/p>\n","protected":false},"author":8,"featured_media":0,"parent":0,"menu_order":0,"comment_status":"closed","ping_status":"closed","template":"","meta":{"_et_pb_use_builder":"on","_et_pb_old_content":"","_et_gb_content_width":"","_mc_calendar":[],"footnotes":""},"wf_page_folders":[299],"class_list":["post-260470","page","type-page","status-publish","hentry"],"_links":{"self":[{"href":"https:\/\/museros.org\/inici\/wp-json\/wp\/v2\/pages\/260470","targetHints":{"allow":["GET"]}}],"collection":[{"href":"https:\/\/museros.org\/inici\/wp-json\/wp\/v2\/pages"}],"about":[{"href":"https:\/\/museros.org\/inici\/wp-json\/wp\/v2\/types\/page"}],"author":[{"embeddable":true,"href":"https:\/\/museros.org\/inici\/wp-json\/wp\/v2\/users\/8"}],"replies":[{"embeddable":true,"href":"https:\/\/museros.org\/inici\/wp-json\/wp\/v2\/comments?post=260470"}],"version-history":[{"count":10,"href":"https:\/\/museros.org\/inici\/wp-json\/wp\/v2\/pages\/260470\/revisions"}],"predecessor-version":[{"id":273880,"href":"https:\/\/museros.org\/inici\/wp-json\/wp\/v2\/pages\/260470\/revisions\/273880"}],"wp:attachment":[{"href":"https:\/\/museros.org\/inici\/wp-json\/wp\/v2\/media?parent=260470"}],"wp:term":[{"taxonomy":"wf_page_folders","embeddable":true,"href":"https:\/\/museros.org\/inici\/wp-json\/wp\/v2\/wf_page_folders?post=260470"}],"curies":[{"name":"wp","href":"https:\/\/api.w.org\/{rel}","templated":true}]}}

<p>[et_pb_section fb_built=»1&#8243; _builder_version=»4.16&#8243; _module_preset=»default» custom_padding=»0px||||false|false» locked=»off» global_colors_info=»{}»][et_pb_row column_structure=»1_4,3_4&#8243; _builder_version=»4.16&#8243; _module_preset=»default» custom_margin=»0px||0px||true|false» custom_padding=»0px||0px||false|false» global_colors_info=»{}»][et_pb_column type=»1_4&#8243; _builder_version=»4.16&#8243; _module_preset=»default» global_colors_info=»{}»][et_pb_image src=»https://museros.org/wp-content/uploads/2023/07/logo-transicio-cl-230&#215;180-1.jpg» title_text=»logo-transicio-cl-230&#215;180&#8243; url=»https://museros.org/inici/area-de-transicio-ecologica/» use_overlay=»on» overlay_icon_color=»#E02B20&#8243; hover_overlay_color=»rgba(255,255,255,0.71)» hover_icon=»&#xe04d;||divi||400&#8243; _builder_version=»4.27.4&#8243; _module_preset=»default» global_colors_info=»{}» locked=»off»][/et_pb_image][/et_pb_column][et_pb_column type=»3_4&#8243; _builder_version=»4.16&#8243; _module_preset=»default» global_colors_info=»{}»][et_pb_gallery gallery_ids=»260481,260478,260479,260476,260474,260473&#8243; fullwidth=»on» _builder_version=»4.17.4&#8243; _module_preset=»default» global_colors_info=»{}»][/et_pb_gallery][et_pb_text _builder_version=»4.17.4&#8243; _module_preset=»default» custom_margin=»40px||||false|false» global_colors_info=»{}»]</p>
<h1>Campanya de pintura mural a l&#8217;horta de Museros</h1>
<p>Des de la Regidoria de Medi Ambient i Agricultura i la Regidoria de Cultura i Promoció Lingüística, volem anunciar que el mural que es pintava al Pont de Vigues, situat a l&#8217;horta de Museros, a la partida de la Huitena, ja està finalitzat.</p>
<p>L&#8217;artista Pedro Mecinas ha pintat les següents aus que són fàcils d&#8217;observar per la zona de l&#8217;horta: xoriguer comú, puput, torlit comú, oreneta, blavet, cuereta groga, mussol comú i tallarol de casquet. També trobareu una papallona i una marieta.</p>
<p>Amb aquest mural, es pretén donar més visibilitat i coneixement de la fauna del nostre entorn i, al mateix temps, conscienciar la població de la importància de respectar l&#8217;horta i tot el que l&#8217;envolta, de la mà de l&#8217;art urbà.</p>
<p>&nbsp;</p>
<p>[/et_pb_text][/et_pb_column][/et_pb_row][et_pb_row _builder_version=»4.16&#8243; _module_preset=»default» locked=»off» global_colors_info=»{}»][et_pb_column type=»4_4&#8243; _builder_version=»4.16&#8243; _module_preset=»default» global_colors_info=»{}»][et_pb_divider color=»#cc0000&#8243; divider_weight=»4px» _builder_version=»4.16&#8243; _module_preset=»default» global_colors_info=»{}»][/et_pb_divider][/et_pb_column][/et_pb_row][/et_pb_section]</p>

<p>Campanya de pintura mural a l&#8217;horta de Museros Des de la Regidoria de Medi Ambient i Agricultura i la Regidoria de Cultura i Promoció Lingüística, volem anunciar que el mural que es pintava al Pont de Vigues, situat a l&#8217;horta de Museros, a la partida de la Huitena, ja està finalitzat. L&#8217;artista Pedro Mecinas ha [&hellip;]</p>
