{"id":260353,"date":"2022-06-20T21:25:47","date_gmt":"2022-06-20T21:25:47","guid":{"rendered":"https:\/\/museros.org\/inici\/?page_id=260353"},"modified":"2022-07-03T08:06:38","modified_gmt":"2022-07-03T08:06:38","slug":"gimnasia-acuatica","status":"publish","type":"page","link":"https:\/\/museros.org\/inici\/es\/gimnasia-acuatica\/","title":{"rendered":"Gimnasia acu\u00e1tica"},"content":{"rendered":"<p>[et_pb_section fb_built=\u00bb1&#8243; _builder_version=\u00bb4.16&#8243; _module_preset=\u00bbdefault\u00bb custom_padding=\u00bb0px||||false|false\u00bb locked=\u00bboff\u00bb global_colors_info=\u00bb{}\u00bb][et_pb_row column_structure=\u00bb1_4,3_4&#8243; _builder_version=\u00bb4.16&#8243; _module_preset=\u00bbdefault\u00bb custom_padding=\u00bb0px||||false|false\u00bb global_colors_info=\u00bb{}\u00bb][et_pb_column type=\u00bb1_4&#8243; _builder_version=\u00bb4.16&#8243; _module_preset=\u00bbdefault\u00bb global_colors_info=\u00bb{}\u00bb][et_pb_image src=\u00bbhttps:\/\/museros.org\/wp-content\/uploads\/2022\/06\/cusros-piscina-180&#215;230-1.jpg\u00bb title_text=\u00bbcusros-piscina-180&#215;230&#8243; url=\u00bbhttps:\/\/museros.org\/inici\/es\/cursos-natacion-2022\/\u00bb use_overlay=\u00bbon\u00bb overlay_icon_color=\u00bb#E02B20&#8243; hover_overlay_color=\u00bbrgba(255,255,255,0.71)\u00bb hover_icon=\u00bb&#xe04d;||divi||400&#8243; show_bottom_space=\u00bboff\u00bb align=\u00bbcenter\u00bb _builder_version=\u00bb4.17.4&#8243; _module_preset=\u00bbdefault\u00bb locked=\u00bboff\u00bb global_colors_info=\u00bb{}\u00bb][\/et_pb_image][\/et_pb_column][et_pb_column type=\u00bb3_4&#8243; _builder_version=\u00bb4.16&#8243; _module_preset=\u00bbdefault\u00bb global_colors_info=\u00bb{}\u00bb][et_pb_image src=\u00bbhttps:\/\/museros.org\/wp-content\/uploads\/2022\/06\/cursosnatacion-03-800&#215;500-1.jpg\u00bb title_text=\u00bbcursosnatacion-03-800&#215;500&#8243; _builder_version=\u00bb4.17.4&#8243; _module_preset=\u00bbdefault\u00bb global_colors_info=\u00bb{}\u00bb][\/et_pb_image][et_pb_text _builder_version=\u00bb4.17.4&#8243; _module_preset=\u00bbdefault\u00bb custom_padding=\u00bb2px|||||\u00bb global_colors_info=\u00bb{}\u00bb]<\/p>\n<h1>Curso de gimnasia acu\u00e1tica para mayores<\/h1>\n<p><strong>PERSONAS DESTINATARIAS: <\/strong>jubiladas o pensionistas mayores de 60 a\u00f1os.<\/p>\n<p><strong>HORARIO: <\/strong>mi\u00e9rcoles y viernes de 10.00 h a 10.45 h.<br \/><strong>PLAZAS: <\/strong>15, seg\u00fan orden de inscripci\u00f3n.<br \/><strong>PRECIO:<\/strong> gratuito.<br \/><strong>INSCRIPCIONES: <\/strong>hasta el 30 de junio, presencialmente en la Casa de Cultura, de lunes a jueves, de 10.00 h a 12.30 h y de 17.30 h a 20.30 h.<\/p>\n<p>[\/et_pb_text][\/et_pb_column][\/et_pb_row][et_pb_row _builder_version=\u00bb4.16&#8243; _module_preset=\u00bbdefault\u00bb custom_margin=\u00bb0px||||false|false\u00bb custom_padding=\u00bb0px||||false|false\u00bb global_colors_info=\u00bb{}\u00bb][et_pb_column type=\u00bb4_4&#8243; _builder_version=\u00bb4.16&#8243; _module_preset=\u00bbdefault\u00bb global_colors_info=\u00bb{}\u00bb][et_pb_divider color=\u00bb#E02B20&#8243; divider_weight=\u00bb4px\u00bb _builder_version=\u00bb4.16&#8243; _module_preset=\u00bbdefault\u00bb custom_margin=\u00bb40px||||false|false\u00bb global_colors_info=\u00bb{}\u00bb][\/et_pb_divider][\/et_pb_column][\/et_pb_row][\/et_pb_section]<\/p>\n","protected":false},"excerpt":{"rendered":"<p>Curso de gimnasia acu\u00e1tica para mayores PERSONAS DESTINATARIAS: jubiladas o pensionistas mayores de 60 a\u00f1os. HORARIO: mi\u00e9rcoles y viernes de 10.00 h a 10.45 h.PLAZAS: 15, seg\u00fan orden de inscripci\u00f3n.PRECIO: gratuito.INSCRIPCIONES: hasta el 30 de junio, presencialmente en la Casa de Cultura, de lunes a jueves, de 10.00 h a 12.30 h y de 17.30 [&hellip;]<\/p>\n","protected":false},"author":8,"featured_media":0,"parent":0,"menu_order":0,"comment_status":"closed","ping_status":"closed","template":"","meta":{"_et_pb_use_builder":"on","_et_pb_old_content":"","_et_gb_content_width":"","_mc_calendar":[],"footnotes":""},"wf_page_folders":[297],"class_list":["post-260353","page","type-page","status-publish","hentry"],"_links":{"self":[{"href":"https:\/\/museros.org\/inici\/wp-json\/wp\/v2\/pages\/260353","targetHints":{"allow":["GET"]}}],"collection":[{"href":"https:\/\/museros.org\/inici\/wp-json\/wp\/v2\/pages"}],"about":[{"href":"https:\/\/museros.org\/inici\/wp-json\/wp\/v2\/types\/page"}],"author":[{"embeddable":true,"href":"https:\/\/museros.org\/inici\/wp-json\/wp\/v2\/users\/8"}],"replies":[{"embeddable":true,"href":"https:\/\/museros.org\/inici\/wp-json\/wp\/v2\/comments?post=260353"}],"version-history":[{"count":8,"href":"https:\/\/museros.org\/inici\/wp-json\/wp\/v2\/pages\/260353\/revisions"}],"predecessor-version":[{"id":260703,"href":"https:\/\/museros.org\/inici\/wp-json\/wp\/v2\/pages\/260353\/revisions\/260703"}],"wp:attachment":[{"href":"https:\/\/museros.org\/inici\/wp-json\/wp\/v2\/media?parent=260353"}],"wp:term":[{"taxonomy":"wf_page_folders","embeddable":true,"href":"https:\/\/museros.org\/inici\/wp-json\/wp\/v2\/wf_page_folders?post=260353"}],"curies":[{"name":"wp","href":"https:\/\/api.w.org\/{rel}","templated":true}]}}

Gimnasia acuática

<p>[et_pb_section fb_built=»1&#8243; _builder_version=»4.16&#8243; _module_preset=»default» custom_padding=»0px||||false|false» locked=»off» global_colors_info=»{}»][et_pb_row column_structure=»1_4,3_4&#8243; _builder_version=»4.16&#8243; _module_preset=»default» custom_padding=»0px||||false|false» global_colors_info=»{}»][et_pb_column type=»1_4&#8243; _builder_version=»4.16&#8243; _module_preset=»default» global_colors_info=»{}»][et_pb_image src=»https://museros.org/wp-content/uploads/2022/06/cusros-piscina-180&#215;230-1.jpg» title_text=»cusros-piscina-180&#215;230&#8243; url=»https://museros.org/inici/es/cursos-natacion-2022/» use_overlay=»on» overlay_icon_color=»#E02B20&#8243; hover_overlay_color=»rgba(255,255,255,0.71)» hover_icon=»&#xe04d;||divi||400&#8243; show_bottom_space=»off» align=»center» _builder_version=»4.17.4&#8243; _module_preset=»default» locked=»off» global_colors_info=»{}»][/et_pb_image][/et_pb_column][et_pb_column type=»3_4&#8243; _builder_version=»4.16&#8243; _module_preset=»default» global_colors_info=»{}»][et_pb_image src=»https://museros.org/wp-content/uploads/2022/06/cursosnatacion-03-800&#215;500-1.jpg» title_text=»cursosnatacion-03-800&#215;500&#8243; _builder_version=»4.17.4&#8243; _module_preset=»default» global_colors_info=»{}»][/et_pb_image][et_pb_text _builder_version=»4.17.4&#8243; _module_preset=»default» custom_padding=»2px|||||» global_colors_info=»{}»]</p>
<h1>Curso de gimnasia acuática para mayores</h1>
<p><strong>PERSONAS DESTINATARIAS: </strong>jubiladas o pensionistas mayores de 60 años.</p>
<p><strong>HORARIO: </strong>miércoles y viernes de 10.00 h a 10.45 h.<br /><strong>PLAZAS: </strong>15, según orden de inscripción.<br /><strong>PRECIO:</strong> gratuito.<br /><strong>INSCRIPCIONES: </strong>hasta el 30 de junio, presencialmente en la Casa de Cultura, de lunes a jueves, de 10.00 h a 12.30 h y de 17.30 h a 20.30 h.</p>
<p>[/et_pb_text][/et_pb_column][/et_pb_row][et_pb_row _builder_version=»4.16&#8243; _module_preset=»default» custom_margin=»0px||||false|false» custom_padding=»0px||||false|false» global_colors_info=»{}»][et_pb_column type=»4_4&#8243; _builder_version=»4.16&#8243; _module_preset=»default» global_colors_info=»{}»][et_pb_divider color=»#E02B20&#8243; divider_weight=»4px» _builder_version=»4.16&#8243; _module_preset=»default» custom_margin=»40px||||false|false» global_colors_info=»{}»][/et_pb_divider][/et_pb_column][/et_pb_row][/et_pb_section]</p>

<p>Curso de gimnasia acuática para mayores PERSONAS DESTINATARIAS: jubiladas o pensionistas mayores de 60 años. HORARIO: miércoles y viernes de 10.00 h a 10.45 h.PLAZAS: 15, según orden de inscripción.PRECIO: gratuito.INSCRIPCIONES: hasta el 30 de junio, presencialmente en la Casa de Cultura, de lunes a jueves, de 10.00 h a 12.30 h y de 17.30 [&hellip;]</p>
