{"id":260337,"date":"2022-06-20T21:07:47","date_gmt":"2022-06-20T21:07:47","guid":{"rendered":"https:\/\/museros.org\/inici\/?page_id=260337"},"modified":"2022-07-03T08:06:05","modified_gmt":"2022-07-03T08:06:05","slug":"gimnastica-aquatica","status":"publish","type":"page","link":"https:\/\/museros.org\/inici\/gimnastica-aquatica\/","title":{"rendered":"Gimn\u00e0stica aqu\u00e0tica"},"content":{"rendered":"<p>[et_pb_section fb_built=\u00bb1&#8243; _builder_version=\u00bb4.16&#8243; _module_preset=\u00bbdefault\u00bb custom_padding=\u00bb0px||||false|false\u00bb locked=\u00bboff\u00bb global_colors_info=\u00bb{}\u00bb][et_pb_row column_structure=\u00bb1_4,3_4&#8243; _builder_version=\u00bb4.17.4&#8243; _module_preset=\u00bbdefault\u00bb custom_padding=\u00bb0px||||false|false\u00bb global_colors_info=\u00bb{}\u00bb][et_pb_column type=\u00bb1_4&#8243; _builder_version=\u00bb4.16&#8243; _module_preset=\u00bbdefault\u00bb global_colors_info=\u00bb{}\u00bb][et_pb_image src=\u00bbhttps:\/\/museros.org\/wp-content\/uploads\/2022\/06\/cusros-piscina-180&#215;230-1.jpg\u00bb title_text=\u00bbcusros-piscina-180&#215;230&#8243; url=\u00bbhttps:\/\/museros.org\/inici\/cursos-natacio-2022\/\u00bb use_overlay=\u00bbon\u00bb overlay_icon_color=\u00bb#E02B20&#8243; hover_overlay_color=\u00bbrgba(255,255,255,0.71)\u00bb hover_icon=\u00bb&#xe04d;||divi||400&#8243; show_bottom_space=\u00bboff\u00bb align=\u00bbcenter\u00bb _builder_version=\u00bb4.17.4&#8243; _module_preset=\u00bbdefault\u00bb locked=\u00bboff\u00bb global_colors_info=\u00bb{}\u00bb][\/et_pb_image][\/et_pb_column][et_pb_column type=\u00bb3_4&#8243; _builder_version=\u00bb4.16&#8243; _module_preset=\u00bbdefault\u00bb global_colors_info=\u00bb{}\u00bb][et_pb_image src=\u00bbhttps:\/\/museros.org\/wp-content\/uploads\/2022\/06\/cursosnatacion-03-800&#215;500-1.jpg\u00bb title_text=\u00bbcursosnatacion-03-800&#215;500&#8243; _builder_version=\u00bb4.17.4&#8243; _module_preset=\u00bbdefault\u00bb global_colors_info=\u00bb{}\u00bb][\/et_pb_image][et_pb_text _builder_version=\u00bb4.17.4&#8243; _module_preset=\u00bbdefault\u00bb custom_padding=\u00bb2px|||||\u00bb global_colors_info=\u00bb{}\u00bb]<\/p>\n<h1>Curs de gimn\u00e0stica aqu\u00e0tica per a majors<\/h1>\n<p><strong>PERSONES DESTINAT\u00c0RIES: <\/strong>jubilades o pensionistes majors de 60 anys.<\/p>\n<p><strong>HORARI: <\/strong>dimecres i divendres de 10.00 h a 10.45 h.<br \/><strong>PLACES: <\/strong>15, segons ordre d&#8217;inscripci\u00f3.<br \/><strong>PREU:<\/strong> gratu\u00eft.<br \/><strong>INSCRIPCIONS: <\/strong>fins al 30 de juny, presen- cialment a la Casa de Cultura, de dilluns a dijous, de 10.00 h a 12.30 h i de 17.30 h a 20.30 h.<\/p>\n<p>[\/et_pb_text][\/et_pb_column][\/et_pb_row][et_pb_row _builder_version=\u00bb4.16&#8243; _module_preset=\u00bbdefault\u00bb custom_margin=\u00bb0px||||false|false\u00bb custom_padding=\u00bb0px||||false|false\u00bb global_colors_info=\u00bb{}\u00bb][et_pb_column type=\u00bb4_4&#8243; _builder_version=\u00bb4.16&#8243; _module_preset=\u00bbdefault\u00bb global_colors_info=\u00bb{}\u00bb][et_pb_divider color=\u00bb#E02B20&#8243; divider_weight=\u00bb4px\u00bb _builder_version=\u00bb4.16&#8243; _module_preset=\u00bbdefault\u00bb custom_margin=\u00bb40px||||false|false\u00bb global_colors_info=\u00bb{}\u00bb][\/et_pb_divider][\/et_pb_column][\/et_pb_row][\/et_pb_section]<\/p>\n","protected":false},"excerpt":{"rendered":"<p>Curs de gimn\u00e0stica aqu\u00e0tica per a majors PERSONES DESTINAT\u00c0RIES: jubilades o pensionistes majors de 60 anys. HORARI: dimecres i divendres de 10.00 h a 10.45 h.PLACES: 15, segons ordre d&#8217;inscripci\u00f3.PREU: gratu\u00eft.INSCRIPCIONS: fins al 30 de juny, presen- cialment a la Casa de Cultura, de dilluns a dijous, de 10.00 h a 12.30 h i de [&hellip;]<\/p>\n","protected":false},"author":8,"featured_media":0,"parent":0,"menu_order":0,"comment_status":"closed","ping_status":"closed","template":"","meta":{"_et_pb_use_builder":"on","_et_pb_old_content":"","_et_gb_content_width":"","_mc_calendar":[],"footnotes":""},"wf_page_folders":[297],"class_list":["post-260337","page","type-page","status-publish","hentry"],"_links":{"self":[{"href":"https:\/\/museros.org\/inici\/wp-json\/wp\/v2\/pages\/260337","targetHints":{"allow":["GET"]}}],"collection":[{"href":"https:\/\/museros.org\/inici\/wp-json\/wp\/v2\/pages"}],"about":[{"href":"https:\/\/museros.org\/inici\/wp-json\/wp\/v2\/types\/page"}],"author":[{"embeddable":true,"href":"https:\/\/museros.org\/inici\/wp-json\/wp\/v2\/users\/8"}],"replies":[{"embeddable":true,"href":"https:\/\/museros.org\/inici\/wp-json\/wp\/v2\/comments?post=260337"}],"version-history":[{"count":8,"href":"https:\/\/museros.org\/inici\/wp-json\/wp\/v2\/pages\/260337\/revisions"}],"predecessor-version":[{"id":260702,"href":"https:\/\/museros.org\/inici\/wp-json\/wp\/v2\/pages\/260337\/revisions\/260702"}],"wp:attachment":[{"href":"https:\/\/museros.org\/inici\/wp-json\/wp\/v2\/media?parent=260337"}],"wp:term":[{"taxonomy":"wf_page_folders","embeddable":true,"href":"https:\/\/museros.org\/inici\/wp-json\/wp\/v2\/wf_page_folders?post=260337"}],"curies":[{"name":"wp","href":"https:\/\/api.w.org\/{rel}","templated":true}]}}

Gimnàstica aquàtica

<p>[et_pb_section fb_built=»1&#8243; _builder_version=»4.16&#8243; _module_preset=»default» custom_padding=»0px||||false|false» locked=»off» global_colors_info=»{}»][et_pb_row column_structure=»1_4,3_4&#8243; _builder_version=»4.17.4&#8243; _module_preset=»default» custom_padding=»0px||||false|false» global_colors_info=»{}»][et_pb_column type=»1_4&#8243; _builder_version=»4.16&#8243; _module_preset=»default» global_colors_info=»{}»][et_pb_image src=»https://museros.org/wp-content/uploads/2022/06/cusros-piscina-180&#215;230-1.jpg» title_text=»cusros-piscina-180&#215;230&#8243; url=»https://museros.org/inici/cursos-natacio-2022/» use_overlay=»on» overlay_icon_color=»#E02B20&#8243; hover_overlay_color=»rgba(255,255,255,0.71)» hover_icon=»&#xe04d;||divi||400&#8243; show_bottom_space=»off» align=»center» _builder_version=»4.17.4&#8243; _module_preset=»default» locked=»off» global_colors_info=»{}»][/et_pb_image][/et_pb_column][et_pb_column type=»3_4&#8243; _builder_version=»4.16&#8243; _module_preset=»default» global_colors_info=»{}»][et_pb_image src=»https://museros.org/wp-content/uploads/2022/06/cursosnatacion-03-800&#215;500-1.jpg» title_text=»cursosnatacion-03-800&#215;500&#8243; _builder_version=»4.17.4&#8243; _module_preset=»default» global_colors_info=»{}»][/et_pb_image][et_pb_text _builder_version=»4.17.4&#8243; _module_preset=»default» custom_padding=»2px|||||» global_colors_info=»{}»]</p>
<h1>Curs de gimnàstica aquàtica per a majors</h1>
<p><strong>PERSONES DESTINATÀRIES: </strong>jubilades o pensionistes majors de 60 anys.</p>
<p><strong>HORARI: </strong>dimecres i divendres de 10.00 h a 10.45 h.<br /><strong>PLACES: </strong>15, segons ordre d&#8217;inscripció.<br /><strong>PREU:</strong> gratuït.<br /><strong>INSCRIPCIONS: </strong>fins al 30 de juny, presen- cialment a la Casa de Cultura, de dilluns a dijous, de 10.00 h a 12.30 h i de 17.30 h a 20.30 h.</p>
<p>[/et_pb_text][/et_pb_column][/et_pb_row][et_pb_row _builder_version=»4.16&#8243; _module_preset=»default» custom_margin=»0px||||false|false» custom_padding=»0px||||false|false» global_colors_info=»{}»][et_pb_column type=»4_4&#8243; _builder_version=»4.16&#8243; _module_preset=»default» global_colors_info=»{}»][et_pb_divider color=»#E02B20&#8243; divider_weight=»4px» _builder_version=»4.16&#8243; _module_preset=»default» custom_margin=»40px||||false|false» global_colors_info=»{}»][/et_pb_divider][/et_pb_column][/et_pb_row][/et_pb_section]</p>

<p>Curs de gimnàstica aquàtica per a majors PERSONES DESTINATÀRIES: jubilades o pensionistes majors de 60 anys. HORARI: dimecres i divendres de 10.00 h a 10.45 h.PLACES: 15, segons ordre d&#8217;inscripció.PREU: gratuït.INSCRIPCIONS: fins al 30 de juny, presen- cialment a la Casa de Cultura, de dilluns a dijous, de 10.00 h a 12.30 h i de [&hellip;]</p>
