{"id":260259,"date":"2022-06-20T14:41:46","date_gmt":"2022-06-20T14:41:46","guid":{"rendered":"https:\/\/museros.org\/inici\/?page_id=260259"},"modified":"2022-07-05T13:49:04","modified_gmt":"2022-07-05T13:49:04","slug":"julio-musical-2022","status":"publish","type":"page","link":"https:\/\/museros.org\/inici\/es\/julio-musical-2022\/","title":{"rendered":"Julio Musical 2022"},"content":{"rendered":"<p>[et_pb_section fb_built=\u00bb1&#8243; _builder_version=\u00bb4.17.4&#8243; _module_preset=\u00bbdefault\u00bb custom_margin=\u00bb0px||||false|false\u00bb custom_padding=\u00bb0px||||false|false\u00bb locked=\u00bboff\u00bb global_colors_info=\u00bb{}\u00bb][et_pb_row _builder_version=\u00bb4.17.4&#8243; _module_preset=\u00bbdefault\u00bb custom_margin=\u00bb0px||||false|false\u00bb custom_padding=\u00bb0px||||false|false\u00bb global_colors_info=\u00bb{}\u00bb][et_pb_column type=\u00bb4_4&#8243; _builder_version=\u00bb4.17.4&#8243; _module_preset=\u00bbdefault\u00bb global_colors_info=\u00bb{}\u00bb][et_pb_image src=\u00bbhttps:\/\/museros.org\/wp-content\/uploads\/2022\/06\/tuba-600.jpg\u00bb title_text=\u00bbtuba-600&#8243; url=\u00bbhttps:\/\/museros.org\/cartel-julio-musical-2022\/\u00bb use_overlay=\u00bbon\u00bb overlay_icon_color=\u00bb#E02B20&#8243; hover_overlay_color=\u00bbrgba(255,255,255,0.69)\u00bb hover_icon=\u00bb&#xe04d;||divi||400&#8243; _builder_version=\u00bb4.17.4&#8243; _module_preset=\u00bbdefault\u00bb width=\u00bb44%\u00bb global_colors_info=\u00bb{}\u00bb][\/et_pb_image][\/et_pb_column][\/et_pb_row][et_pb_row column_structure=\u00bb1_4,1_2,1_4&#8243; _builder_version=\u00bb4.17.4&#8243; _module_preset=\u00bbdefault\u00bb custom_margin=\u00bb0px||||false|false\u00bb custom_padding=\u00bb0px||||false|false\u00bb global_colors_info=\u00bb{}\u00bb][et_pb_column type=\u00bb1_4&#8243; _builder_version=\u00bb4.17.4&#8243; _module_preset=\u00bbdefault\u00bb global_colors_info=\u00bb{}\u00bb][et_pb_image src=\u00bbhttps:\/\/museros.org\/wp-content\/uploads\/2022\/06\/grupo-300.jpg\u00bb title_text=\u00bbgrupo-300&#8243; _builder_version=\u00bb4.17.4&#8243; _module_preset=\u00bbdefault\u00bb custom_margin=\u00bb0px||||false|false\u00bb global_colors_info=\u00bb{}\u00bb][\/et_pb_image][\/et_pb_column][et_pb_column type=\u00bb1_2&#8243; _builder_version=\u00bb4.17.4&#8243; _module_preset=\u00bbdefault\u00bb global_colors_info=\u00bb{}\u00bb][et_pb_text _builder_version=\u00bb4.17.4&#8243; _module_preset=\u00bbdefault\u00bb global_colors_info=\u00bb{}\u00bb]<\/p>\n<p><span style=\"color: #008080;\">VIERNES, <\/span><strong><span style=\"color: #333399;\">1 <\/span><\/strong><span style=\"color: #008080;\">DE JULIO<\/span><br \/><strong>Ensemble de Bombardins Vicent Costa<\/strong><br \/><em>Una noche de pel\u00edcula<\/em><br \/>20.00 h<br \/>Lugar: delante de la Casa de Cultura<\/p>\n<p><span style=\"color: #008080;\">S\u00c1BADO, <strong><span style=\"color: #333399;\">2<\/span><\/strong> DE JULIO<\/span><br \/><strong>Noche de <em>rock<\/em><\/strong><br \/>22.30 h <strong>Sant Rock &amp; Roll<\/strong><br \/><em>\u00a0\u00a0\u00a0\u00a0\u00a0\u00a0\u00a0\u00a0\u00a0\u00a0\u00a0\u00a0\u00a0\u00a0 Anir\u00e0s a l\u2019infern<\/em><br \/>23.30 h <strong>Bajoqueta Rock<\/strong><br \/>Lugar: parking de Blasco Ib\u00e1\u00f1ez<\/p>\n<p>Cena de sobaquillo, el Ayuntamiento pondr\u00e1 mesas y sillas (limitadas)<\/p>\n<p><span style=\"color: #008080;\">S\u00c1BADO, <strong><span style=\"color: #333399;\">9<\/span><\/strong> DE JULIO<\/span><br \/><strong>Cuban Jazz Project. <\/strong>Debra Feliu<br \/>22.30 h<br \/>Lugar: avinguda de la Creu<\/p>\n<p><span style=\"color: #008080;\">DOMINGO, <strong><span style=\"color: #333399;\">10<\/span><\/strong> DE JULIO<\/span><br \/><strong>Concierto de la Banda Sinf\u00f3nica de Museros<\/strong><br \/>con la solista Amparo Navarro,<br \/>y los solistas, Javier Gal\u00e1n y Javier Agull\u00f3<br \/>21.30 h<br \/>Lugar: avinguda de la Creu<\/p>\n<p><span style=\"color: #008080;\">DOMINGO, <span style=\"color: #333399;\"><strong>17<\/strong><\/span> DE JULIO<\/span><br \/><strong><em>Les Arts amb tu.<\/em> Concierto de c\u00e1mara<\/strong><br \/>Secci\u00f3n de metales de la Orquesta<br \/>de la Comunitat Valenciana<br \/>22.00 h<br \/>Lugar: Casa de Cultura<\/p>\n<p>Entrada gratuita.<\/p>\n<p>[\/et_pb_text][\/et_pb_column][et_pb_column type=\u00bb1_4&#8243; _builder_version=\u00bb4.17.4&#8243; _module_preset=\u00bbdefault\u00bb global_colors_info=\u00bb{}\u00bb][et_pb_image src=\u00bbhttps:\/\/museros.org\/wp-content\/uploads\/2022\/06\/saxo-300.jpg\u00bb title_text=\u00bbsaxo-300&#8243; _builder_version=\u00bb4.17.4&#8243; _module_preset=\u00bbdefault\u00bb width=\u00bb70%\u00bb custom_margin=\u00bb0px||||false|false\u00bb global_colors_info=\u00bb{}\u00bb][\/et_pb_image][\/et_pb_column][\/et_pb_row][et_pb_row _builder_version=\u00bb4.17.4&#8243; _module_preset=\u00bbdefault\u00bb global_colors_info=\u00bb{}\u00bb][et_pb_column type=\u00bb4_4&#8243; _builder_version=\u00bb4.17.4&#8243; _module_preset=\u00bbdefault\u00bb global_colors_info=\u00bb{}\u00bb][et_pb_image src=\u00bbhttps:\/\/museros.org\/wp-content\/uploads\/2022\/06\/todos-los-logos-900.jpg\u00bb title_text=\u00bbtodos-los-logos-900&#8243; _builder_version=\u00bb4.17.4&#8243; _module_preset=\u00bbdefault\u00bb global_colors_info=\u00bb{}\u00bb][\/et_pb_image][\/et_pb_column][\/et_pb_row][\/et_pb_section]<\/p>\n","protected":false},"excerpt":{"rendered":"<p>VIERNES, 1 DE JULIOEnsemble de Bombardins Vicent CostaUna noche de pel\u00edcula20.00 hLugar: delante de la Casa de Cultura S\u00c1BADO, 2 DE JULIONoche de rock22.30 h Sant Rock &amp; Roll\u00a0\u00a0\u00a0\u00a0\u00a0\u00a0\u00a0\u00a0\u00a0\u00a0\u00a0\u00a0\u00a0\u00a0 Anir\u00e0s a l\u2019infern23.30 h Bajoqueta RockLugar: parking de Blasco Ib\u00e1\u00f1ez Cena de sobaquillo, el Ayuntamiento pondr\u00e1 mesas y sillas (limitadas) S\u00c1BADO, 9 DE JULIOCuban Jazz Project. [&hellip;]<\/p>\n","protected":false},"author":8,"featured_media":0,"parent":0,"menu_order":0,"comment_status":"closed","ping_status":"closed","template":"","meta":{"_et_pb_use_builder":"on","_et_pb_old_content":"","_et_gb_content_width":"","_mc_calendar":[],"footnotes":""},"wf_page_folders":[995],"class_list":["post-260259","page","type-page","status-publish","hentry"],"_links":{"self":[{"href":"https:\/\/museros.org\/inici\/wp-json\/wp\/v2\/pages\/260259","targetHints":{"allow":["GET"]}}],"collection":[{"href":"https:\/\/museros.org\/inici\/wp-json\/wp\/v2\/pages"}],"about":[{"href":"https:\/\/museros.org\/inici\/wp-json\/wp\/v2\/types\/page"}],"author":[{"embeddable":true,"href":"https:\/\/museros.org\/inici\/wp-json\/wp\/v2\/users\/8"}],"replies":[{"embeddable":true,"href":"https:\/\/museros.org\/inici\/wp-json\/wp\/v2\/comments?post=260259"}],"version-history":[{"count":7,"href":"https:\/\/museros.org\/inici\/wp-json\/wp\/v2\/pages\/260259\/revisions"}],"predecessor-version":[{"id":260814,"href":"https:\/\/museros.org\/inici\/wp-json\/wp\/v2\/pages\/260259\/revisions\/260814"}],"wp:attachment":[{"href":"https:\/\/museros.org\/inici\/wp-json\/wp\/v2\/media?parent=260259"}],"wp:term":[{"taxonomy":"wf_page_folders","embeddable":true,"href":"https:\/\/museros.org\/inici\/wp-json\/wp\/v2\/wf_page_folders?post=260259"}],"curies":[{"name":"wp","href":"https:\/\/api.w.org\/{rel}","templated":true}]}}

<p>[et_pb_section fb_built=»1&#8243; _builder_version=»4.17.4&#8243; _module_preset=»default» custom_margin=»0px||||false|false» custom_padding=»0px||||false|false» locked=»off» global_colors_info=»{}»][et_pb_row _builder_version=»4.17.4&#8243; _module_preset=»default» custom_margin=»0px||||false|false» custom_padding=»0px||||false|false» global_colors_info=»{}»][et_pb_column type=»4_4&#8243; _builder_version=»4.17.4&#8243; _module_preset=»default» global_colors_info=»{}»][et_pb_image src=»https://museros.org/wp-content/uploads/2022/06/tuba-600.jpg» title_text=»tuba-600&#8243; url=»https://museros.org/cartel-julio-musical-2022/» use_overlay=»on» overlay_icon_color=»#E02B20&#8243; hover_overlay_color=»rgba(255,255,255,0.69)» hover_icon=»&#xe04d;||divi||400&#8243; _builder_version=»4.17.4&#8243; _module_preset=»default» width=»44%» global_colors_info=»{}»][/et_pb_image][/et_pb_column][/et_pb_row][et_pb_row column_structure=»1_4,1_2,1_4&#8243; _builder_version=»4.17.4&#8243; _module_preset=»default» custom_margin=»0px||||false|false» custom_padding=»0px||||false|false» global_colors_info=»{}»][et_pb_column type=»1_4&#8243; _builder_version=»4.17.4&#8243; _module_preset=»default» global_colors_info=»{}»][et_pb_image src=»https://museros.org/wp-content/uploads/2022/06/grupo-300.jpg» title_text=»grupo-300&#8243; _builder_version=»4.17.4&#8243; _module_preset=»default» custom_margin=»0px||||false|false» global_colors_info=»{}»][/et_pb_image][/et_pb_column][et_pb_column type=»1_2&#8243; _builder_version=»4.17.4&#8243; _module_preset=»default» global_colors_info=»{}»][et_pb_text _builder_version=»4.17.4&#8243; _module_preset=»default» global_colors_info=»{}»]</p>
<p><span style="color: #008080;">VIERNES, </span><strong><span style="color: #333399;">1 </span></strong><span style="color: #008080;">DE JULIO</span><br /><strong>Ensemble de Bombardins Vicent Costa</strong><br /><em>Una noche de película</em><br />20.00 h<br />Lugar: delante de la Casa de Cultura</p>
<p><span style="color: #008080;">SÁBADO, <strong><span style="color: #333399;">2</span></strong> DE JULIO</span><br /><strong>Noche de <em>rock</em></strong><br />22.30 h <strong>Sant Rock &amp; Roll</strong><br /><em>               Aniràs a l’infern</em><br />23.30 h <strong>Bajoqueta Rock</strong><br />Lugar: parking de Blasco Ibáñez</p>
<p>Cena de sobaquillo, el Ayuntamiento pondrá mesas y sillas (limitadas)</p>
<p><span style="color: #008080;">SÁBADO, <strong><span style="color: #333399;">9</span></strong> DE JULIO</span><br /><strong>Cuban Jazz Project. </strong>Debra Feliu<br />22.30 h<br />Lugar: avinguda de la Creu</p>
<p><span style="color: #008080;">DOMINGO, <strong><span style="color: #333399;">10</span></strong> DE JULIO</span><br /><strong>Concierto de la Banda Sinfónica de Museros</strong><br />con la solista Amparo Navarro,<br />y los solistas, Javier Galán y Javier Agulló<br />21.30 h<br />Lugar: avinguda de la Creu</p>
<p><span style="color: #008080;">DOMINGO, <span style="color: #333399;"><strong>17</strong></span> DE JULIO</span><br /><strong><em>Les Arts amb tu.</em> Concierto de cámara</strong><br />Sección de metales de la Orquesta<br />de la Comunitat Valenciana<br />22.00 h<br />Lugar: Casa de Cultura</p>
<p>Entrada gratuita.</p>
<p>[/et_pb_text][/et_pb_column][et_pb_column type=»1_4&#8243; _builder_version=»4.17.4&#8243; _module_preset=»default» global_colors_info=»{}»][et_pb_image src=»https://museros.org/wp-content/uploads/2022/06/saxo-300.jpg» title_text=»saxo-300&#8243; _builder_version=»4.17.4&#8243; _module_preset=»default» width=»70%» custom_margin=»0px||||false|false» global_colors_info=»{}»][/et_pb_image][/et_pb_column][/et_pb_row][et_pb_row _builder_version=»4.17.4&#8243; _module_preset=»default» global_colors_info=»{}»][et_pb_column type=»4_4&#8243; _builder_version=»4.17.4&#8243; _module_preset=»default» global_colors_info=»{}»][et_pb_image src=»https://museros.org/wp-content/uploads/2022/06/todos-los-logos-900.jpg» title_text=»todos-los-logos-900&#8243; _builder_version=»4.17.4&#8243; _module_preset=»default» global_colors_info=»{}»][/et_pb_image][/et_pb_column][/et_pb_row][/et_pb_section]</p>

<p>VIERNES, 1 DE JULIOEnsemble de Bombardins Vicent CostaUna noche de película20.00 hLugar: delante de la Casa de Cultura SÁBADO, 2 DE JULIONoche de rock22.30 h Sant Rock &amp; Roll               Aniràs a l’infern23.30 h Bajoqueta RockLugar: parking de Blasco Ibáñez Cena de sobaquillo, el Ayuntamiento pondrá mesas y sillas (limitadas) SÁBADO, 9 DE JULIOCuban Jazz Project. [&hellip;]</p>
