{"id":260187,"date":"2022-06-17T14:10:51","date_gmt":"2022-06-17T14:10:51","guid":{"rendered":"https:\/\/museros.org\/inici\/?page_id=260187"},"modified":"2024-02-08T17:44:41","modified_gmt":"2024-02-08T17:44:41","slug":"campus-de-verano-pelota-2022","status":"publish","type":"page","link":"https:\/\/museros.org\/inici\/es\/campus-de-verano-pelota-2022\/","title":{"rendered":"Campus de Verano pelota 2022"},"content":{"rendered":"<p>[et_pb_section fb_built=\u00bb1&#8243; _builder_version=\u00bb4.16&#8243; _module_preset=\u00bbdefault\u00bb custom_padding=\u00bb0px||||false|false\u00bb locked=\u00bboff\u00bb global_colors_info=\u00bb{}\u00bb][et_pb_row column_structure=\u00bb1_4,3_4&#8243; _builder_version=\u00bb4.16&#8243; _module_preset=\u00bbdefault\u00bb custom_padding=\u00bb0px||||false|false\u00bb global_colors_info=\u00bb{}\u00bb][et_pb_column type=\u00bb1_4&#8243; _builder_version=\u00bb4.16&#8243; _module_preset=\u00bbdefault\u00bb global_colors_info=\u00bb{}\u00bb][et_pb_image src=\u00bbhttps:\/\/museros.org\/wp-content\/uploads\/2021\/06\/logo-deportes-cl-230&#215;180-1.jpg\u00bb title_text=\u00bblogo-deportes-cl-230&#215;180&#8243; url=\u00bbhttps:\/\/museros.org\/inici\/es\/area-de-deportes\/\u00bb use_overlay=\u00bbon\u00bb overlay_icon_color=\u00bb#E02B20&#8243; hover_overlay_color=\u00bbrgba(255,255,255,0.71)\u00bb hover_icon=\u00bb&#xe04d;||divi||400&#8243; show_bottom_space=\u00bboff\u00bb align=\u00bbcenter\u00bb _builder_version=\u00bb4.17.4&#8243; _module_preset=\u00bbdefault\u00bb locked=\u00bboff\u00bb global_colors_info=\u00bb{}\u00bb][\/et_pb_image][\/et_pb_column][et_pb_column type=\u00bb3_4&#8243; _builder_version=\u00bb4.16&#8243; _module_preset=\u00bbdefault\u00bb global_colors_info=\u00bb{}\u00bb][et_pb_image src=\u00bbhttps:\/\/museros.org\/wp-content\/uploads\/2022\/06\/campus-verano-800&#215;300-1.jpg\u00bb title_text=\u00bbcampus-verano-800&#215;300&#8243; _builder_version=\u00bb4.17.4&#8243; _module_preset=\u00bbdefault\u00bb global_colors_info=\u00bb{}\u00bb][\/et_pb_image][et_pb_text _builder_version=\u00bb4.17.4&#8243; _module_preset=\u00bbdefault\u00bb custom_padding=\u00bb2px|||||\u00bb hover_enabled=\u00bb0&#8243; global_colors_info=\u00bb{}\u00bb sticky_enabled=\u00bb0&#8243;]<\/p>\n<h2>CAMPUS DE VERANO DE PELOTA VALENCIANA<\/h2>\n<h3>PARA NI\u00d1OS Y NI\u00d1AS DE 9 A 13 A\u00d1OS<\/h3>\n<h4>Del 27 al 30 de junio de 2022<\/h4>\n<p>Horario: de 9.30 h a 14.00 h.<br \/>Lugar: instalaciones de pelota valenciana (trinquete y front\u00f3n) del polideportivo municipal.<br \/>Precio: gratuito.<br \/>N\u00famero de plazas: 10 (por orden de inscripci\u00f3n).<br \/>Inscripciones: hasta el 23 de junio, de martes a viernes, de 9.00 h a 14.00 h, en el Ayuntamiento.<\/p>\n<p>[\/et_pb_text][et_pb_button button_text=\u00bbFicha de inscripci\u00f3n\u00bb _builder_version=\u00bb4.17.4&#8243; _module_preset=\u00bbdefault\u00bb hover_enabled=\u00bb0&#8243; global_colors_info=\u00bb{}\u00bb custom_margin=\u00bb40px||||false|false\u00bb sticky_enabled=\u00bb0&#8243; button_url=\u00bbhttps:\/\/museros.org\/wp-content\/uploads\/2022\/06\/Sol\u00b7licitud-dinscripcio-en-el-Campus-destiu-de-pilota-valenciana-2022.pdf\u00bb url_new_window=\u00bbon\u00bb locked=\u00bboff\u00bb][\/et_pb_button][\/et_pb_column][\/et_pb_row][et_pb_row _builder_version=\u00bb4.16&#8243; _module_preset=\u00bbdefault\u00bb custom_margin=\u00bb0px||||false|false\u00bb custom_padding=\u00bb0px||||false|false\u00bb global_colors_info=\u00bb{}\u00bb][et_pb_column type=\u00bb4_4&#8243; _builder_version=\u00bb4.16&#8243; _module_preset=\u00bbdefault\u00bb global_colors_info=\u00bb{}\u00bb][et_pb_divider color=\u00bb#E02B20&#8243; divider_weight=\u00bb4px\u00bb _builder_version=\u00bb4.16&#8243; _module_preset=\u00bbdefault\u00bb custom_margin=\u00bb40px||||false|false\u00bb global_colors_info=\u00bb{}\u00bb][\/et_pb_divider][\/et_pb_column][\/et_pb_row][\/et_pb_section]<\/p>\n","protected":false},"excerpt":{"rendered":"<p>CAMPUS DE VERANO DE PELOTA VALENCIANA PARA NI\u00d1OS Y NI\u00d1AS DE 9 A 13 A\u00d1OS Del 27 al 30 de junio de 2022 Horario: de 9.30 h a 14.00 h.Lugar: instalaciones de pelota valenciana (trinquete y front\u00f3n) del polideportivo municipal.Precio: gratuito.N\u00famero de plazas: 10 (por orden de inscripci\u00f3n).Inscripciones: hasta el 23 de junio, de martes [&hellip;]<\/p>\n","protected":false},"author":8,"featured_media":0,"parent":0,"menu_order":0,"comment_status":"closed","ping_status":"closed","template":"","meta":{"_et_pb_use_builder":"on","_et_pb_old_content":"","_et_gb_content_width":"","_mc_calendar":[],"footnotes":""},"wf_page_folders":[297],"class_list":["post-260187","page","type-page","status-publish","hentry"],"_links":{"self":[{"href":"https:\/\/museros.org\/inici\/wp-json\/wp\/v2\/pages\/260187","targetHints":{"allow":["GET"]}}],"collection":[{"href":"https:\/\/museros.org\/inici\/wp-json\/wp\/v2\/pages"}],"about":[{"href":"https:\/\/museros.org\/inici\/wp-json\/wp\/v2\/types\/page"}],"author":[{"embeddable":true,"href":"https:\/\/museros.org\/inici\/wp-json\/wp\/v2\/users\/8"}],"replies":[{"embeddable":true,"href":"https:\/\/museros.org\/inici\/wp-json\/wp\/v2\/comments?post=260187"}],"version-history":[{"count":6,"href":"https:\/\/museros.org\/inici\/wp-json\/wp\/v2\/pages\/260187\/revisions"}],"predecessor-version":[{"id":267780,"href":"https:\/\/museros.org\/inici\/wp-json\/wp\/v2\/pages\/260187\/revisions\/267780"}],"wp:attachment":[{"href":"https:\/\/museros.org\/inici\/wp-json\/wp\/v2\/media?parent=260187"}],"wp:term":[{"taxonomy":"wf_page_folders","embeddable":true,"href":"https:\/\/museros.org\/inici\/wp-json\/wp\/v2\/wf_page_folders?post=260187"}],"curies":[{"name":"wp","href":"https:\/\/api.w.org\/{rel}","templated":true}]}}

<p>[et_pb_section fb_built=»1&#8243; _builder_version=»4.16&#8243; _module_preset=»default» custom_padding=»0px||||false|false» locked=»off» global_colors_info=»{}»][et_pb_row column_structure=»1_4,3_4&#8243; _builder_version=»4.16&#8243; _module_preset=»default» custom_padding=»0px||||false|false» global_colors_info=»{}»][et_pb_column type=»1_4&#8243; _builder_version=»4.16&#8243; _module_preset=»default» global_colors_info=»{}»][et_pb_image src=»https://museros.org/wp-content/uploads/2021/06/logo-deportes-cl-230&#215;180-1.jpg» title_text=»logo-deportes-cl-230&#215;180&#8243; url=»https://museros.org/inici/es/area-de-deportes/» use_overlay=»on» overlay_icon_color=»#E02B20&#8243; hover_overlay_color=»rgba(255,255,255,0.71)» hover_icon=»&#xe04d;||divi||400&#8243; show_bottom_space=»off» align=»center» _builder_version=»4.17.4&#8243; _module_preset=»default» locked=»off» global_colors_info=»{}»][/et_pb_image][/et_pb_column][et_pb_column type=»3_4&#8243; _builder_version=»4.16&#8243; _module_preset=»default» global_colors_info=»{}»][et_pb_image src=»https://museros.org/wp-content/uploads/2022/06/campus-verano-800&#215;300-1.jpg» title_text=»campus-verano-800&#215;300&#8243; _builder_version=»4.17.4&#8243; _module_preset=»default» global_colors_info=»{}»][/et_pb_image][et_pb_text _builder_version=»4.17.4&#8243; _module_preset=»default» custom_padding=»2px|||||» hover_enabled=»0&#8243; global_colors_info=»{}» sticky_enabled=»0&#8243;]</p>
<h2>CAMPUS DE VERANO DE PELOTA VALENCIANA</h2>
<h3>PARA NIÑOS Y NIÑAS DE 9 A 13 AÑOS</h3>
<h4>Del 27 al 30 de junio de 2022</h4>
<p>Horario: de 9.30 h a 14.00 h.<br />Lugar: instalaciones de pelota valenciana (trinquete y frontón) del polideportivo municipal.<br />Precio: gratuito.<br />Número de plazas: 10 (por orden de inscripción).<br />Inscripciones: hasta el 23 de junio, de martes a viernes, de 9.00 h a 14.00 h, en el Ayuntamiento.</p>
<p>[/et_pb_text][et_pb_button button_text=»Ficha de inscripción» _builder_version=»4.17.4&#8243; _module_preset=»default» hover_enabled=»0&#8243; global_colors_info=»{}» custom_margin=»40px||||false|false» sticky_enabled=»0&#8243; button_url=»https://museros.org/wp-content/uploads/2022/06/Sol·licitud-dinscripcio-en-el-Campus-destiu-de-pilota-valenciana-2022.pdf» url_new_window=»on» locked=»off»][/et_pb_button][/et_pb_column][/et_pb_row][et_pb_row _builder_version=»4.16&#8243; _module_preset=»default» custom_margin=»0px||||false|false» custom_padding=»0px||||false|false» global_colors_info=»{}»][et_pb_column type=»4_4&#8243; _builder_version=»4.16&#8243; _module_preset=»default» global_colors_info=»{}»][et_pb_divider color=»#E02B20&#8243; divider_weight=»4px» _builder_version=»4.16&#8243; _module_preset=»default» custom_margin=»40px||||false|false» global_colors_info=»{}»][/et_pb_divider][/et_pb_column][/et_pb_row][/et_pb_section]</p>

<p>CAMPUS DE VERANO DE PELOTA VALENCIANA PARA NIÑOS Y NIÑAS DE 9 A 13 AÑOS Del 27 al 30 de junio de 2022 Horario: de 9.30 h a 14.00 h.Lugar: instalaciones de pelota valenciana (trinquete y frontón) del polideportivo municipal.Precio: gratuito.Número de plazas: 10 (por orden de inscripción).Inscripciones: hasta el 23 de junio, de martes [&hellip;]</p>
