{"id":260183,"date":"2022-06-17T14:06:14","date_gmt":"2022-06-17T14:06:14","guid":{"rendered":"https:\/\/museros.org\/inici\/?page_id=260183"},"modified":"2024-02-08T17:44:01","modified_gmt":"2024-02-08T17:44:01","slug":"campus-destiu-pilota-2022","status":"publish","type":"page","link":"https:\/\/museros.org\/inici\/campus-destiu-pilota-2022\/","title":{"rendered":"Campus d&#8217;Estiu pilota 2022"},"content":{"rendered":"\n[et_pb_section fb_built=\u00bb1&#8243; _builder_version=\u00bb4.16&#8243; _module_preset=\u00bbdefault\u00bb custom_padding=\u00bb0px||||false|false\u00bb locked=\u00bboff\u00bb global_colors_info=\u00bb{}\u00bb][et_pb_row column_structure=\u00bb1_4,3_4&#8243; _builder_version=\u00bb4.16&#8243; _module_preset=\u00bbdefault\u00bb custom_padding=\u00bb0px||||false|false\u00bb global_colors_info=\u00bb{}\u00bb][et_pb_column type=\u00bb1_4&#8243; _builder_version=\u00bb4.16&#8243; _module_preset=\u00bbdefault\u00bb global_colors_info=\u00bb{}\u00bb][et_pb_image src=\u00bbhttps:\/\/museros.org\/wp-content\/uploads\/2021\/08\/logo-esports-cl-230&#215;180-1.jpg\u00bb title_text=\u00bblogo-esports-cl-230&#215;180&#8243; url=\u00bbhttps:\/\/museros.org\/inici\/area-desports\/\u00bb use_overlay=\u00bbon\u00bb overlay_icon_color=\u00bb#E02B20&#8243; hover_overlay_color=\u00bbrgba(255,255,255,0.71)\u00bb hover_icon=\u00bb&#xe04d;||divi||400&#8243; show_bottom_space=\u00bboff\u00bb align=\u00bbcenter\u00bb _builder_version=\u00bb4.17.4&#8243; _module_preset=\u00bbdefault\u00bb locked=\u00bboff\u00bb global_colors_info=\u00bb{}\u00bb][\/et_pb_image][\/et_pb_column][et_pb_column type=\u00bb3_4&#8243; _builder_version=\u00bb4.16&#8243; _module_preset=\u00bbdefault\u00bb global_colors_info=\u00bb{}\u00bb][et_pb_image src=\u00bbhttps:\/\/museros.org\/wp-content\/uploads\/2022\/06\/campus-destiu-800&#215;300-1.jpg\u00bb title_text=\u00bbcampus-destiu-800&#215;300&#8243; _builder_version=\u00bb4.17.4&#8243; _module_preset=\u00bbdefault\u00bb global_colors_info=\u00bb{}\u00bb][\/et_pb_image][et_pb_text _builder_version=\u00bb4.17.4&#8243; _module_preset=\u00bbdefault\u00bb custom_padding=\u00bb2px|||||\u00bb global_colors_info=\u00bb{}\u00bb]<h2>CAMPUS D\u2019ESTIU DE PILOTA VALENCIANA<\/h2>\n<h3>PER A XIQUETS I XIQUETES DE 9 A 13 ANYS<\/h3>\n<h4>Del 27 al 30 de juny de 2022<\/h4>\n<p>Horari: de 9.30 h a 14.00 h.<br \/>Lloc: instal\u00b7lacions de pilota valenciana (trinquet i front\u00f3) del poliesportiu municipal.<br \/>Preu: gratu\u00eft.<br \/>N\u00famero de places: 10 (per ordre d&#8217;inscripci\u00f3).<br \/>Inscripcions: fins al 23 de juny, de dimarts a divendres, de 9.00 h a 14.00 h, al Ajuntament.<\/p>[\/et_pb_text][et_pb_button button_text=\u00bbFitxa d&#8217;inscripci\u00f3\u00bb _builder_version=\u00bb4.17.4&#8243; _module_preset=\u00bbdefault\u00bb hover_enabled=\u00bb0&#8243; global_colors_info=\u00bb{}\u00bb custom_margin=\u00bb40px||||false|false\u00bb sticky_enabled=\u00bb0&#8243; button_url=\u00bbhttps:\/\/museros.org\/wp-content\/uploads\/2022\/06\/Sol\u00b7licitud-dinscripcio-en-el-Campus-destiu-de-pilota-valenciana-2022.pdf\u00bb url_new_window=\u00bbon\u00bb][\/et_pb_button][\/et_pb_column][\/et_pb_row][et_pb_row _builder_version=\u00bb4.16&#8243; _module_preset=\u00bbdefault\u00bb custom_margin=\u00bb0px||||false|false\u00bb custom_padding=\u00bb0px||||false|false\u00bb global_colors_info=\u00bb{}\u00bb][et_pb_column type=\u00bb4_4&#8243; _builder_version=\u00bb4.16&#8243; _module_preset=\u00bbdefault\u00bb global_colors_info=\u00bb{}\u00bb][et_pb_divider color=\u00bb#E02B20&#8243; divider_weight=\u00bb4px\u00bb _builder_version=\u00bb4.16&#8243; _module_preset=\u00bbdefault\u00bb custom_margin=\u00bb40px||||false|false\u00bb global_colors_info=\u00bb{}\u00bb][\/et_pb_divider][\/et_pb_column][\/et_pb_row][\/et_pb_section]\n","protected":false},"excerpt":{"rendered":"<p>CAMPUS D\u2019ESTIU DE PILOTA VALENCIANA PER A XIQUETS I XIQUETES DE 9 A 13 ANYS Del 27 al 30 de juny de 2022 Horari: de 9.30 h a 14.00 h.Lloc: instal\u00b7lacions de pilota valenciana (trinquet i front\u00f3) del poliesportiu municipal.Preu: gratu\u00eft.N\u00famero de places: 10 (per ordre d&#8217;inscripci\u00f3).Inscripcions: fins al 23 de juny, de dimarts a [&hellip;]<\/p>\n","protected":false},"author":8,"featured_media":0,"parent":0,"menu_order":0,"comment_status":"closed","ping_status":"closed","template":"","meta":{"_et_pb_use_builder":"on","_et_pb_old_content":"","_et_gb_content_width":"","_mc_calendar":[],"footnotes":""},"wf_page_folders":[297],"class_list":["post-260183","page","type-page","status-publish","hentry"],"_links":{"self":[{"href":"https:\/\/museros.org\/inici\/wp-json\/wp\/v2\/pages\/260183","targetHints":{"allow":["GET"]}}],"collection":[{"href":"https:\/\/museros.org\/inici\/wp-json\/wp\/v2\/pages"}],"about":[{"href":"https:\/\/museros.org\/inici\/wp-json\/wp\/v2\/types\/page"}],"author":[{"embeddable":true,"href":"https:\/\/museros.org\/inici\/wp-json\/wp\/v2\/users\/8"}],"replies":[{"embeddable":true,"href":"https:\/\/museros.org\/inici\/wp-json\/wp\/v2\/comments?post=260183"}],"version-history":[{"count":8,"href":"https:\/\/museros.org\/inici\/wp-json\/wp\/v2\/pages\/260183\/revisions"}],"predecessor-version":[{"id":267779,"href":"https:\/\/museros.org\/inici\/wp-json\/wp\/v2\/pages\/260183\/revisions\/267779"}],"wp:attachment":[{"href":"https:\/\/museros.org\/inici\/wp-json\/wp\/v2\/media?parent=260183"}],"wp:term":[{"taxonomy":"wf_page_folders","embeddable":true,"href":"https:\/\/museros.org\/inici\/wp-json\/wp\/v2\/wf_page_folders?post=260183"}],"curies":[{"name":"wp","href":"https:\/\/api.w.org\/{rel}","templated":true}]}}

[et_pb_section fb_built=»1&#8243; _builder_version=»4.16&#8243; _module_preset=»default» custom_padding=»0px||||false|false» locked=»off» global_colors_info=»{}»][et_pb_row column_structure=»1_4,3_4&#8243; _builder_version=»4.16&#8243; _module_preset=»default» custom_padding=»0px||||false|false» global_colors_info=»{}»][et_pb_column type=»1_4&#8243; _builder_version=»4.16&#8243; _module_preset=»default» global_colors_info=»{}»][et_pb_image src=»https://museros.org/wp-content/uploads/2021/08/logo-esports-cl-230&#215;180-1.jpg» title_text=»logo-esports-cl-230&#215;180&#8243; url=»https://museros.org/inici/area-desports/» use_overlay=»on» overlay_icon_color=»#E02B20&#8243; hover_overlay_color=»rgba(255,255,255,0.71)» hover_icon=»&#xe04d;||divi||400&#8243; show_bottom_space=»off» align=»center» _builder_version=»4.17.4&#8243; _module_preset=»default» locked=»off» global_colors_info=»{}»][/et_pb_image][/et_pb_column][et_pb_column type=»3_4&#8243; _builder_version=»4.16&#8243; _module_preset=»default» global_colors_info=»{}»][et_pb_image src=»https://museros.org/wp-content/uploads/2022/06/campus-destiu-800&#215;300-1.jpg» title_text=»campus-destiu-800&#215;300&#8243; _builder_version=»4.17.4&#8243; _module_preset=»default» global_colors_info=»{}»][/et_pb_image][et_pb_text _builder_version=»4.17.4&#8243; _module_preset=»default» custom_padding=»2px|||||» global_colors_info=»{}»]<h2>CAMPUS D’ESTIU DE PILOTA VALENCIANA</h2>
<h3>PER A XIQUETS I XIQUETES DE 9 A 13 ANYS</h3>
<h4>Del 27 al 30 de juny de 2022</h4>
<p>Horari: de 9.30 h a 14.00 h.<br />Lloc: instal·lacions de pilota valenciana (trinquet i frontó) del poliesportiu municipal.<br />Preu: gratuït.<br />Número de places: 10 (per ordre d&#8217;inscripció).<br />Inscripcions: fins al 23 de juny, de dimarts a divendres, de 9.00 h a 14.00 h, al Ajuntament.</p>[/et_pb_text][et_pb_button button_text=»Fitxa d&#8217;inscripció» _builder_version=»4.17.4&#8243; _module_preset=»default» hover_enabled=»0&#8243; global_colors_info=»{}» custom_margin=»40px||||false|false» sticky_enabled=»0&#8243; button_url=»https://museros.org/wp-content/uploads/2022/06/Sol·licitud-dinscripcio-en-el-Campus-destiu-de-pilota-valenciana-2022.pdf» url_new_window=»on»][/et_pb_button][/et_pb_column][/et_pb_row][et_pb_row _builder_version=»4.16&#8243; _module_preset=»default» custom_margin=»0px||||false|false» custom_padding=»0px||||false|false» global_colors_info=»{}»][et_pb_column type=»4_4&#8243; _builder_version=»4.16&#8243; _module_preset=»default» global_colors_info=»{}»][et_pb_divider color=»#E02B20&#8243; divider_weight=»4px» _builder_version=»4.16&#8243; _module_preset=»default» custom_margin=»40px||||false|false» global_colors_info=»{}»][/et_pb_divider][/et_pb_column][/et_pb_row][/et_pb_section]

<p>CAMPUS D’ESTIU DE PILOTA VALENCIANA PER A XIQUETS I XIQUETES DE 9 A 13 ANYS Del 27 al 30 de juny de 2022 Horari: de 9.30 h a 14.00 h.Lloc: instal·lacions de pilota valenciana (trinquet i frontó) del poliesportiu municipal.Preu: gratuït.Número de places: 10 (per ordre d&#8217;inscripció).Inscripcions: fins al 23 de juny, de dimarts a [&hellip;]</p>
