{"id":260163,"date":"2022-06-16T17:42:28","date_gmt":"2022-06-16T17:42:28","guid":{"rendered":"https:\/\/museros.org\/inici\/?page_id=260163"},"modified":"2022-06-16T17:42:34","modified_gmt":"2022-06-16T17:42:34","slug":"2e-septima-reunion","status":"publish","type":"page","link":"https:\/\/museros.org\/inici\/es\/2e-septima-reunion\/","title":{"rendered":"2e S\u00e9ptima reuni\u00f3n"},"content":{"rendered":"<p>[et_pb_section fb_built=\u00bb1&#8243; _builder_version=\u00bb4.16&#8243; _module_preset=\u00bbdefault\u00bb custom_margin=\u00bb0px||||false|false\u00bb custom_padding=\u00bb0px||||false|false\u00bb locked=\u00bboff\u00bb global_colors_info=\u00bb{}\u00bb theme_builder_area=\u00bbpost_content\u00bb][et_pb_row column_structure=\u00bb1_3,2_3&#8243; _builder_version=\u00bb4.16&#8243; _module_preset=\u00bbdefault\u00bb custom_margin=\u00bb0px||||false|false\u00bb custom_padding=\u00bb0px||||false|false\u00bb global_colors_info=\u00bb{}\u00bb theme_builder_area=\u00bbpost_content\u00bb][et_pb_column type=\u00bb1_3&#8243; _builder_version=\u00bb4.16&#8243; _module_preset=\u00bbdefault\u00bb global_colors_info=\u00bb{}\u00bb theme_builder_area=\u00bbpost_content\u00bb][et_pb_image src=\u00bbhttps:\/\/museros.org\/wp-content\/uploads\/2021\/06\/logo-forumvecinal-230&#215;180-1.jpg\u00bb title_text=\u00bblogo-forumvecinal-230&#215;180&#8243; url=\u00bbhttps:\/\/museros.org\/inici\/es\/foro-vecinal\/\u00bb use_overlay=\u00bbon\u00bb overlay_icon_color=\u00bb#E02B20&#8243; hover_overlay_color=\u00bbrgba(255,255,255,0.7)\u00bb hover_icon=\u00bb&#xe04d;||divi||400&#8243; align=\u00bbcenter\u00bb admin_label=\u00bblogo forum vecinal\u00bb _builder_version=\u00bb4.17.4&#8243; _module_preset=\u00bbdefault\u00bb width_tablet=\u00bb\u00bb width_phone=\u00bb100%\u00bb width_last_edited=\u00bbon|desktop\u00bb custom_margin=\u00bb60px||||false|false\u00bb custom_margin_tablet=\u00bb\u00bb custom_margin_phone=\u00bb0px||||false|false\u00bb custom_margin_last_edited=\u00bbon|desktop\u00bb hover_enabled=\u00bb0&#8243; locked=\u00bboff\u00bb global_colors_info=\u00bb{}\u00bb src__hover_enabled=\u00bbon|desktop\u00bb src__hover=\u00bbhttps:\/\/museros.org\/wp-content\/uploads\/2021\/06\/logo-forumvecinal-230&#215;180-1.jpg\u00bb theme_builder_area=\u00bbpost_content\u00bb sticky_enabled=\u00bb0&#8243;][\/et_pb_image][\/et_pb_column][et_pb_column type=\u00bb2_3&#8243; _builder_version=\u00bb4.16&#8243; _module_preset=\u00bbdefault\u00bb global_colors_info=\u00bb{}\u00bb theme_builder_area=\u00bbpost_content\u00bb][et_pb_text _builder_version=\u00bb4.17.4&#8243; _module_preset=\u00bbdefault\u00bb hover_enabled=\u00bb0&#8243; global_colors_info=\u00bb{}\u00bb theme_builder_area=\u00bbpost_content\u00bb sticky_enabled=\u00bb0&#8243;]<\/p>\n<h3>Segunda edici\u00f3n<\/h3>\n<h1>S\u00e9ptima reuni\u00f3n<\/h1>\n<h5>21 de marzo de 2022<\/h5>\n<p>[\/et_pb_text][et_pb_image src=\u00bbhttps:\/\/museros.org\/wp-content\/uploads\/2022\/06\/7a-reunio\u0301.jpg\u00bb title_text=\u00bb7a-reunio\u0301\u00bb align=\u00bbcenter\u00bb _builder_version=\u00bb4.17.4&#8243; _module_preset=\u00bbdefault\u00bb custom_margin=\u00bb30px||30px||false|false\u00bb hover_enabled=\u00bb0&#8243; global_colors_info=\u00bb{}\u00bb sticky_enabled=\u00bb0&#8243; theme_builder_area=\u00bbpost_content\u00bb][\/et_pb_image][et_pb_text _builder_version=\u00bb4.17.4&#8243; _module_preset=\u00bbdefault\u00bb hover_enabled=\u00bb0&#8243; global_colors_info=\u00bb{}\u00bb sticky_enabled=\u00bb0&#8243; theme_builder_area=\u00bbpost_content\u00bb]<\/p>\n<p>El pasado lunes, 21 de marzo de 2022, a las 19.00 h de la tarde, tuvo lugar la s\u00e9ptima reuni\u00f3n del II Foro Vecinal de Museros en la Casa de Cultura. A esta asistieron ocho personas (3 hombres y 5 mujeres), entre ellas representantes de la AMPA de la IES, de la Asociaci\u00f3n de Vecinas y Vecinos de Museros y de la Asociaci\u00f3n de Comercios Asociados de Museros (CAMU).<br \/>Los objetivos de la sesi\u00f3n fueron concretar el concepto de la iniciativa de los espacios acogedores valorando todas las aportaciones recibidas hasta la fecha, y esbozar el formato de la acci\u00f3n comunicativa\/comunitaria de la presentaci\u00f3n p\u00fablica de la Red.<br \/>Se acord\u00f3 que la iniciativa sea un <strong>reconocimiento general a escala municipio, partiendo del homenaje al car\u00e1cter tradicionalmente cuidador del comercio local de Museros<\/strong>, con el \u00e1nimo de: contribuir a su pervivencia, servir de modelo para las equipaciones y de indicativo para el vecindario que todav\u00eda no se siente muy atendido o muy recibido.<br \/>As\u00ed pues, los servicios p\u00fablicos (Ayuntamiento, Biblioteca, Centro de D\u00eda, Casa de Cultura, centros educativos&#8230;) as\u00ed como las asociaciones con sede f\u00edsica recibir\u00e1n directamente la denominaci\u00f3n de Espacio Acogedor (o el nombre que se decida pr\u00f3ximamente), con el compromiso de tener un m\u00ednimo de recursos ya adaptados en el momento de presentaci\u00f3n p\u00fablica. Esta gesti\u00f3n se har\u00e1 mediante la reuni\u00f3n con la Mesa T\u00e9cnica Intersectorial que mantendr\u00e1n las dinamizadoras del Foro en el mes de mayo.<br \/>Como complemento, se hizo un inventario de las asociaciones con sede f\u00edsica en el pueblo que formar\u00e1n parte de la iniciativa: SUMM, Falla de Museros, Falla el Castell, Pe\u00f1a de f\u00fatbol Valencianista, pe\u00f1as boueres (4), Tyrius, Jubilados, Obreras de Cruz y grupos parroquiales. Ser\u00e1n invitadas de manera oficial por representantes del equipo de gobierno pero tambi\u00e9n recibir\u00e1n el aviso personalizado por parte de miembros del Foro que tienen trato de proximidad.<br \/>En cuanto al nombre, se debat\u00ed si \u201cacogedor\u201d es adecuado, puesto que por los conflictos b\u00e9licos vigentes puede remitir a refugiados de guerra. Entonces, se recogi\u00f3 una lluvia de ideas de entre las cuales habr\u00e1 que escoger el nuevo t\u00edtulo o mantener el inicial: sensible, amigable, atento, hermandad, arraigado, c\u00e1lido, hogar, hospitalario, receptivo, recibidor, enlace, v\u00ednculo, nexo, punto de encuentro&#8230;<br \/>Respecto al formato, se acord\u00f3 que, previamente, se haga trabajo de campo preguntando a comerciantes y vecindario por recuerdos o sensaciones sobre el trato de curas y atenci\u00f3n; de este modo la expresi\u00f3n vendr\u00e1 del pueblo hacia el pueblo, evitando conceptos te\u00f3ricos alejados del sentir de la gente. Posteriormente, se har\u00e1 una acci\u00f3n comunicativa con un componente *comunit\u00e0ri, al estilo de ofensiva gr\u00e1fica: que el pueblo se despierte con una intervenci\u00f3n art\u00edstica simb\u00f3lica desarrollada por el Foro seg\u00fan las ideas recogidas, acompa\u00f1ada por los d\u00edpticos con la explicaci\u00f3n discursiva del proyecto y el mapa de la red. La ofensiva gr\u00e1fica se prepar\u00f3 de manera artesanal entre los y las miembros del Foro y algunos otros colectivos invitados y el d\u00eda siguiente se har\u00e1 la presentaci\u00f3n oficial y la entrega del distintivo a las equipaciones y los locales asociativos.<br \/>Finalmente, y en otro orden de cosas, hacemos constar las sugerencias hechas al inicio de la sesi\u00f3n sobre el contenido de los talleres o sesiones de salud mental que habr\u00e1 que comentar a la psicopedagoga municipal: prevenci\u00f3n del suicidio infantil\/juvenil ante el <em>bullying<\/em>, abuso de pantallas (especialmente durante la noche), contactar con asociaciones expertas, que tenga un formato atractivo (para los j\u00f3venes, entre iguales, por ejemplo con <em>Influencers<\/em>; para los padres y madres, microc\u00e1psulas digitales?).<\/p>\n<p>[\/et_pb_text][\/et_pb_column][\/et_pb_row][et_pb_row _builder_version=\u00bb4.16&#8243; _module_preset=\u00bbdefault\u00bb global_colors_info=\u00bb{}\u00bb theme_builder_area=\u00bbpost_content\u00bb][et_pb_column type=\u00bb4_4&#8243; _builder_version=\u00bb4.16&#8243; _module_preset=\u00bbdefault\u00bb global_colors_info=\u00bb{}\u00bb theme_builder_area=\u00bbpost_content\u00bb][et_pb_divider color=\u00bb#cc0000&#8243; divider_weight=\u00bb4px\u00bb _builder_version=\u00bb4.16&#8243; _module_preset=\u00bbdefault\u00bb global_colors_info=\u00bb{}\u00bb theme_builder_area=\u00bbpost_content\u00bb][\/et_pb_divider][\/et_pb_column][\/et_pb_row][\/et_pb_section]<\/p>\n","protected":false},"excerpt":{"rendered":"<p>Segunda edici\u00f3n S\u00e9ptima reuni\u00f3n 21 de marzo de 2022El pasado lunes, 21 de marzo de 2022, a las 19.00 h de la tarde, tuvo lugar la s\u00e9ptima reuni\u00f3n del II Foro Vecinal de Museros en la Casa de Cultura. A esta asistieron ocho personas (3 hombres y 5 mujeres), entre ellas representantes de la AMPA [&hellip;]<\/p>\n","protected":false},"author":8,"featured_media":0,"parent":0,"menu_order":0,"comment_status":"closed","ping_status":"closed","template":"","meta":{"_et_pb_use_builder":"on","_et_pb_old_content":"","_et_gb_content_width":"","_mc_calendar":[],"footnotes":""},"wf_page_folders":[1066],"class_list":["post-260163","page","type-page","status-publish","hentry"],"_links":{"self":[{"href":"https:\/\/museros.org\/inici\/wp-json\/wp\/v2\/pages\/260163","targetHints":{"allow":["GET"]}}],"collection":[{"href":"https:\/\/museros.org\/inici\/wp-json\/wp\/v2\/pages"}],"about":[{"href":"https:\/\/museros.org\/inici\/wp-json\/wp\/v2\/types\/page"}],"author":[{"embeddable":true,"href":"https:\/\/museros.org\/inici\/wp-json\/wp\/v2\/users\/8"}],"replies":[{"embeddable":true,"href":"https:\/\/museros.org\/inici\/wp-json\/wp\/v2\/comments?post=260163"}],"version-history":[{"count":3,"href":"https:\/\/museros.org\/inici\/wp-json\/wp\/v2\/pages\/260163\/revisions"}],"predecessor-version":[{"id":260167,"href":"https:\/\/museros.org\/inici\/wp-json\/wp\/v2\/pages\/260163\/revisions\/260167"}],"wp:attachment":[{"href":"https:\/\/museros.org\/inici\/wp-json\/wp\/v2\/media?parent=260163"}],"wp:term":[{"taxonomy":"wf_page_folders","embeddable":true,"href":"https:\/\/museros.org\/inici\/wp-json\/wp\/v2\/wf_page_folders?post=260163"}],"curies":[{"name":"wp","href":"https:\/\/api.w.org\/{rel}","templated":true}]}}

2e Séptima reunión

<p>[et_pb_section fb_built=»1&#8243; _builder_version=»4.16&#8243; _module_preset=»default» custom_margin=»0px||||false|false» custom_padding=»0px||||false|false» locked=»off» global_colors_info=»{}» theme_builder_area=»post_content»][et_pb_row column_structure=»1_3,2_3&#8243; _builder_version=»4.16&#8243; _module_preset=»default» custom_margin=»0px||||false|false» custom_padding=»0px||||false|false» global_colors_info=»{}» theme_builder_area=»post_content»][et_pb_column type=»1_3&#8243; _builder_version=»4.16&#8243; _module_preset=»default» global_colors_info=»{}» theme_builder_area=»post_content»][et_pb_image src=»https://museros.org/wp-content/uploads/2021/06/logo-forumvecinal-230&#215;180-1.jpg» title_text=»logo-forumvecinal-230&#215;180&#8243; url=»https://museros.org/inici/es/foro-vecinal/» use_overlay=»on» overlay_icon_color=»#E02B20&#8243; hover_overlay_color=»rgba(255,255,255,0.7)» hover_icon=»&#xe04d;||divi||400&#8243; align=»center» admin_label=»logo forum vecinal» _builder_version=»4.17.4&#8243; _module_preset=»default» width_tablet=»» width_phone=»100%» width_last_edited=»on|desktop» custom_margin=»60px||||false|false» custom_margin_tablet=»» custom_margin_phone=»0px||||false|false» custom_margin_last_edited=»on|desktop» hover_enabled=»0&#8243; locked=»off» global_colors_info=»{}» src__hover_enabled=»on|desktop» src__hover=»https://museros.org/wp-content/uploads/2021/06/logo-forumvecinal-230&#215;180-1.jpg» theme_builder_area=»post_content» sticky_enabled=»0&#8243;][/et_pb_image][/et_pb_column][et_pb_column type=»2_3&#8243; _builder_version=»4.16&#8243; _module_preset=»default» global_colors_info=»{}» theme_builder_area=»post_content»][et_pb_text _builder_version=»4.17.4&#8243; _module_preset=»default» hover_enabled=»0&#8243; global_colors_info=»{}» theme_builder_area=»post_content» sticky_enabled=»0&#8243;]</p>
<h3>Segunda edición</h3>
<h1>Séptima reunión</h1>
<h5>21 de marzo de 2022</h5>
<p>[/et_pb_text][et_pb_image src=»https://museros.org/wp-content/uploads/2022/06/7a-reunió.jpg» title_text=»7a-reunió» align=»center» _builder_version=»4.17.4&#8243; _module_preset=»default» custom_margin=»30px||30px||false|false» hover_enabled=»0&#8243; global_colors_info=»{}» sticky_enabled=»0&#8243; theme_builder_area=»post_content»][/et_pb_image][et_pb_text _builder_version=»4.17.4&#8243; _module_preset=»default» hover_enabled=»0&#8243; global_colors_info=»{}» sticky_enabled=»0&#8243; theme_builder_area=»post_content»]</p>
<p>El pasado lunes, 21 de marzo de 2022, a las 19.00 h de la tarde, tuvo lugar la séptima reunión del II Foro Vecinal de Museros en la Casa de Cultura. A esta asistieron ocho personas (3 hombres y 5 mujeres), entre ellas representantes de la AMPA de la IES, de la Asociación de Vecinas y Vecinos de Museros y de la Asociación de Comercios Asociados de Museros (CAMU).<br />Los objetivos de la sesión fueron concretar el concepto de la iniciativa de los espacios acogedores valorando todas las aportaciones recibidas hasta la fecha, y esbozar el formato de la acción comunicativa/comunitaria de la presentación pública de la Red.<br />Se acordó que la iniciativa sea un <strong>reconocimiento general a escala municipio, partiendo del homenaje al carácter tradicionalmente cuidador del comercio local de Museros</strong>, con el ánimo de: contribuir a su pervivencia, servir de modelo para las equipaciones y de indicativo para el vecindario que todavía no se siente muy atendido o muy recibido.<br />Así pues, los servicios públicos (Ayuntamiento, Biblioteca, Centro de Día, Casa de Cultura, centros educativos&#8230;) así como las asociaciones con sede física recibirán directamente la denominación de Espacio Acogedor (o el nombre que se decida próximamente), con el compromiso de tener un mínimo de recursos ya adaptados en el momento de presentación pública. Esta gestión se hará mediante la reunión con la Mesa Técnica Intersectorial que mantendrán las dinamizadoras del Foro en el mes de mayo.<br />Como complemento, se hizo un inventario de las asociaciones con sede física en el pueblo que formarán parte de la iniciativa: SUMM, Falla de Museros, Falla el Castell, Peña de fútbol Valencianista, peñas boueres (4), Tyrius, Jubilados, Obreras de Cruz y grupos parroquiales. Serán invitadas de manera oficial por representantes del equipo de gobierno pero también recibirán el aviso personalizado por parte de miembros del Foro que tienen trato de proximidad.<br />En cuanto al nombre, se debatí si “acogedor” es adecuado, puesto que por los conflictos bélicos vigentes puede remitir a refugiados de guerra. Entonces, se recogió una lluvia de ideas de entre las cuales habrá que escoger el nuevo título o mantener el inicial: sensible, amigable, atento, hermandad, arraigado, cálido, hogar, hospitalario, receptivo, recibidor, enlace, vínculo, nexo, punto de encuentro&#8230;<br />Respecto al formato, se acordó que, previamente, se haga trabajo de campo preguntando a comerciantes y vecindario por recuerdos o sensaciones sobre el trato de curas y atención; de este modo la expresión vendrá del pueblo hacia el pueblo, evitando conceptos teóricos alejados del sentir de la gente. Posteriormente, se hará una acción comunicativa con un componente *comunitàri, al estilo de ofensiva gráfica: que el pueblo se despierte con una intervención artística simbólica desarrollada por el Foro según las ideas recogidas, acompañada por los dípticos con la explicación discursiva del proyecto y el mapa de la red. La ofensiva gráfica se preparó de manera artesanal entre los y las miembros del Foro y algunos otros colectivos invitados y el día siguiente se hará la presentación oficial y la entrega del distintivo a las equipaciones y los locales asociativos.<br />Finalmente, y en otro orden de cosas, hacemos constar las sugerencias hechas al inicio de la sesión sobre el contenido de los talleres o sesiones de salud mental que habrá que comentar a la psicopedagoga municipal: prevención del suicidio infantil/juvenil ante el <em>bullying</em>, abuso de pantallas (especialmente durante la noche), contactar con asociaciones expertas, que tenga un formato atractivo (para los jóvenes, entre iguales, por ejemplo con <em>Influencers</em>; para los padres y madres, microcápsulas digitales?).</p>
<p>[/et_pb_text][/et_pb_column][/et_pb_row][et_pb_row _builder_version=»4.16&#8243; _module_preset=»default» global_colors_info=»{}» theme_builder_area=»post_content»][et_pb_column type=»4_4&#8243; _builder_version=»4.16&#8243; _module_preset=»default» global_colors_info=»{}» theme_builder_area=»post_content»][et_pb_divider color=»#cc0000&#8243; divider_weight=»4px» _builder_version=»4.16&#8243; _module_preset=»default» global_colors_info=»{}» theme_builder_area=»post_content»][/et_pb_divider][/et_pb_column][/et_pb_row][/et_pb_section]</p>

<p>Segunda edición Séptima reunión 21 de marzo de 2022El pasado lunes, 21 de marzo de 2022, a las 19.00 h de la tarde, tuvo lugar la séptima reunión del II Foro Vecinal de Museros en la Casa de Cultura. A esta asistieron ocho personas (3 hombres y 5 mujeres), entre ellas representantes de la AMPA [&hellip;]</p>
