{"id":260154,"date":"2022-06-16T17:21:05","date_gmt":"2022-06-16T17:21:05","guid":{"rendered":"https:\/\/museros.org\/inici\/?page_id=260154"},"modified":"2022-06-16T17:43:22","modified_gmt":"2022-06-16T17:43:22","slug":"2e-novena-reunion","status":"publish","type":"page","link":"https:\/\/museros.org\/inici\/es\/2e-novena-reunion\/","title":{"rendered":"2e Novena reuni\u00f3n"},"content":{"rendered":"<p>[et_pb_section fb_built=\u00bb1&#8243; _builder_version=\u00bb4.16&#8243; _module_preset=\u00bbdefault\u00bb custom_margin=\u00bb0px||||false|false\u00bb custom_padding=\u00bb0px||||false|false\u00bb locked=\u00bboff\u00bb global_colors_info=\u00bb{}\u00bb][et_pb_row column_structure=\u00bb1_3,2_3&#8243; _builder_version=\u00bb4.16&#8243; _module_preset=\u00bbdefault\u00bb custom_margin=\u00bb0px||||false|false\u00bb custom_padding=\u00bb0px||||false|false\u00bb global_colors_info=\u00bb{}\u00bb][et_pb_column type=\u00bb1_3&#8243; _builder_version=\u00bb4.16&#8243; _module_preset=\u00bbdefault\u00bb global_colors_info=\u00bb{}\u00bb][et_pb_image src=\u00bbhttps:\/\/museros.org\/wp-content\/uploads\/2021\/06\/logo-forumvecinal-230&#215;180-1.jpg\u00bb title_text=\u00bblogo-forumvecinal-230&#215;180&#8243; url=\u00bbhttps:\/\/museros.org\/inici\/es\/foro-vecinal\/\u00bb use_overlay=\u00bbon\u00bb overlay_icon_color=\u00bb#E02B20&#8243; hover_overlay_color=\u00bbrgba(255,255,255,0.7)\u00bb hover_icon=\u00bb&#xe04d;||divi||400&#8243; align=\u00bbcenter\u00bb admin_label=\u00bblogo forum vecinal\u00bb _builder_version=\u00bb4.17.4&#8243; _module_preset=\u00bbdefault\u00bb width_tablet=\u00bb\u00bb width_phone=\u00bb100%\u00bb width_last_edited=\u00bbon|desktop\u00bb custom_margin=\u00bb60px||||false|false\u00bb custom_margin_tablet=\u00bb\u00bb custom_margin_phone=\u00bb0px||||false|false\u00bb custom_margin_last_edited=\u00bbon|desktop\u00bb hover_enabled=\u00bb0&#8243; locked=\u00bboff\u00bb global_colors_info=\u00bb{}\u00bb src__hover_enabled=\u00bbon|desktop\u00bb src__hover=\u00bbhttps:\/\/museros.org\/wp-content\/uploads\/2021\/06\/logo-forumvecinal-230&#215;180-1.jpg\u00bb sticky_enabled=\u00bb0&#8243;][\/et_pb_image][\/et_pb_column][et_pb_column type=\u00bb2_3&#8243; _builder_version=\u00bb4.16&#8243; _module_preset=\u00bbdefault\u00bb global_colors_info=\u00bb{}\u00bb][et_pb_text _builder_version=\u00bb4.17.4&#8243; _module_preset=\u00bbdefault\u00bb global_colors_info=\u00bb{}\u00bb]<\/p>\n<h3>Segunda edici\u00f3n<\/h3>\n<h1>Novena reuni\u00f3n<\/h1>\n<h5>6 de junio de 2022<\/h5>\n<p>[\/et_pb_text][et_pb_text _builder_version=\u00bb4.17.4&#8243; _module_preset=\u00bbdefault\u00bb global_colors_info=\u00bb{}\u00bb]<\/p>\n<p>El lunes 06 de junio, a las 19.00 h, se ha convocado una reuni\u00f3n presencial en la sala polivalente de la Casa de Cultura de Museros, a la cual han asistido las persones miembros del Foro que responden a estas categor\u00edas sociodemogr\u00e1ficas: 1 representante de la asociaci\u00f3n Comercios Asociados de Museros *CAMU, 1 representante de la Asociaci\u00f3n de Vecinas y Vecinos de Museros, 1 representante del Instituto Secular de Obreras de Cruz, 1 representante fallero, 1 representante del AMPA de la IES, 1 hombre adulto y 3 mujeres adultas.<br \/>El objetivo principal de la reuni\u00f3n ha sido <strong>concretar la log\u00edstica de la actividad de promoci\u00f3n de la Red de Espacios Amigables<\/strong> impulsada por el Foro Vecinal con el apoyo de la Mesa T\u00e9cnica y el equipo de gobierno.<br \/>Al inicio de la sesi\u00f3n, las dinamizadoras han hecho un repaso de la trayectoria de la iniciativa: el concepto propuesto por la primera edici\u00f3n del Foro y las adaptaciones que la segunda edici\u00f3n ha hecho a fin de aterrizar la propuesta a la realidad muserenca, respetar todas las sensibilidades y canalizar todo su potencial.<br \/>Se ha repasado el plan de comunicaci\u00f3n, que empezar\u00e1 el jueves d\u00eda 9 de junio y se extender\u00e1 hasta el viernes d\u00eda 17 de junio. Consiste en una serie de publicaciones en el web municipal y por los canales de Facebook e Instagram oficiales, presentando la Red y difundiendo los valores que representa a trav\u00e9s de unos videos en clave de experiencia vecinal. Tambi\u00e9n se publicar\u00e1 una nota de prensa. En ese intervalo de tiempo, en los espacios adheridos en la Red, tanto las equipaciones p\u00fablicas como los locales asociativos, se colocar\u00e1 una placa distintiva con la imagen de la campa\u00f1a.<br \/><strong>El s\u00e1bado 18 de junio, de 11 h a 13 h<\/strong>, aprovechando la apertura de la piscina municipal para la temporada de veranos 2022, el Foro Vecinal atender\u00e1 una parada para repartir tr\u00edpticos, explicar m\u00e1s a fondo la iniciativa y recompilar an\u00e9cdotas que ilustran la actitud acogedora muserenca, a la vez que repartir\u00e1 horchata y fartons. El montaje de la parada se empezar\u00e1 a las 10.30 h y a lo largo de la ma\u00f1ana, en el horario que puedan, se pasar\u00e1n los y las miembros del Foro a participar en la actividad.<br \/>Para cerrar la sesi\u00f3n, la \u00faltima de la segunda edici\u00f3n, las dinamizadoras han expuesto la voluntad de mantener el espacio de la Mesa T\u00e9cnica durante 2022-2023 con el nombramiento de la T\u00e9cnica de la Administraci\u00f3n General del Ayuntamiento de Museros como convocante del Espacio y de la t\u00e9cnica de Igualdad como formadora y facilitadora de la implementaci\u00f3n de la segunda fase de la Red de Espacios Amigables (con la adhesi\u00f3n de los comercios). Tambi\u00e9n, se ha explicado el ofrecimiento del actual t\u00e9cnico de deportes de concebir una tercera fase con el paradigma de Iniciativas Amigables, en referencia a los acontecimientos festivos y deportivos.<br \/>Finalmente, se ha informado que se har\u00e1 un documento p\u00fablico sobre todo el proceso de la segunda edici\u00f3n del Foro Vecinal donde consto el desarrollo, an\u00e1lisis y propuestas, y que despu\u00e9s de la actividad de la piscina probablemente se pida a trav\u00e9s del grupo de WhatsApp del Foro una ampliaci\u00f3n de la valoraci\u00f3n de la edici\u00f3n.<\/p>\n<p>* Habiendo sucedido despu\u00e9s una reuni\u00f3n entre el regidor a cargo del Foro y las dinamizadoras, se concreta que la actividad del d\u00eda 18 se har\u00e1 dentro del recinto de la piscina para promover as\u00ed tambi\u00e9n la inauguraci\u00f3n de la temporada, en la zona de umbr\u00eda donde tambi\u00e9n se cuenta con bancos. Se pondr\u00e1 a disposici\u00f3n del Foro una mesa y sillas, as\u00ed como los <em>rollers<\/em> del proyecto. Las dinamizadoras aportar\u00e1n el resto de material necesario, entre este algunas im\u00e1genes con la identidad del proyecto<\/p>\n<p>[\/et_pb_text][\/et_pb_column][\/et_pb_row][et_pb_row _builder_version=\u00bb4.16&#8243; _module_preset=\u00bbdefault\u00bb global_colors_info=\u00bb{}\u00bb][et_pb_column type=\u00bb4_4&#8243; _builder_version=\u00bb4.16&#8243; _module_preset=\u00bbdefault\u00bb global_colors_info=\u00bb{}\u00bb][et_pb_divider color=\u00bb#cc0000&#8243; divider_weight=\u00bb4px\u00bb _builder_version=\u00bb4.16&#8243; _module_preset=\u00bbdefault\u00bb global_colors_info=\u00bb{}\u00bb][\/et_pb_divider][\/et_pb_column][\/et_pb_row][\/et_pb_section]<\/p>\n","protected":false},"excerpt":{"rendered":"<p>Segunda edici\u00f3n Novena reuni\u00f3n 6 de junio de 2022El lunes 06 de junio, a las 19.00 h, se ha convocado una reuni\u00f3n presencial en la sala polivalente de la Casa de Cultura de Museros, a la cual han asistido las persones miembros del Foro que responden a estas categor\u00edas sociodemogr\u00e1ficas: 1 representante de la asociaci\u00f3n [&hellip;]<\/p>\n","protected":false},"author":8,"featured_media":0,"parent":0,"menu_order":0,"comment_status":"closed","ping_status":"closed","template":"","meta":{"_et_pb_use_builder":"on","_et_pb_old_content":"","_et_gb_content_width":"","_mc_calendar":[],"footnotes":""},"wf_page_folders":[1066],"class_list":["post-260154","page","type-page","status-publish","hentry"],"_links":{"self":[{"href":"https:\/\/museros.org\/inici\/wp-json\/wp\/v2\/pages\/260154","targetHints":{"allow":["GET"]}}],"collection":[{"href":"https:\/\/museros.org\/inici\/wp-json\/wp\/v2\/pages"}],"about":[{"href":"https:\/\/museros.org\/inici\/wp-json\/wp\/v2\/types\/page"}],"author":[{"embeddable":true,"href":"https:\/\/museros.org\/inici\/wp-json\/wp\/v2\/users\/8"}],"replies":[{"embeddable":true,"href":"https:\/\/museros.org\/inici\/wp-json\/wp\/v2\/comments?post=260154"}],"version-history":[{"count":4,"href":"https:\/\/museros.org\/inici\/wp-json\/wp\/v2\/pages\/260154\/revisions"}],"predecessor-version":[{"id":260168,"href":"https:\/\/museros.org\/inici\/wp-json\/wp\/v2\/pages\/260154\/revisions\/260168"}],"wp:attachment":[{"href":"https:\/\/museros.org\/inici\/wp-json\/wp\/v2\/media?parent=260154"}],"wp:term":[{"taxonomy":"wf_page_folders","embeddable":true,"href":"https:\/\/museros.org\/inici\/wp-json\/wp\/v2\/wf_page_folders?post=260154"}],"curies":[{"name":"wp","href":"https:\/\/api.w.org\/{rel}","templated":true}]}}

2e Novena reunión

<p>[et_pb_section fb_built=»1&#8243; _builder_version=»4.16&#8243; _module_preset=»default» custom_margin=»0px||||false|false» custom_padding=»0px||||false|false» locked=»off» global_colors_info=»{}»][et_pb_row column_structure=»1_3,2_3&#8243; _builder_version=»4.16&#8243; _module_preset=»default» custom_margin=»0px||||false|false» custom_padding=»0px||||false|false» global_colors_info=»{}»][et_pb_column type=»1_3&#8243; _builder_version=»4.16&#8243; _module_preset=»default» global_colors_info=»{}»][et_pb_image src=»https://museros.org/wp-content/uploads/2021/06/logo-forumvecinal-230&#215;180-1.jpg» title_text=»logo-forumvecinal-230&#215;180&#8243; url=»https://museros.org/inici/es/foro-vecinal/» use_overlay=»on» overlay_icon_color=»#E02B20&#8243; hover_overlay_color=»rgba(255,255,255,0.7)» hover_icon=»&#xe04d;||divi||400&#8243; align=»center» admin_label=»logo forum vecinal» _builder_version=»4.17.4&#8243; _module_preset=»default» width_tablet=»» width_phone=»100%» width_last_edited=»on|desktop» custom_margin=»60px||||false|false» custom_margin_tablet=»» custom_margin_phone=»0px||||false|false» custom_margin_last_edited=»on|desktop» hover_enabled=»0&#8243; locked=»off» global_colors_info=»{}» src__hover_enabled=»on|desktop» src__hover=»https://museros.org/wp-content/uploads/2021/06/logo-forumvecinal-230&#215;180-1.jpg» sticky_enabled=»0&#8243;][/et_pb_image][/et_pb_column][et_pb_column type=»2_3&#8243; _builder_version=»4.16&#8243; _module_preset=»default» global_colors_info=»{}»][et_pb_text _builder_version=»4.17.4&#8243; _module_preset=»default» global_colors_info=»{}»]</p>
<h3>Segunda edición</h3>
<h1>Novena reunión</h1>
<h5>6 de junio de 2022</h5>
<p>[/et_pb_text][et_pb_text _builder_version=»4.17.4&#8243; _module_preset=»default» global_colors_info=»{}»]</p>
<p>El lunes 06 de junio, a las 19.00 h, se ha convocado una reunión presencial en la sala polivalente de la Casa de Cultura de Museros, a la cual han asistido las persones miembros del Foro que responden a estas categorías sociodemográficas: 1 representante de la asociación Comercios Asociados de Museros *CAMU, 1 representante de la Asociación de Vecinas y Vecinos de Museros, 1 representante del Instituto Secular de Obreras de Cruz, 1 representante fallero, 1 representante del AMPA de la IES, 1 hombre adulto y 3 mujeres adultas.<br />El objetivo principal de la reunión ha sido <strong>concretar la logística de la actividad de promoción de la Red de Espacios Amigables</strong> impulsada por el Foro Vecinal con el apoyo de la Mesa Técnica y el equipo de gobierno.<br />Al inicio de la sesión, las dinamizadoras han hecho un repaso de la trayectoria de la iniciativa: el concepto propuesto por la primera edición del Foro y las adaptaciones que la segunda edición ha hecho a fin de aterrizar la propuesta a la realidad muserenca, respetar todas las sensibilidades y canalizar todo su potencial.<br />Se ha repasado el plan de comunicación, que empezará el jueves día 9 de junio y se extenderá hasta el viernes día 17 de junio. Consiste en una serie de publicaciones en el web municipal y por los canales de Facebook e Instagram oficiales, presentando la Red y difundiendo los valores que representa a través de unos videos en clave de experiencia vecinal. También se publicará una nota de prensa. En ese intervalo de tiempo, en los espacios adheridos en la Red, tanto las equipaciones públicas como los locales asociativos, se colocará una placa distintiva con la imagen de la campaña.<br /><strong>El sábado 18 de junio, de 11 h a 13 h</strong>, aprovechando la apertura de la piscina municipal para la temporada de veranos 2022, el Foro Vecinal atenderá una parada para repartir trípticos, explicar más a fondo la iniciativa y recompilar anécdotas que ilustran la actitud acogedora muserenca, a la vez que repartirá horchata y fartons. El montaje de la parada se empezará a las 10.30 h y a lo largo de la mañana, en el horario que puedan, se pasarán los y las miembros del Foro a participar en la actividad.<br />Para cerrar la sesión, la última de la segunda edición, las dinamizadoras han expuesto la voluntad de mantener el espacio de la Mesa Técnica durante 2022-2023 con el nombramiento de la Técnica de la Administración General del Ayuntamiento de Museros como convocante del Espacio y de la técnica de Igualdad como formadora y facilitadora de la implementación de la segunda fase de la Red de Espacios Amigables (con la adhesión de los comercios). También, se ha explicado el ofrecimiento del actual técnico de deportes de concebir una tercera fase con el paradigma de Iniciativas Amigables, en referencia a los acontecimientos festivos y deportivos.<br />Finalmente, se ha informado que se hará un documento público sobre todo el proceso de la segunda edición del Foro Vecinal donde consto el desarrollo, análisis y propuestas, y que después de la actividad de la piscina probablemente se pida a través del grupo de WhatsApp del Foro una ampliación de la valoración de la edición.</p>
<p>* Habiendo sucedido después una reunión entre el regidor a cargo del Foro y las dinamizadoras, se concreta que la actividad del día 18 se hará dentro del recinto de la piscina para promover así también la inauguración de la temporada, en la zona de umbría donde también se cuenta con bancos. Se pondrá a disposición del Foro una mesa y sillas, así como los <em>rollers</em> del proyecto. Las dinamizadoras aportarán el resto de material necesario, entre este algunas imágenes con la identidad del proyecto</p>
<p>[/et_pb_text][/et_pb_column][/et_pb_row][et_pb_row _builder_version=»4.16&#8243; _module_preset=»default» global_colors_info=»{}»][et_pb_column type=»4_4&#8243; _builder_version=»4.16&#8243; _module_preset=»default» global_colors_info=»{}»][et_pb_divider color=»#cc0000&#8243; divider_weight=»4px» _builder_version=»4.16&#8243; _module_preset=»default» global_colors_info=»{}»][/et_pb_divider][/et_pb_column][/et_pb_row][/et_pb_section]</p>

<p>Segunda edición Novena reunión 6 de junio de 2022El lunes 06 de junio, a las 19.00 h, se ha convocado una reunión presencial en la sala polivalente de la Casa de Cultura de Museros, a la cual han asistido las persones miembros del Foro que responden a estas categorías sociodemográficas: 1 representante de la asociación [&hellip;]</p>
