{"id":260150,"date":"2022-06-16T17:19:19","date_gmt":"2022-06-16T17:19:19","guid":{"rendered":"https:\/\/museros.org\/inici\/?page_id=260150"},"modified":"2022-06-16T17:19:19","modified_gmt":"2022-06-16T17:19:19","slug":"2e-novena-reunio","status":"publish","type":"page","link":"https:\/\/museros.org\/inici\/2e-novena-reunio\/","title":{"rendered":"2e Novena reuni\u00f3"},"content":{"rendered":"<p>[et_pb_section fb_built=\u00bb1&#8243; _builder_version=\u00bb4.16&#8243; _module_preset=\u00bbdefault\u00bb custom_margin=\u00bb0px||||false|false\u00bb custom_padding=\u00bb0px||||false|false\u00bb locked=\u00bboff\u00bb global_colors_info=\u00bb{}\u00bb theme_builder_area=\u00bbpost_content\u00bb][et_pb_row column_structure=\u00bb1_3,2_3&#8243; _builder_version=\u00bb4.16&#8243; _module_preset=\u00bbdefault\u00bb custom_margin=\u00bb0px||||false|false\u00bb custom_padding=\u00bb0px||||false|false\u00bb global_colors_info=\u00bb{}\u00bb theme_builder_area=\u00bbpost_content\u00bb][et_pb_column type=\u00bb1_3&#8243; _builder_version=\u00bb4.16&#8243; _module_preset=\u00bbdefault\u00bb global_colors_info=\u00bb{}\u00bb theme_builder_area=\u00bbpost_content\u00bb][et_pb_image src=\u00bbhttps:\/\/museros.org\/wp-content\/uploads\/2021\/06\/logo-forumvecinal-230&#215;180-1.jpg\u00bb title_text=\u00bblogo-forumvecinal-230&#215;180&#8243; url=\u00bbhttps:\/\/museros.org\/inici\/forum-veinal\/\u00bb use_overlay=\u00bbon\u00bb overlay_icon_color=\u00bb#E02B20&#8243; hover_overlay_color=\u00bbrgba(255,255,255,0.7)\u00bb hover_icon=\u00bb&#xe04d;||divi||400&#8243; align=\u00bbcenter\u00bb admin_label=\u00bblogo forum vecinal\u00bb _builder_version=\u00bb4.16&#8243; _module_preset=\u00bbdefault\u00bb width_tablet=\u00bb\u00bb width_phone=\u00bb100%\u00bb width_last_edited=\u00bbon|desktop\u00bb custom_margin=\u00bb60px||||false|false\u00bb custom_margin_tablet=\u00bb\u00bb custom_margin_phone=\u00bb0px||||false|false\u00bb custom_margin_last_edited=\u00bbon|desktop\u00bb locked=\u00bboff\u00bb global_colors_info=\u00bb{}\u00bb src__hover_enabled=\u00bbon|desktop\u00bb src__hover=\u00bbhttps:\/\/museros.org\/wp-content\/uploads\/2021\/06\/logo-forumvecinal-230&#215;180-1.jpg\u00bb theme_builder_area=\u00bbpost_content\u00bb][\/et_pb_image][\/et_pb_column][et_pb_column type=\u00bb2_3&#8243; _builder_version=\u00bb4.16&#8243; _module_preset=\u00bbdefault\u00bb global_colors_info=\u00bb{}\u00bb theme_builder_area=\u00bbpost_content\u00bb][et_pb_text _builder_version=\u00bb4.17.4&#8243; _module_preset=\u00bbdefault\u00bb hover_enabled=\u00bb0&#8243; global_colors_info=\u00bb{}\u00bb theme_builder_area=\u00bbpost_content\u00bb sticky_enabled=\u00bb0&#8243;]<\/p>\n<h3>Segona edici\u00f3<\/h3>\n<h1>Novena reuni\u00f3<\/h1>\n<h5>6 de juny de 2022<\/h5>\n<p>[\/et_pb_text][et_pb_text _builder_version=\u00bb4.17.4&#8243; _module_preset=\u00bbdefault\u00bb hover_enabled=\u00bb0&#8243; global_colors_info=\u00bb{}\u00bb theme_builder_area=\u00bbpost_content\u00bb sticky_enabled=\u00bb0&#8243;]<\/p>\n<p>El dilluns 06 de juny, a les 19.00 h, s\u2019ha convocat una reuni\u00f3 presencial en la sala polivalent de la Casa de Cultura de Museros, a la qual han assistit les persones membres del F\u00f2rum que responen a aquestes categories sociodemogr\u00e0fiques: 1 representant de l\u2019associaci\u00f3 Comer\u00e7os Associats de Museros CAMU, 1 representant de l\u2019Associaci\u00f3 de Ve\u00efnes i Ve\u00efns de Museros, 1 representant de l&#8217;Institut Secular d&#8217;Obreras de la Cruz, 1 representant faller, 1 representant de l\u2019AMPA de l\u2019IES, 1 home adult i 3 dones adultes.<br \/>L\u2019objectiu principal de la reuni\u00f3 ha sigut <strong>concretar la log\u00edstica de l\u2019activitat de promoci\u00f3 de la Xarxa d\u2019Espais Amigables<\/strong> impulsada pel F\u00f2rum Ve\u00efnal amb el suport de la Mesa T\u00e8cnica i l\u2019equip de govern.<br \/>A l\u2019inici de la sessi\u00f3, les dinamitzadores han fet un rep\u00e0s de la traject\u00f2ria de la iniciativa: el concepte proposat per la primera edici\u00f3 del F\u00f2rum i les adaptacions que la segona edici\u00f3 n\u2019ha fet a fi d\u2019aterrar la proposta a la realitat muserenca, respectar totes les sensibilitats i canalitzar tot el seu potencial.<br \/>S\u2019ha repassat el pla de comunicaci\u00f3, que comen\u00e7ar\u00e0 el dijous dia 9 de juny i s\u2019estendr\u00e0 fins al divendres dia 17 de juny. Consisteix en un seguit de publicacions al web municipal i pels canals de Facebook i Instagram oficials, presentant la Xarxa i difonent els valors que representa a trav\u00e9s d\u2019uns v\u00eddeos en clau d\u2019experi\u00e8ncia ve\u00efnal. Tamb\u00e9 es publicar\u00e0 una nota de premsa. En eixe interval de temps, als espais adherits a la Xarxa, tant els equipaments p\u00fablics com els locals associatius, es col\u00b7locar\u00e0 una placa distintiva amb la imatge de la campanya.<br \/><strong>El dissabte 18 de juny, d\u201911 h a 13 h,<\/strong> aprofitant l\u2019obertura de la piscina municipal per a la temporada d\u2019estius 2022, el F\u00f2rum Ve\u00efnal atendr\u00e0 una parada per a repartir tr\u00edptics, explicar m\u00e9s a fons la iniciativa i recompilar an\u00e8cdotes que il\u00b7lustren l\u2019actitud acollidora muserenca, alhora que repartir\u00e0 orxata i fartons. El muntatge de la parada es comen\u00e7ar\u00e0 a les 10.30 h i al llarg del mat\u00ed, en l\u2019horari que puguen, s\u2019hi passaran els i les membres del F\u00f2rum a participar en l\u2019activitat.<br \/>Per tancar la sessi\u00f3, l\u2019\u00faltima de la segona edici\u00f3, les dinamitzadores han exposat la voluntat de mantindre l\u2019espai de la Mesa T\u00e8cnica durant 2022-2023 amb el nomenament de la T\u00e8cnica de l\u2019Administraci\u00f3 General de l\u2019Ajuntament de Museros com a convocant de l\u2019Espai i de la t\u00e8cnica d\u2019Igualtat com a formadora i facilitadora de la implementaci\u00f3 de la segona fase de la Xarxa d\u2019Espais Amigables (amb l\u2019adhesi\u00f3 dels comer\u00e7os). Tamb\u00e9, s\u2019ha explicat l\u2019oferiment de l\u2019actual t\u00e8cnic d\u2019esports de concebre una tercera fase amb el paradigma d\u2019Iniciatives Amigables, en refer\u00e8ncia als esdeveniments festius i esportius.<br \/>Finalment, s\u2019ha informat que es far\u00e0 un document p\u00fablic sobre tot el proc\u00e9s de la segona edici\u00f3 del F\u00f2rum Ve\u00efnal on conste el desenvolupament, an\u00e0lisi i propostes, i que despr\u00e9s de l\u2019activitat de la piscina probablement es demane a trav\u00e9s del grup de WhatsApp del F\u00f2rum una ampliaci\u00f3 de la valoraci\u00f3 de l\u2019edici\u00f3.<\/p>\n<p>* Havent succe\u00eft despr\u00e9s una reuni\u00f3 entre el regidor a c\u00e0rrec del F\u00f2rum i les dinamitzadores, es concreta que l\u2019activitat del dia 18 es far\u00e0 dins el recinte de la piscina per promoure\u2019n aix\u00ed tamb\u00e9 la inauguraci\u00f3 de la temporada, en la zona d\u2019ombria on tamb\u00e9 s\u2019hi compta amb bancs. Es posar\u00e0 a disposici\u00f3 del F\u00f2rum una taula i cadires, aix\u00ed com els <em>rollers<\/em> del projecte. Les dinamitzadores aportaran la resta de material necessari, entre aquest algunes imatges amb la identitat del projecte<\/p>\n<p>[\/et_pb_text][\/et_pb_column][\/et_pb_row][et_pb_row _builder_version=\u00bb4.16&#8243; _module_preset=\u00bbdefault\u00bb global_colors_info=\u00bb{}\u00bb theme_builder_area=\u00bbpost_content\u00bb][et_pb_column type=\u00bb4_4&#8243; _builder_version=\u00bb4.16&#8243; _module_preset=\u00bbdefault\u00bb global_colors_info=\u00bb{}\u00bb theme_builder_area=\u00bbpost_content\u00bb][et_pb_divider color=\u00bb#cc0000&#8243; divider_weight=\u00bb4px\u00bb _builder_version=\u00bb4.16&#8243; _module_preset=\u00bbdefault\u00bb global_colors_info=\u00bb{}\u00bb theme_builder_area=\u00bbpost_content\u00bb][\/et_pb_divider][\/et_pb_column][\/et_pb_row][\/et_pb_section]<\/p>\n","protected":false},"excerpt":{"rendered":"<p>Segona edici\u00f3 Novena reuni\u00f3 6 de juny de 2022El dilluns 06 de juny, a les 19.00 h, s\u2019ha convocat una reuni\u00f3 presencial en la sala polivalent de la Casa de Cultura de Museros, a la qual han assistit les persones membres del F\u00f2rum que responen a aquestes categories sociodemogr\u00e0fiques: 1 representant de l\u2019associaci\u00f3 Comer\u00e7os Associats [&hellip;]<\/p>\n","protected":false},"author":8,"featured_media":0,"parent":0,"menu_order":0,"comment_status":"closed","ping_status":"closed","template":"","meta":{"_et_pb_use_builder":"on","_et_pb_old_content":"","_et_gb_content_width":"","_mc_calendar":[],"footnotes":""},"wf_page_folders":[1066],"class_list":["post-260150","page","type-page","status-publish","hentry"],"_links":{"self":[{"href":"https:\/\/museros.org\/inici\/wp-json\/wp\/v2\/pages\/260150","targetHints":{"allow":["GET"]}}],"collection":[{"href":"https:\/\/museros.org\/inici\/wp-json\/wp\/v2\/pages"}],"about":[{"href":"https:\/\/museros.org\/inici\/wp-json\/wp\/v2\/types\/page"}],"author":[{"embeddable":true,"href":"https:\/\/museros.org\/inici\/wp-json\/wp\/v2\/users\/8"}],"replies":[{"embeddable":true,"href":"https:\/\/museros.org\/inici\/wp-json\/wp\/v2\/comments?post=260150"}],"version-history":[{"count":2,"href":"https:\/\/museros.org\/inici\/wp-json\/wp\/v2\/pages\/260150\/revisions"}],"predecessor-version":[{"id":260153,"href":"https:\/\/museros.org\/inici\/wp-json\/wp\/v2\/pages\/260150\/revisions\/260153"}],"wp:attachment":[{"href":"https:\/\/museros.org\/inici\/wp-json\/wp\/v2\/media?parent=260150"}],"wp:term":[{"taxonomy":"wf_page_folders","embeddable":true,"href":"https:\/\/museros.org\/inici\/wp-json\/wp\/v2\/wf_page_folders?post=260150"}],"curies":[{"name":"wp","href":"https:\/\/api.w.org\/{rel}","templated":true}]}}

2e Novena reunió

<p>[et_pb_section fb_built=»1&#8243; _builder_version=»4.16&#8243; _module_preset=»default» custom_margin=»0px||||false|false» custom_padding=»0px||||false|false» locked=»off» global_colors_info=»{}» theme_builder_area=»post_content»][et_pb_row column_structure=»1_3,2_3&#8243; _builder_version=»4.16&#8243; _module_preset=»default» custom_margin=»0px||||false|false» custom_padding=»0px||||false|false» global_colors_info=»{}» theme_builder_area=»post_content»][et_pb_column type=»1_3&#8243; _builder_version=»4.16&#8243; _module_preset=»default» global_colors_info=»{}» theme_builder_area=»post_content»][et_pb_image src=»https://museros.org/wp-content/uploads/2021/06/logo-forumvecinal-230&#215;180-1.jpg» title_text=»logo-forumvecinal-230&#215;180&#8243; url=»https://museros.org/inici/forum-veinal/» use_overlay=»on» overlay_icon_color=»#E02B20&#8243; hover_overlay_color=»rgba(255,255,255,0.7)» hover_icon=»&#xe04d;||divi||400&#8243; align=»center» admin_label=»logo forum vecinal» _builder_version=»4.16&#8243; _module_preset=»default» width_tablet=»» width_phone=»100%» width_last_edited=»on|desktop» custom_margin=»60px||||false|false» custom_margin_tablet=»» custom_margin_phone=»0px||||false|false» custom_margin_last_edited=»on|desktop» locked=»off» global_colors_info=»{}» src__hover_enabled=»on|desktop» src__hover=»https://museros.org/wp-content/uploads/2021/06/logo-forumvecinal-230&#215;180-1.jpg» theme_builder_area=»post_content»][/et_pb_image][/et_pb_column][et_pb_column type=»2_3&#8243; _builder_version=»4.16&#8243; _module_preset=»default» global_colors_info=»{}» theme_builder_area=»post_content»][et_pb_text _builder_version=»4.17.4&#8243; _module_preset=»default» hover_enabled=»0&#8243; global_colors_info=»{}» theme_builder_area=»post_content» sticky_enabled=»0&#8243;]</p>
<h3>Segona edició</h3>
<h1>Novena reunió</h1>
<h5>6 de juny de 2022</h5>
<p>[/et_pb_text][et_pb_text _builder_version=»4.17.4&#8243; _module_preset=»default» hover_enabled=»0&#8243; global_colors_info=»{}» theme_builder_area=»post_content» sticky_enabled=»0&#8243;]</p>
<p>El dilluns 06 de juny, a les 19.00 h, s’ha convocat una reunió presencial en la sala polivalent de la Casa de Cultura de Museros, a la qual han assistit les persones membres del Fòrum que responen a aquestes categories sociodemogràfiques: 1 representant de l’associació Comerços Associats de Museros CAMU, 1 representant de l’Associació de Veïnes i Veïns de Museros, 1 representant de l&#8217;Institut Secular d&#8217;Obreras de la Cruz, 1 representant faller, 1 representant de l’AMPA de l’IES, 1 home adult i 3 dones adultes.<br />L’objectiu principal de la reunió ha sigut <strong>concretar la logística de l’activitat de promoció de la Xarxa d’Espais Amigables</strong> impulsada pel Fòrum Veïnal amb el suport de la Mesa Tècnica i l’equip de govern.<br />A l’inici de la sessió, les dinamitzadores han fet un repàs de la trajectòria de la iniciativa: el concepte proposat per la primera edició del Fòrum i les adaptacions que la segona edició n’ha fet a fi d’aterrar la proposta a la realitat muserenca, respectar totes les sensibilitats i canalitzar tot el seu potencial.<br />S’ha repassat el pla de comunicació, que començarà el dijous dia 9 de juny i s’estendrà fins al divendres dia 17 de juny. Consisteix en un seguit de publicacions al web municipal i pels canals de Facebook i Instagram oficials, presentant la Xarxa i difonent els valors que representa a través d’uns vídeos en clau d’experiència veïnal. També es publicarà una nota de premsa. En eixe interval de temps, als espais adherits a la Xarxa, tant els equipaments públics com els locals associatius, es col·locarà una placa distintiva amb la imatge de la campanya.<br /><strong>El dissabte 18 de juny, d’11 h a 13 h,</strong> aprofitant l’obertura de la piscina municipal per a la temporada d’estius 2022, el Fòrum Veïnal atendrà una parada per a repartir tríptics, explicar més a fons la iniciativa i recompilar anècdotes que il·lustren l’actitud acollidora muserenca, alhora que repartirà orxata i fartons. El muntatge de la parada es començarà a les 10.30 h i al llarg del matí, en l’horari que puguen, s’hi passaran els i les membres del Fòrum a participar en l’activitat.<br />Per tancar la sessió, l’última de la segona edició, les dinamitzadores han exposat la voluntat de mantindre l’espai de la Mesa Tècnica durant 2022-2023 amb el nomenament de la Tècnica de l’Administració General de l’Ajuntament de Museros com a convocant de l’Espai i de la tècnica d’Igualtat com a formadora i facilitadora de la implementació de la segona fase de la Xarxa d’Espais Amigables (amb l’adhesió dels comerços). També, s’ha explicat l’oferiment de l’actual tècnic d’esports de concebre una tercera fase amb el paradigma d’Iniciatives Amigables, en referència als esdeveniments festius i esportius.<br />Finalment, s’ha informat que es farà un document públic sobre tot el procés de la segona edició del Fòrum Veïnal on conste el desenvolupament, anàlisi i propostes, i que després de l’activitat de la piscina probablement es demane a través del grup de WhatsApp del Fòrum una ampliació de la valoració de l’edició.</p>
<p>* Havent succeït després una reunió entre el regidor a càrrec del Fòrum i les dinamitzadores, es concreta que l’activitat del dia 18 es farà dins el recinte de la piscina per promoure’n així també la inauguració de la temporada, en la zona d’ombria on també s’hi compta amb bancs. Es posarà a disposició del Fòrum una taula i cadires, així com els <em>rollers</em> del projecte. Les dinamitzadores aportaran la resta de material necessari, entre aquest algunes imatges amb la identitat del projecte</p>
<p>[/et_pb_text][/et_pb_column][/et_pb_row][et_pb_row _builder_version=»4.16&#8243; _module_preset=»default» global_colors_info=»{}» theme_builder_area=»post_content»][et_pb_column type=»4_4&#8243; _builder_version=»4.16&#8243; _module_preset=»default» global_colors_info=»{}» theme_builder_area=»post_content»][et_pb_divider color=»#cc0000&#8243; divider_weight=»4px» _builder_version=»4.16&#8243; _module_preset=»default» global_colors_info=»{}» theme_builder_area=»post_content»][/et_pb_divider][/et_pb_column][/et_pb_row][/et_pb_section]</p>

<p>Segona edició Novena reunió 6 de juny de 2022El dilluns 06 de juny, a les 19.00 h, s’ha convocat una reunió presencial en la sala polivalent de la Casa de Cultura de Museros, a la qual han assistit les persones membres del Fòrum que responen a aquestes categories sociodemogràfiques: 1 representant de l’associació Comerços Associats [&hellip;]</p>
