{"id":260147,"date":"2022-06-16T17:12:30","date_gmt":"2022-06-16T17:12:30","guid":{"rendered":"https:\/\/museros.org\/inici\/?page_id=260147"},"modified":"2022-06-16T17:37:44","modified_gmt":"2022-06-16T17:37:44","slug":"2e-setena-reunio","status":"publish","type":"page","link":"https:\/\/museros.org\/inici\/2e-setena-reunio\/","title":{"rendered":"2e Setena reuni\u00f3"},"content":{"rendered":"<p>[et_pb_section fb_built=\u00bb1&#8243; _builder_version=\u00bb4.16&#8243; _module_preset=\u00bbdefault\u00bb custom_margin=\u00bb0px||||false|false\u00bb custom_padding=\u00bb0px||||false|false\u00bb locked=\u00bboff\u00bb global_colors_info=\u00bb{}\u00bb][et_pb_row column_structure=\u00bb1_3,2_3&#8243; _builder_version=\u00bb4.16&#8243; _module_preset=\u00bbdefault\u00bb custom_margin=\u00bb0px||||false|false\u00bb custom_padding=\u00bb0px||||false|false\u00bb global_colors_info=\u00bb{}\u00bb][et_pb_column type=\u00bb1_3&#8243; _builder_version=\u00bb4.16&#8243; _module_preset=\u00bbdefault\u00bb global_colors_info=\u00bb{}\u00bb][et_pb_image src=\u00bbhttps:\/\/museros.org\/wp-content\/uploads\/2021\/06\/logo-forumvecinal-230&#215;180-1.jpg\u00bb title_text=\u00bblogo-forumvecinal-230&#215;180&#8243; url=\u00bbhttps:\/\/museros.org\/inici\/forum-veinal\/\u00bb use_overlay=\u00bbon\u00bb overlay_icon_color=\u00bb#E02B20&#8243; hover_overlay_color=\u00bbrgba(255,255,255,0.7)\u00bb hover_icon=\u00bb&#xe04d;||divi||400&#8243; align=\u00bbcenter\u00bb admin_label=\u00bblogo forum vecinal\u00bb _builder_version=\u00bb4.16&#8243; _module_preset=\u00bbdefault\u00bb width_tablet=\u00bb\u00bb width_phone=\u00bb100%\u00bb width_last_edited=\u00bbon|desktop\u00bb custom_margin=\u00bb60px||||false|false\u00bb custom_margin_tablet=\u00bb\u00bb custom_margin_phone=\u00bb0px||||false|false\u00bb custom_margin_last_edited=\u00bbon|desktop\u00bb locked=\u00bboff\u00bb global_colors_info=\u00bb{}\u00bb src__hover_enabled=\u00bbon|desktop\u00bb src__hover=\u00bbhttps:\/\/museros.org\/wp-content\/uploads\/2021\/06\/logo-forumvecinal-230&#215;180-1.jpg\u00bb][\/et_pb_image][\/et_pb_column][et_pb_column type=\u00bb2_3&#8243; _builder_version=\u00bb4.16&#8243; _module_preset=\u00bbdefault\u00bb global_colors_info=\u00bb{}\u00bb][et_pb_text _builder_version=\u00bb4.17.4&#8243; _module_preset=\u00bbdefault\u00bb global_colors_info=\u00bb{}\u00bb]<\/p>\n<h3>Segona edici\u00f3<\/h3>\n<h1>Setena reuni\u00f3<\/h1>\n<h5>21 de mar\u00e7 de 2022<\/h5>\n<p>[\/et_pb_text][et_pb_image src=\u00bbhttps:\/\/museros.org\/wp-content\/uploads\/2022\/06\/7a-reunio\u0301.jpg\u00bb title_text=\u00bb7a-reunio\u0301\u00bb align=\u00bbcenter\u00bb _builder_version=\u00bb4.17.4&#8243; _module_preset=\u00bbdefault\u00bb custom_margin=\u00bb30px||30px||false|false\u00bb hover_enabled=\u00bb0&#8243; global_colors_info=\u00bb{}\u00bb sticky_enabled=\u00bb0&#8243;][\/et_pb_image][et_pb_text _builder_version=\u00bb4.17.4&#8243; _module_preset=\u00bbdefault\u00bb hover_enabled=\u00bb0&#8243; global_colors_info=\u00bb{}\u00bb sticky_enabled=\u00bb0&#8243;]<\/p>\n<p>El passat dilluns, 21 de mar\u00e7 de 2022, a les 19.00 h de la vesprada, va tindre lloc la setena reuni\u00f3 del II F\u00f2rum Ve\u00efnal de Museros a la Casa de Cultura. A aquesta assistiren huit persones (3 homes i 5 dones), entre elles representants de l\u2019AMPA de l\u2019IES, de l\u2019Associaci\u00f3 de Ve\u00efnes i Ve\u00efns de Museros i de l\u2019Associaci\u00f3 de Comer\u00e7os Associats de Museros (CAMU).<br \/>Els objectius de la sessi\u00f3 van ser concretar el concepte de la iniciativa dels espais acollidors valorant totes les aportacions rebudes fins a la data, i esbossar el format de l\u2019acci\u00f3 comunicativa\/comunit\u00e0ria de la presentaci\u00f3 p\u00fablica de la Xarxa.<br \/>S\u2019acord\u00e0 que la iniciativa siga un <strong>reconeixement general a escala municipi, partint de l\u2019homenatge al car\u00e0cter tradicionalment cuidador del comer\u00e7 local de Museros<\/strong>, amb l\u2019\u00e0nim de: contribuir a la seua perviv\u00e8ncia, servir de model per als equipaments i d\u2019indicatiu per al ve\u00efnat que encara no s\u2019hi sent ben at\u00e9s o ben rebut.<br \/>Aix\u00ed doncs, els serveis p\u00fablics (Ajuntament, Biblioteca, Centre de Dia, Casa de Cultura, centres educatius&#8230;) aix\u00ed com les associacions amb seu f\u00edsica rebran directament la denominaci\u00f3 d\u2019Espai Acollidor (o el nom que es decidisca pr\u00f2ximament), amb el comprom\u00eds de tindre un m\u00ednim de recursos ja adaptats en el moment de presentaci\u00f3 p\u00fablica. Aquesta gesti\u00f3 es far\u00e0 mitjan\u00e7ant la reuni\u00f3 amb la Mesa T\u00e8cnica Intersectorial que mantindran les dinamitzadores del F\u00f2rum en el mes de maig.<br \/>Com a complement, es feu un inventari de les associacions amb seu f\u00edsica al poble que formaran part de la iniciativa: SUMM, Falla de Museros, Falla el Castell, Penya de futbol Valencianista, penyes boueres (4), Tyrius, Jubilats, Obreras de la Cruz i grups parroquials. Seran convidades de manera oficial per representants de l\u2019equip de govern per\u00f2 tamb\u00e9 rebran l\u2019av\u00eds personalitzat per part de membres del F\u00f2rum que hi tenen tracte de proximitat.<br \/>Pel que fa al nom, es debat\u00ed si \u201cacollidor\u201d \u00e9s adient, ja que pels conflictes b\u00e8l\u00b7lics vigents pot remetre a refugiats de guerra. Llavors, s\u2019hi arrepleg\u00e0 una pluja d\u2019idees d\u2019entre les quals caldr\u00e0 escollir el nou t\u00edtol o mantindre l\u2019inicial: sensible, amigable, atent, germanor, arrelat, c\u00e0lid, llar, hospitalari, receptiu, rebredor, enlla\u00e7, lligam, nexe, punt d\u2019encontre&#8230;<br \/>Respecte al format, s\u2019acord\u00e0 que, pr\u00e8viament, es fa\u00e7a treball de camp preguntant a comerciants i ve\u00efnat per records o sensacions sobre el tracte de cures i atenci\u00f3; d\u2019aquesta manera l\u2019expressi\u00f3 vindr\u00e0 del poble cap al poble, evitant conceptes te\u00f2rics allunyats del sentir de la gent. Posteriorment, es far\u00e0 una acci\u00f3 comunicativa amb un component comunit\u00e0ri, a l\u2019estil d\u2019ofensiva gr\u00e0fica: que el poble es desperte amb una intervenci\u00f3 art\u00edstica simb\u00f2lica desenvolupada pel F\u00f2rum segons les idees arreplegades, acompanyada pels d\u00edptics amb l\u2019explicaci\u00f3 discursiva del projecte i el mapa de la xarxa. L\u2019ofensiva gr\u00e0fica es prepar\u00e0 de manera artesanal entre els i les membres del F\u00f2rum i alguns altres col\u00b7lectius convidats i l\u2019endem\u00e0 es far\u00e0 la presentaci\u00f3 oficial i el lliurament del distintiu als equipaments i els locals associatius.<br \/>Finalment, i en un altre ordre de coses, fem constar els suggeriments fets a l\u2019inici de la sessi\u00f3 sobre el contingut dels tallers o sessions de salut mental que caldr\u00e0 comentar a la psicopedagoga municipal: prevenci\u00f3 del su\u00efcidi infantil\/juvenil davant el <em>bullying<\/em>, ab\u00fas de pantalles (especialment durant la nit), contactar amb associacions expertes, que tinga un format atractiu (per als joves, entre iguals, per exemple amb <em>Influencers<\/em>; per als pares i mares, microc\u00e0psules digitals?).<\/p>\n<p>[\/et_pb_text][\/et_pb_column][\/et_pb_row][et_pb_row _builder_version=\u00bb4.16&#8243; _module_preset=\u00bbdefault\u00bb global_colors_info=\u00bb{}\u00bb][et_pb_column type=\u00bb4_4&#8243; _builder_version=\u00bb4.16&#8243; _module_preset=\u00bbdefault\u00bb global_colors_info=\u00bb{}\u00bb][et_pb_divider color=\u00bb#cc0000&#8243; divider_weight=\u00bb4px\u00bb _builder_version=\u00bb4.16&#8243; _module_preset=\u00bbdefault\u00bb global_colors_info=\u00bb{}\u00bb][\/et_pb_divider][\/et_pb_column][\/et_pb_row][\/et_pb_section]<\/p>\n","protected":false},"excerpt":{"rendered":"<p>Segona edici\u00f3 Setena reuni\u00f3 21 de mar\u00e7 de 2022El passat dilluns, 21 de mar\u00e7 de 2022, a les 19.00 h de la vesprada, va tindre lloc la setena reuni\u00f3 del II F\u00f2rum Ve\u00efnal de Museros a la Casa de Cultura. A aquesta assistiren huit persones (3 homes i 5 dones), entre elles representants de l\u2019AMPA [&hellip;]<\/p>\n","protected":false},"author":8,"featured_media":0,"parent":0,"menu_order":0,"comment_status":"closed","ping_status":"closed","template":"","meta":{"_et_pb_use_builder":"on","_et_pb_old_content":"","_et_gb_content_width":"","_mc_calendar":[],"footnotes":""},"wf_page_folders":[1066],"class_list":["post-260147","page","type-page","status-publish","hentry"],"_links":{"self":[{"href":"https:\/\/museros.org\/inici\/wp-json\/wp\/v2\/pages\/260147","targetHints":{"allow":["GET"]}}],"collection":[{"href":"https:\/\/museros.org\/inici\/wp-json\/wp\/v2\/pages"}],"about":[{"href":"https:\/\/museros.org\/inici\/wp-json\/wp\/v2\/types\/page"}],"author":[{"embeddable":true,"href":"https:\/\/museros.org\/inici\/wp-json\/wp\/v2\/users\/8"}],"replies":[{"embeddable":true,"href":"https:\/\/museros.org\/inici\/wp-json\/wp\/v2\/comments?post=260147"}],"version-history":[{"count":3,"href":"https:\/\/museros.org\/inici\/wp-json\/wp\/v2\/pages\/260147\/revisions"}],"predecessor-version":[{"id":260161,"href":"https:\/\/museros.org\/inici\/wp-json\/wp\/v2\/pages\/260147\/revisions\/260161"}],"wp:attachment":[{"href":"https:\/\/museros.org\/inici\/wp-json\/wp\/v2\/media?parent=260147"}],"wp:term":[{"taxonomy":"wf_page_folders","embeddable":true,"href":"https:\/\/museros.org\/inici\/wp-json\/wp\/v2\/wf_page_folders?post=260147"}],"curies":[{"name":"wp","href":"https:\/\/api.w.org\/{rel}","templated":true}]}}

2e Setena reunió

<p>[et_pb_section fb_built=»1&#8243; _builder_version=»4.16&#8243; _module_preset=»default» custom_margin=»0px||||false|false» custom_padding=»0px||||false|false» locked=»off» global_colors_info=»{}»][et_pb_row column_structure=»1_3,2_3&#8243; _builder_version=»4.16&#8243; _module_preset=»default» custom_margin=»0px||||false|false» custom_padding=»0px||||false|false» global_colors_info=»{}»][et_pb_column type=»1_3&#8243; _builder_version=»4.16&#8243; _module_preset=»default» global_colors_info=»{}»][et_pb_image src=»https://museros.org/wp-content/uploads/2021/06/logo-forumvecinal-230&#215;180-1.jpg» title_text=»logo-forumvecinal-230&#215;180&#8243; url=»https://museros.org/inici/forum-veinal/» use_overlay=»on» overlay_icon_color=»#E02B20&#8243; hover_overlay_color=»rgba(255,255,255,0.7)» hover_icon=»&#xe04d;||divi||400&#8243; align=»center» admin_label=»logo forum vecinal» _builder_version=»4.16&#8243; _module_preset=»default» width_tablet=»» width_phone=»100%» width_last_edited=»on|desktop» custom_margin=»60px||||false|false» custom_margin_tablet=»» custom_margin_phone=»0px||||false|false» custom_margin_last_edited=»on|desktop» locked=»off» global_colors_info=»{}» src__hover_enabled=»on|desktop» src__hover=»https://museros.org/wp-content/uploads/2021/06/logo-forumvecinal-230&#215;180-1.jpg»][/et_pb_image][/et_pb_column][et_pb_column type=»2_3&#8243; _builder_version=»4.16&#8243; _module_preset=»default» global_colors_info=»{}»][et_pb_text _builder_version=»4.17.4&#8243; _module_preset=»default» global_colors_info=»{}»]</p>
<h3>Segona edició</h3>
<h1>Setena reunió</h1>
<h5>21 de març de 2022</h5>
<p>[/et_pb_text][et_pb_image src=»https://museros.org/wp-content/uploads/2022/06/7a-reunió.jpg» title_text=»7a-reunió» align=»center» _builder_version=»4.17.4&#8243; _module_preset=»default» custom_margin=»30px||30px||false|false» hover_enabled=»0&#8243; global_colors_info=»{}» sticky_enabled=»0&#8243;][/et_pb_image][et_pb_text _builder_version=»4.17.4&#8243; _module_preset=»default» hover_enabled=»0&#8243; global_colors_info=»{}» sticky_enabled=»0&#8243;]</p>
<p>El passat dilluns, 21 de març de 2022, a les 19.00 h de la vesprada, va tindre lloc la setena reunió del II Fòrum Veïnal de Museros a la Casa de Cultura. A aquesta assistiren huit persones (3 homes i 5 dones), entre elles representants de l’AMPA de l’IES, de l’Associació de Veïnes i Veïns de Museros i de l’Associació de Comerços Associats de Museros (CAMU).<br />Els objectius de la sessió van ser concretar el concepte de la iniciativa dels espais acollidors valorant totes les aportacions rebudes fins a la data, i esbossar el format de l’acció comunicativa/comunitària de la presentació pública de la Xarxa.<br />S’acordà que la iniciativa siga un <strong>reconeixement general a escala municipi, partint de l’homenatge al caràcter tradicionalment cuidador del comerç local de Museros</strong>, amb l’ànim de: contribuir a la seua pervivència, servir de model per als equipaments i d’indicatiu per al veïnat que encara no s’hi sent ben atés o ben rebut.<br />Així doncs, els serveis públics (Ajuntament, Biblioteca, Centre de Dia, Casa de Cultura, centres educatius&#8230;) així com les associacions amb seu física rebran directament la denominació d’Espai Acollidor (o el nom que es decidisca pròximament), amb el compromís de tindre un mínim de recursos ja adaptats en el moment de presentació pública. Aquesta gestió es farà mitjançant la reunió amb la Mesa Tècnica Intersectorial que mantindran les dinamitzadores del Fòrum en el mes de maig.<br />Com a complement, es feu un inventari de les associacions amb seu física al poble que formaran part de la iniciativa: SUMM, Falla de Museros, Falla el Castell, Penya de futbol Valencianista, penyes boueres (4), Tyrius, Jubilats, Obreras de la Cruz i grups parroquials. Seran convidades de manera oficial per representants de l’equip de govern però també rebran l’avís personalitzat per part de membres del Fòrum que hi tenen tracte de proximitat.<br />Pel que fa al nom, es debatí si “acollidor” és adient, ja que pels conflictes bèl·lics vigents pot remetre a refugiats de guerra. Llavors, s’hi arreplegà una pluja d’idees d’entre les quals caldrà escollir el nou títol o mantindre l’inicial: sensible, amigable, atent, germanor, arrelat, càlid, llar, hospitalari, receptiu, rebredor, enllaç, lligam, nexe, punt d’encontre&#8230;<br />Respecte al format, s’acordà que, prèviament, es faça treball de camp preguntant a comerciants i veïnat per records o sensacions sobre el tracte de cures i atenció; d’aquesta manera l’expressió vindrà del poble cap al poble, evitant conceptes teòrics allunyats del sentir de la gent. Posteriorment, es farà una acció comunicativa amb un component comunitàri, a l’estil d’ofensiva gràfica: que el poble es desperte amb una intervenció artística simbòlica desenvolupada pel Fòrum segons les idees arreplegades, acompanyada pels díptics amb l’explicació discursiva del projecte i el mapa de la xarxa. L’ofensiva gràfica es preparà de manera artesanal entre els i les membres del Fòrum i alguns altres col·lectius convidats i l’endemà es farà la presentació oficial i el lliurament del distintiu als equipaments i els locals associatius.<br />Finalment, i en un altre ordre de coses, fem constar els suggeriments fets a l’inici de la sessió sobre el contingut dels tallers o sessions de salut mental que caldrà comentar a la psicopedagoga municipal: prevenció del suïcidi infantil/juvenil davant el <em>bullying</em>, abús de pantalles (especialment durant la nit), contactar amb associacions expertes, que tinga un format atractiu (per als joves, entre iguals, per exemple amb <em>Influencers</em>; per als pares i mares, microcàpsules digitals?).</p>
<p>[/et_pb_text][/et_pb_column][/et_pb_row][et_pb_row _builder_version=»4.16&#8243; _module_preset=»default» global_colors_info=»{}»][et_pb_column type=»4_4&#8243; _builder_version=»4.16&#8243; _module_preset=»default» global_colors_info=»{}»][et_pb_divider color=»#cc0000&#8243; divider_weight=»4px» _builder_version=»4.16&#8243; _module_preset=»default» global_colors_info=»{}»][/et_pb_divider][/et_pb_column][/et_pb_row][/et_pb_section]</p>

<p>Segona edició Setena reunió 21 de març de 2022El passat dilluns, 21 de març de 2022, a les 19.00 h de la vesprada, va tindre lloc la setena reunió del II Fòrum Veïnal de Museros a la Casa de Cultura. A aquesta assistiren huit persones (3 homes i 5 dones), entre elles representants de l’AMPA [&hellip;]</p>
