{"id":260139,"date":"2022-06-16T16:50:00","date_gmt":"2022-06-16T16:50:00","guid":{"rendered":"https:\/\/museros.org\/inici\/?page_id=260139"},"modified":"2022-06-16T17:09:32","modified_gmt":"2022-06-16T17:09:32","slug":"2e-octava-reunion","status":"publish","type":"page","link":"https:\/\/museros.org\/inici\/es\/2e-octava-reunion\/","title":{"rendered":"2e Octava reuni\u00f3n"},"content":{"rendered":"<p>[et_pb_section fb_built=\u00bb1&#8243; _builder_version=\u00bb4.16&#8243; _module_preset=\u00bbdefault\u00bb custom_margin=\u00bb0px||||false|false\u00bb custom_padding=\u00bb0px||||false|false\u00bb locked=\u00bboff\u00bb global_colors_info=\u00bb{}\u00bb theme_builder_area=\u00bbpost_content\u00bb][et_pb_row column_structure=\u00bb1_3,2_3&#8243; _builder_version=\u00bb4.16&#8243; _module_preset=\u00bbdefault\u00bb custom_margin=\u00bb0px||||false|false\u00bb custom_padding=\u00bb0px||||false|false\u00bb global_colors_info=\u00bb{}\u00bb theme_builder_area=\u00bbpost_content\u00bb][et_pb_column type=\u00bb1_3&#8243; _builder_version=\u00bb4.16&#8243; _module_preset=\u00bbdefault\u00bb global_colors_info=\u00bb{}\u00bb theme_builder_area=\u00bbpost_content\u00bb][et_pb_image src=\u00bbhttps:\/\/museros.org\/wp-content\/uploads\/2021\/06\/logo-forumvecinal-230&#215;180-1.jpg\u00bb title_text=\u00bblogo-forumvecinal-230&#215;180&#8243; url=\u00bbhttps:\/\/museros.org\/inici\/e\/foro-vecinal\/\u00bb use_overlay=\u00bbon\u00bb overlay_icon_color=\u00bb#E02B20&#8243; hover_overlay_color=\u00bbrgba(255,255,255,0.7)\u00bb hover_icon=\u00bb&#xe04d;||divi||400&#8243; align=\u00bbcenter\u00bb admin_label=\u00bblogo forum vecinal\u00bb _builder_version=\u00bb4.17.4&#8243; _module_preset=\u00bbdefault\u00bb width_tablet=\u00bb\u00bb width_phone=\u00bb100%\u00bb width_last_edited=\u00bbon|desktop\u00bb custom_margin=\u00bb60px||||false|false\u00bb custom_margin_tablet=\u00bb\u00bb custom_margin_phone=\u00bb0px||||false|false\u00bb custom_margin_last_edited=\u00bbon|desktop\u00bb hover_enabled=\u00bb0&#8243; locked=\u00bboff\u00bb global_colors_info=\u00bb{}\u00bb src__hover_enabled=\u00bbon|desktop\u00bb src__hover=\u00bbhttps:\/\/museros.org\/wp-content\/uploads\/2021\/06\/logo-forumvecinal-230&#215;180-1.jpg\u00bb theme_builder_area=\u00bbpost_content\u00bb sticky_enabled=\u00bb0&#8243;][\/et_pb_image][\/et_pb_column][et_pb_column type=\u00bb2_3&#8243; _builder_version=\u00bb4.16&#8243; _module_preset=\u00bbdefault\u00bb global_colors_info=\u00bb{}\u00bb theme_builder_area=\u00bbpost_content\u00bb][et_pb_text _builder_version=\u00bb4.17.4&#8243; _module_preset=\u00bbdefault\u00bb hover_enabled=\u00bb0&#8243; global_colors_info=\u00bb{}\u00bb theme_builder_area=\u00bbpost_content\u00bb sticky_enabled=\u00bb0&#8243;]<\/p>\n<h3>Segunda edici\u00f3n<\/h3>\n<h1>Octava reuni\u00f3n<\/h1>\n<h5>2 de mayo de 2022<\/h5>\n<p>[\/et_pb_text][et_pb_image src=\u00bbhttps:\/\/museros.org\/wp-content\/uploads\/2022\/06\/8a-reunio\u0301.jpg\u00bb title_text=\u00bb8a-reunio\u0301\u00bb align=\u00bbcenter\u00bb _builder_version=\u00bb4.17.4&#8243; _module_preset=\u00bbdefault\u00bb custom_margin=\u00bb30px||30px||false|false\u00bb global_colors_info=\u00bb{}\u00bb theme_builder_area=\u00bbpost_content\u00bb][\/et_pb_image][et_pb_text _builder_version=\u00bb4.17.4&#8243; _module_preset=\u00bbdefault\u00bb hover_enabled=\u00bb0&#8243; global_colors_info=\u00bb{}\u00bb theme_builder_area=\u00bbpost_content\u00bb sticky_enabled=\u00bb0&#8243;]<\/p>\n<p>El lunes 02 de mayo, a las 19.00 h, se ha convocado una reuni\u00f3n presencial en la sala polivalente de la Casa de Cultura de Museros con los y las miembros del Foro Vecinal con el compromiso de tener en cuenta antes y despu\u00e9s los pareceres de las personas que no pudieron asistir personalmente, poni\u00e9ndolas en contexto sobre el tema a tratar y las decisiones tomadas.<br \/>El objetivo principal de la reuni\u00f3n ha sido <strong>concretar el tipo de acci\u00f3n que pongo en valor la tarea de los espacios acogedores y sirva para presentar la iniciativa<\/strong>. Fundamentalmente, decidir si se tratar\u00eda de un acto comunitario presencial o el grueso de todo ello necesitar\u00eda una campa\u00f1a comunicativa.<\/p>\n<p>Al inicio de la sesi\u00f3n, las dinamizadoras han hecho un repaso del enfoque de la iniciativa:<\/p>\n<p style=\"padding-left: 40px;\">1. La Red de Espacios Acogedores estar\u00e1 conformada en una primera fase por equipaciones municipales y locales asociativos. En posteriores fases, se estudiar\u00e1 la opci\u00f3n de abrirla en el comercio y hosteler\u00eda. Ser\u00e1 una manera de ganar despacio la confianza hacia la red. El enfoque de la red se plantear\u00e1 desde una mirada general, es decir, aquello importando a transmitir es que: asumiendo una actitud y una predisposici\u00f3n que ya existe en el pueblo, se quiere dar a conocer para que no se pierda. Es decir, se quiere enfatizar, la idea de Museros como \u00abpueblo acogedor\/amigable\u201d, inspirado por las pr\u00e1cticas de curas vecinales que ya se dan en el comercio local. Es un reconocimiento, para poner en conocimiento (del nuevo vecindario, de los visitantes, de la comarca y m\u00e1s all\u00e1!), porque se esparza esa manera de ser muserenc\/a y no se pierda. Entonces, la designaci\u00f3n es general pero s\u00ed que se le dar\u00e1 a las equipaciones p\u00fablicos y las asociaciones con local f\u00edsico un distintivo.<br \/>2. A las equipaciones y asociaciones con local f\u00edsico que quieran formar parte de la red, antes de la presentaci\u00f3n de la campa\u00f1a, y a trav\u00e9s de la reuni\u00f3n de la Mesa T\u00e9cnica, se les pedir\u00e1 que muestren su compromiso hacia la actitud acogedora garantizando un m\u00ednimo: tener los carteles con un cuerpo de letra legible, ser emp\u00e1ticos con personas que tienen dificultades auditivas o ling\u00fc\u00edsticas, ofrecer el uso del lavabo en caso de urgencia&#8230; (las cuestiones que presentaremos el d\u00eda de la reuni\u00f3n y que el Foro acord\u00f3 inspir\u00e1ndose en iniciativas de \u00e9xito que ya se han probado). Se los dar\u00e1 la plaqueta distintiva por adelantado y el ayuntamiento procurar\u00e1 su colocaci\u00f3n.<br \/>3. Cuando ya est\u00e9n adheridos las equipaciones y asociaciones, se elegir\u00e1 un d\u00eda como punto de partida de la campa\u00f1a comunicativa y la presentaci\u00f3n de la red. Esta consistir\u00e1 en nota de prensa + acci\u00f3n de guerrilla comunicativa art\u00edstica o de v\u00eddeodifusi\u00f3n.<br \/>As\u00ed las cosas, se ha expuesto el planteamiento desde la Mesa T\u00e9cnica, de ofrecer una formaci\u00f3n al personal que atiende al p\u00fablico en las equipaciones, a cargo de la t\u00e9cnica de Igualdad, con la posibilidad de ampliar la oferta en los espacios asociativos o comercios en un futuro pr\u00f3ximo si lo quisieron tambi\u00e9n.<br \/>Durante el desarrollo de la reuni\u00f3n, despu\u00e9s de valorar diferentes fechas y efem\u00e9rides, se ha decidido que la presentaci\u00f3n p\u00fablica de la red ser\u00e1 a trav\u00e9s de la campa\u00f1a de videograf\u00edas y una nota de prensa, con el apoyo puntual de una acci\u00f3n f\u00edsica por parte de los y las miembros del Foro. Las videograf\u00edas contribuir\u00e1n a ilustrar en un lenguaje m\u00e1s llano y cotidiano qu\u00e9 quiere decir tener una actitud amigable. La acci\u00f3n f\u00edsica ayudar\u00e1 a transmitir la iniciativa personalmente, de boca- oreja, al vecindario.<br \/>El fin de semana del 11\/12 de junio, aprovechando la inauguraci\u00f3n de la temporada de piscina municipal, el Foro parar\u00e1 una tableta informativa donde repartir\u00e1 horchata y fartons, explicar\u00e1 m\u00e1s a fondo en que consiste la iniciativa de la Red de Espacios Amigables y aprovechar\u00e1 para recopilar m\u00e1s an\u00e9cdotas vecinales.<br \/>Queda para confirmar qu\u00e9 d\u00eda y horario del fin de semana es lo m\u00e1s adecuado. Se consultar\u00e1 con el equipo de gobierno para tener en consideraci\u00f3n el resto de programaci\u00f3n del pueblo. Se los pedir\u00e1 tambi\u00e9n la infraestructura y log\u00edstica que haga falta.<\/p>\n<p>[\/et_pb_text][\/et_pb_column][\/et_pb_row][et_pb_row _builder_version=\u00bb4.16&#8243; _module_preset=\u00bbdefault\u00bb global_colors_info=\u00bb{}\u00bb theme_builder_area=\u00bbpost_content\u00bb][et_pb_column type=\u00bb4_4&#8243; _builder_version=\u00bb4.16&#8243; _module_preset=\u00bbdefault\u00bb global_colors_info=\u00bb{}\u00bb theme_builder_area=\u00bbpost_content\u00bb][et_pb_divider color=\u00bb#cc0000&#8243; divider_weight=\u00bb4px\u00bb _builder_version=\u00bb4.16&#8243; _module_preset=\u00bbdefault\u00bb global_colors_info=\u00bb{}\u00bb theme_builder_area=\u00bbpost_content\u00bb][\/et_pb_divider][\/et_pb_column][\/et_pb_row][\/et_pb_section]<\/p>\n","protected":false},"excerpt":{"rendered":"<p>Segunda edici\u00f3n Octava reuni\u00f3n 2 de mayo de 2022El lunes 02 de mayo, a las 19.00 h, se ha convocado una reuni\u00f3n presencial en la sala polivalente de la Casa de Cultura de Museros con los y las miembros del Foro Vecinal con el compromiso de tener en cuenta antes y despu\u00e9s los pareceres de [&hellip;]<\/p>\n","protected":false},"author":8,"featured_media":0,"parent":0,"menu_order":0,"comment_status":"closed","ping_status":"closed","template":"","meta":{"_et_pb_use_builder":"on","_et_pb_old_content":"<!-- wp:divi\/placeholder \/-->","_et_gb_content_width":"","_mc_calendar":[],"footnotes":""},"wf_page_folders":[1066],"class_list":["post-260139","page","type-page","status-publish","hentry"],"_links":{"self":[{"href":"https:\/\/museros.org\/inici\/wp-json\/wp\/v2\/pages\/260139","targetHints":{"allow":["GET"]}}],"collection":[{"href":"https:\/\/museros.org\/inici\/wp-json\/wp\/v2\/pages"}],"about":[{"href":"https:\/\/museros.org\/inici\/wp-json\/wp\/v2\/types\/page"}],"author":[{"embeddable":true,"href":"https:\/\/museros.org\/inici\/wp-json\/wp\/v2\/users\/8"}],"replies":[{"embeddable":true,"href":"https:\/\/museros.org\/inici\/wp-json\/wp\/v2\/comments?post=260139"}],"version-history":[{"count":6,"href":"https:\/\/museros.org\/inici\/wp-json\/wp\/v2\/pages\/260139\/revisions"}],"predecessor-version":[{"id":260146,"href":"https:\/\/museros.org\/inici\/wp-json\/wp\/v2\/pages\/260139\/revisions\/260146"}],"wp:attachment":[{"href":"https:\/\/museros.org\/inici\/wp-json\/wp\/v2\/media?parent=260139"}],"wp:term":[{"taxonomy":"wf_page_folders","embeddable":true,"href":"https:\/\/museros.org\/inici\/wp-json\/wp\/v2\/wf_page_folders?post=260139"}],"curies":[{"name":"wp","href":"https:\/\/api.w.org\/{rel}","templated":true}]}}

2e Octava reunión

<p>[et_pb_section fb_built=»1&#8243; _builder_version=»4.16&#8243; _module_preset=»default» custom_margin=»0px||||false|false» custom_padding=»0px||||false|false» locked=»off» global_colors_info=»{}» theme_builder_area=»post_content»][et_pb_row column_structure=»1_3,2_3&#8243; _builder_version=»4.16&#8243; _module_preset=»default» custom_margin=»0px||||false|false» custom_padding=»0px||||false|false» global_colors_info=»{}» theme_builder_area=»post_content»][et_pb_column type=»1_3&#8243; _builder_version=»4.16&#8243; _module_preset=»default» global_colors_info=»{}» theme_builder_area=»post_content»][et_pb_image src=»https://museros.org/wp-content/uploads/2021/06/logo-forumvecinal-230&#215;180-1.jpg» title_text=»logo-forumvecinal-230&#215;180&#8243; url=»https://museros.org/inici/e/foro-vecinal/» use_overlay=»on» overlay_icon_color=»#E02B20&#8243; hover_overlay_color=»rgba(255,255,255,0.7)» hover_icon=»&#xe04d;||divi||400&#8243; align=»center» admin_label=»logo forum vecinal» _builder_version=»4.17.4&#8243; _module_preset=»default» width_tablet=»» width_phone=»100%» width_last_edited=»on|desktop» custom_margin=»60px||||false|false» custom_margin_tablet=»» custom_margin_phone=»0px||||false|false» custom_margin_last_edited=»on|desktop» hover_enabled=»0&#8243; locked=»off» global_colors_info=»{}» src__hover_enabled=»on|desktop» src__hover=»https://museros.org/wp-content/uploads/2021/06/logo-forumvecinal-230&#215;180-1.jpg» theme_builder_area=»post_content» sticky_enabled=»0&#8243;][/et_pb_image][/et_pb_column][et_pb_column type=»2_3&#8243; _builder_version=»4.16&#8243; _module_preset=»default» global_colors_info=»{}» theme_builder_area=»post_content»][et_pb_text _builder_version=»4.17.4&#8243; _module_preset=»default» hover_enabled=»0&#8243; global_colors_info=»{}» theme_builder_area=»post_content» sticky_enabled=»0&#8243;]</p>
<h3>Segunda edición</h3>
<h1>Octava reunión</h1>
<h5>2 de mayo de 2022</h5>
<p>[/et_pb_text][et_pb_image src=»https://museros.org/wp-content/uploads/2022/06/8a-reunió.jpg» title_text=»8a-reunió» align=»center» _builder_version=»4.17.4&#8243; _module_preset=»default» custom_margin=»30px||30px||false|false» global_colors_info=»{}» theme_builder_area=»post_content»][/et_pb_image][et_pb_text _builder_version=»4.17.4&#8243; _module_preset=»default» hover_enabled=»0&#8243; global_colors_info=»{}» theme_builder_area=»post_content» sticky_enabled=»0&#8243;]</p>
<p>El lunes 02 de mayo, a las 19.00 h, se ha convocado una reunión presencial en la sala polivalente de la Casa de Cultura de Museros con los y las miembros del Foro Vecinal con el compromiso de tener en cuenta antes y después los pareceres de las personas que no pudieron asistir personalmente, poniéndolas en contexto sobre el tema a tratar y las decisiones tomadas.<br />El objetivo principal de la reunión ha sido <strong>concretar el tipo de acción que pongo en valor la tarea de los espacios acogedores y sirva para presentar la iniciativa</strong>. Fundamentalmente, decidir si se trataría de un acto comunitario presencial o el grueso de todo ello necesitaría una campaña comunicativa.</p>
<p>Al inicio de la sesión, las dinamizadoras han hecho un repaso del enfoque de la iniciativa:</p>
<p style="padding-left: 40px;">1. La Red de Espacios Acogedores estará conformada en una primera fase por equipaciones municipales y locales asociativos. En posteriores fases, se estudiará la opción de abrirla en el comercio y hostelería. Será una manera de ganar despacio la confianza hacia la red. El enfoque de la red se planteará desde una mirada general, es decir, aquello importando a transmitir es que: asumiendo una actitud y una predisposición que ya existe en el pueblo, se quiere dar a conocer para que no se pierda. Es decir, se quiere enfatizar, la idea de Museros como «pueblo acogedor/amigable”, inspirado por las prácticas de curas vecinales que ya se dan en el comercio local. Es un reconocimiento, para poner en conocimiento (del nuevo vecindario, de los visitantes, de la comarca y más allá!), porque se esparza esa manera de ser muserenc/a y no se pierda. Entonces, la designación es general pero sí que se le dará a las equipaciones públicos y las asociaciones con local físico un distintivo.<br />2. A las equipaciones y asociaciones con local físico que quieran formar parte de la red, antes de la presentación de la campaña, y a través de la reunión de la Mesa Técnica, se les pedirá que muestren su compromiso hacia la actitud acogedora garantizando un mínimo: tener los carteles con un cuerpo de letra legible, ser empáticos con personas que tienen dificultades auditivas o lingüísticas, ofrecer el uso del lavabo en caso de urgencia&#8230; (las cuestiones que presentaremos el día de la reunión y que el Foro acordó inspirándose en iniciativas de éxito que ya se han probado). Se los dará la plaqueta distintiva por adelantado y el ayuntamiento procurará su colocación.<br />3. Cuando ya estén adheridos las equipaciones y asociaciones, se elegirá un día como punto de partida de la campaña comunicativa y la presentación de la red. Esta consistirá en nota de prensa + acción de guerrilla comunicativa artística o de vídeodifusión.<br />Así las cosas, se ha expuesto el planteamiento desde la Mesa Técnica, de ofrecer una formación al personal que atiende al público en las equipaciones, a cargo de la técnica de Igualdad, con la posibilidad de ampliar la oferta en los espacios asociativos o comercios en un futuro próximo si lo quisieron también.<br />Durante el desarrollo de la reunión, después de valorar diferentes fechas y efemérides, se ha decidido que la presentación pública de la red será a través de la campaña de videografías y una nota de prensa, con el apoyo puntual de una acción física por parte de los y las miembros del Foro. Las videografías contribuirán a ilustrar en un lenguaje más llano y cotidiano qué quiere decir tener una actitud amigable. La acción física ayudará a transmitir la iniciativa personalmente, de boca- oreja, al vecindario.<br />El fin de semana del 11/12 de junio, aprovechando la inauguración de la temporada de piscina municipal, el Foro parará una tableta informativa donde repartirá horchata y fartons, explicará más a fondo en que consiste la iniciativa de la Red de Espacios Amigables y aprovechará para recopilar más anécdotas vecinales.<br />Queda para confirmar qué día y horario del fin de semana es lo más adecuado. Se consultará con el equipo de gobierno para tener en consideración el resto de programación del pueblo. Se los pedirá también la infraestructura y logística que haga falta.</p>
<p>[/et_pb_text][/et_pb_column][/et_pb_row][et_pb_row _builder_version=»4.16&#8243; _module_preset=»default» global_colors_info=»{}» theme_builder_area=»post_content»][et_pb_column type=»4_4&#8243; _builder_version=»4.16&#8243; _module_preset=»default» global_colors_info=»{}» theme_builder_area=»post_content»][et_pb_divider color=»#cc0000&#8243; divider_weight=»4px» _builder_version=»4.16&#8243; _module_preset=»default» global_colors_info=»{}» theme_builder_area=»post_content»][/et_pb_divider][/et_pb_column][/et_pb_row][/et_pb_section]</p>

<p>Segunda edición Octava reunión 2 de mayo de 2022El lunes 02 de mayo, a las 19.00 h, se ha convocado una reunión presencial en la sala polivalente de la Casa de Cultura de Museros con los y las miembros del Foro Vecinal con el compromiso de tener en cuenta antes y después los pareceres de [&hellip;]</p>
