{"id":260134,"date":"2022-06-16T16:40:21","date_gmt":"2022-06-16T16:40:21","guid":{"rendered":"https:\/\/museros.org\/inici\/?page_id=260134"},"modified":"2022-06-16T16:49:25","modified_gmt":"2022-06-16T16:49:25","slug":"2e-huitena-reunio","status":"publish","type":"page","link":"https:\/\/museros.org\/inici\/2e-huitena-reunio\/","title":{"rendered":"2e Huitena reuni\u00f3"},"content":{"rendered":"<p>[et_pb_section fb_built=\u00bb1&#8243; _builder_version=\u00bb4.16&#8243; _module_preset=\u00bbdefault\u00bb custom_margin=\u00bb0px||||false|false\u00bb custom_padding=\u00bb0px||||false|false\u00bb locked=\u00bboff\u00bb global_colors_info=\u00bb{}\u00bb theme_builder_area=\u00bbpost_content\u00bb][et_pb_row column_structure=\u00bb1_3,2_3&#8243; _builder_version=\u00bb4.16&#8243; _module_preset=\u00bbdefault\u00bb custom_margin=\u00bb0px||||false|false\u00bb custom_padding=\u00bb0px||||false|false\u00bb global_colors_info=\u00bb{}\u00bb theme_builder_area=\u00bbpost_content\u00bb][et_pb_column type=\u00bb1_3&#8243; _builder_version=\u00bb4.16&#8243; _module_preset=\u00bbdefault\u00bb global_colors_info=\u00bb{}\u00bb theme_builder_area=\u00bbpost_content\u00bb][et_pb_image src=\u00bbhttps:\/\/museros.org\/wp-content\/uploads\/2021\/06\/logo-forumvecinal-230&#215;180-1.jpg\u00bb title_text=\u00bblogo-forumvecinal-230&#215;180&#8243; url=\u00bbhttps:\/\/museros.org\/inici\/forum-veinal\/\u00bb use_overlay=\u00bbon\u00bb overlay_icon_color=\u00bb#E02B20&#8243; hover_overlay_color=\u00bbrgba(255,255,255,0.7)\u00bb hover_icon=\u00bb&#xe04d;||divi||400&#8243; align=\u00bbcenter\u00bb admin_label=\u00bblogo forum vecinal\u00bb _builder_version=\u00bb4.16&#8243; _module_preset=\u00bbdefault\u00bb width_tablet=\u00bb\u00bb width_phone=\u00bb100%\u00bb width_last_edited=\u00bbon|desktop\u00bb custom_margin=\u00bb60px||||false|false\u00bb custom_margin_tablet=\u00bb\u00bb custom_margin_phone=\u00bb0px||||false|false\u00bb custom_margin_last_edited=\u00bbon|desktop\u00bb locked=\u00bboff\u00bb global_colors_info=\u00bb{}\u00bb src__hover_enabled=\u00bbon|desktop\u00bb src__hover=\u00bbhttps:\/\/museros.org\/wp-content\/uploads\/2021\/06\/logo-forumvecinal-230&#215;180-1.jpg\u00bb theme_builder_area=\u00bbpost_content\u00bb][\/et_pb_image][\/et_pb_column][et_pb_column type=\u00bb2_3&#8243; _builder_version=\u00bb4.16&#8243; _module_preset=\u00bbdefault\u00bb global_colors_info=\u00bb{}\u00bb theme_builder_area=\u00bbpost_content\u00bb][et_pb_text _builder_version=\u00bb4.17.4&#8243; _module_preset=\u00bbdefault\u00bb hover_enabled=\u00bb0&#8243; global_colors_info=\u00bb{}\u00bb theme_builder_area=\u00bbpost_content\u00bb sticky_enabled=\u00bb0&#8243;]<\/p>\n<h3>Segona edici\u00f3<\/h3>\n<h1>Huitena reuni\u00f3<\/h1>\n<h5>2 de maig de 2022<\/h5>\n<p>[\/et_pb_text][et_pb_image src=\u00bbhttps:\/\/museros.org\/wp-content\/uploads\/2022\/06\/8a-reunio\u0301.jpg\u00bb title_text=\u00bb8a-reunio\u0301\u00bb align=\u00bbcenter\u00bb _builder_version=\u00bb4.17.4&#8243; _module_preset=\u00bbdefault\u00bb custom_margin=\u00bb30px||30px||false|false\u00bb hover_enabled=\u00bb0&#8243; global_colors_info=\u00bb{}\u00bb theme_builder_area=\u00bbpost_content\u00bb sticky_enabled=\u00bb0&#8243;][\/et_pb_image][et_pb_text _builder_version=\u00bb4.17.4&#8243; _module_preset=\u00bbdefault\u00bb hover_enabled=\u00bb0&#8243; global_colors_info=\u00bb{}\u00bb theme_builder_area=\u00bbpost_content\u00bb sticky_enabled=\u00bb0&#8243;]<\/p>\n<p>El dilluns 02 de maig, a les 19.00 h, s\u2019ha convocat una reuni\u00f3 presencial en la sala polivalent de la Casa de Cultura de Museros amb els i les membres del F\u00f2rum Ve\u00efnal amb el comprom\u00eds de tindre en compte abans i despr\u00e9s els parers de les persones que no pogueren assistir personalment, tot posant-les en context sobre el tema a tractar i les decisions preses.<br \/>L\u2019objectiu principal de la reuni\u00f3 ha sigut <strong>concretar el tipus d\u2019acci\u00f3 que pose en valor la tasca dels espais acollidors i servisca per a presentar la iniciativa<\/strong>. Fonamentalment, decidir si es tractaria d\u2019un acte comunitari presencial o l\u2019engr\u00f3s de tot plegat rauria en una campanya comunicativa.<\/p>\n<p>A l\u2019inici de la sessi\u00f3, les dinamitzadores han fet un rep\u00e0s de l\u2019enfocament de la iniciativa:<\/p>\n<p style=\"padding-left: 40px;\">1. La Xarxa d&#8217;Espais Acollidors estar\u00e0 conformada en una primera fase per equipaments municipals i locals associatius. En posteriors fases, s&#8217;estudiar\u00e0 l&#8217;opci\u00f3 d&#8217;obrir-la al comer\u00e7 i hostaleria. Ser\u00e0 una manera de guanyar la confian\u00e7a cap a la xarxa a poc a poc. L&#8217;enfocament de la xarxa es plantejar\u00e0 des d&#8217;una mirada general, \u00e9s a dir, all\u00f2 important a transmetre \u00e9s que: agarrant una actitud i una predisposici\u00f3 que ja existeix al poble, es vol recon\u00e9ixer perqu\u00e8 no es perga. \u00c9s a dir, es vol emfatitzar, la idea de Museros com a \u00abpoble acollidor\/amigable\u201d, inspirat per les pr\u00e0ctiques de cures ve\u00efnals que ja es donen en el comer\u00e7 local. \u00c9s un reconeixement, per posar en coneixement (del nou ve\u00efnat, dels visitants, de la comarca i m\u00e9s enll\u00e0!), perqu\u00e8 s&#8217;escampe eixa manera de ser muserenc\/a i no es perda. Llavors, la designaci\u00f3 \u00e9s general per\u00f2 s\u00ed que se li donar\u00e0 als equipaments p\u00fablics i les associacions amb local f\u00edsic un distintiu.<br \/>2. Als equipaments i associacions amb local f\u00edsic que vullguen formar part de la xarxa, abans de la presentaci\u00f3 de la campanya, i a trav\u00e9s de la reuni\u00f3 de la Mesa T\u00e8cnica, se&#8217;ls demanar\u00e0 que mostren el seu comprom\u00eds cap a l&#8217;actitud acollidora garantint un m\u00ednim: tindre els cartells amb un cos de lletra llegible, ser emp\u00e0tics amb persones que tenen dificultats auditives o ling\u00fc\u00edstiques, oferir l&#8217;\u00fas del lavabo en cas d&#8217;urg\u00e8ncia&#8230; (les q\u00fcestions que presentarem el dia de la reuni\u00f3 i que el F\u00f2rum va acordar inspirant-se en iniciatives d&#8217;\u00e8xit que ja s&#8217;han provat). Se&#8217;ls donar\u00e0 la plaqueta distintiva per endavant i l\u2019ajuntament procurar\u00e0 la seua col\u00b7locaci\u00f3.<br \/>3. Quan ja estiguen adherits els equipaments i associacions, s\u2019elegir\u00e0 un dia com a punt de partida de la campanya comunicativa i la presentaci\u00f3 de la xarxa. Aquesta consistir\u00e0 en nota de premsa + acci\u00f3 de guerrilla comunicativa art\u00edstica o de v\u00eddeodifusi\u00f3.<br \/>Aix\u00ed les coses, s\u2019ha exposat el plantejament des de la Mesa T\u00e8cnica, d\u2019oferir una formaci\u00f3 al personal que at\u00e9n al p\u00fablic en els equipaments, a c\u00e0rrec de la t\u00e8cnica d\u2019Igualtat, amb la possibilitat d\u2019ampliar l\u2019oferta als espais associatius o comer\u00e7os en un futur pr\u00f2xim si ho volgueren tamb\u00e9.<br \/>Durant el desenvolupament de la reuni\u00f3, despr\u00e9s de valorar diferents dates i efem\u00e8rides, s\u2019ha decidit que la presentaci\u00f3 p\u00fablica de la xarxa ser\u00e0 a trav\u00e9s de la campanya de videografies i una nota de premsa, amb el suport puntual d\u2019una acci\u00f3 f\u00edsica per part dels i les membres del F\u00f2rum. Les videografies contribuiran a il\u00b7lustrar en un llenguatge m\u00e9s planer i quotidi\u00e0 qu\u00e8 vol dir tindre una actitud amigable. L\u2019acci\u00f3 f\u00edsica ajudar\u00e0 a transmetre la iniciativa personalment, de boca- orella, al ve\u00efnat.<br \/>El cap de setmana de l\u201911\/12 de juny, aprofitant la inauguraci\u00f3 de la temporada de piscina municipal, el F\u00f2rum parar\u00e0 una tauleta informativa on repartir\u00e0 orxata i fartons, explicar\u00e0 m\u00e9s a fons en qu\u00e8 consisteix la iniciativa de la Xarxa d\u2019Espais Amigables i aprofitar\u00e0 per recopilar m\u00e9s an\u00e8cdotes ve\u00efnals.<br \/>Queda per confirmar quin dia i horari del cap de setmana \u00e9s el m\u00e9s adient. Es consultar\u00e0 amb l\u2019equip de govern per tindre en consideraci\u00f3 la resta de programaci\u00f3 del poble. Se\u2019ls demanar\u00e0 tamb\u00e9 la infraestructura i log\u00edstica que calga.<\/p>\n<p>[\/et_pb_text][\/et_pb_column][\/et_pb_row][et_pb_row _builder_version=\u00bb4.16&#8243; _module_preset=\u00bbdefault\u00bb global_colors_info=\u00bb{}\u00bb theme_builder_area=\u00bbpost_content\u00bb][et_pb_column type=\u00bb4_4&#8243; _builder_version=\u00bb4.16&#8243; _module_preset=\u00bbdefault\u00bb global_colors_info=\u00bb{}\u00bb theme_builder_area=\u00bbpost_content\u00bb][et_pb_divider color=\u00bb#cc0000&#8243; divider_weight=\u00bb4px\u00bb _builder_version=\u00bb4.16&#8243; _module_preset=\u00bbdefault\u00bb global_colors_info=\u00bb{}\u00bb theme_builder_area=\u00bbpost_content\u00bb][\/et_pb_divider][\/et_pb_column][\/et_pb_row][\/et_pb_section]<\/p>\n","protected":false},"excerpt":{"rendered":"<p>Segona edici\u00f3 Huitena reuni\u00f3 2 de maig de 2022El dilluns 02 de maig, a les 19.00 h, s\u2019ha convocat una reuni\u00f3 presencial en la sala polivalent de la Casa de Cultura de Museros amb els i les membres del F\u00f2rum Ve\u00efnal amb el comprom\u00eds de tindre en compte abans i despr\u00e9s els parers de les [&hellip;]<\/p>\n","protected":false},"author":8,"featured_media":0,"parent":0,"menu_order":0,"comment_status":"closed","ping_status":"closed","template":"","meta":{"_et_pb_use_builder":"on","_et_pb_old_content":"<!-- wp:divi\/placeholder \/-->","_et_gb_content_width":"","_mc_calendar":[],"footnotes":""},"wf_page_folders":[1066],"class_list":["post-260134","page","type-page","status-publish","hentry"],"_links":{"self":[{"href":"https:\/\/museros.org\/inici\/wp-json\/wp\/v2\/pages\/260134","targetHints":{"allow":["GET"]}}],"collection":[{"href":"https:\/\/museros.org\/inici\/wp-json\/wp\/v2\/pages"}],"about":[{"href":"https:\/\/museros.org\/inici\/wp-json\/wp\/v2\/types\/page"}],"author":[{"embeddable":true,"href":"https:\/\/museros.org\/inici\/wp-json\/wp\/v2\/users\/8"}],"replies":[{"embeddable":true,"href":"https:\/\/museros.org\/inici\/wp-json\/wp\/v2\/comments?post=260134"}],"version-history":[{"count":3,"href":"https:\/\/museros.org\/inici\/wp-json\/wp\/v2\/pages\/260134\/revisions"}],"predecessor-version":[{"id":260138,"href":"https:\/\/museros.org\/inici\/wp-json\/wp\/v2\/pages\/260134\/revisions\/260138"}],"wp:attachment":[{"href":"https:\/\/museros.org\/inici\/wp-json\/wp\/v2\/media?parent=260134"}],"wp:term":[{"taxonomy":"wf_page_folders","embeddable":true,"href":"https:\/\/museros.org\/inici\/wp-json\/wp\/v2\/wf_page_folders?post=260134"}],"curies":[{"name":"wp","href":"https:\/\/api.w.org\/{rel}","templated":true}]}}

2e Huitena reunió

<p>[et_pb_section fb_built=»1&#8243; _builder_version=»4.16&#8243; _module_preset=»default» custom_margin=»0px||||false|false» custom_padding=»0px||||false|false» locked=»off» global_colors_info=»{}» theme_builder_area=»post_content»][et_pb_row column_structure=»1_3,2_3&#8243; _builder_version=»4.16&#8243; _module_preset=»default» custom_margin=»0px||||false|false» custom_padding=»0px||||false|false» global_colors_info=»{}» theme_builder_area=»post_content»][et_pb_column type=»1_3&#8243; _builder_version=»4.16&#8243; _module_preset=»default» global_colors_info=»{}» theme_builder_area=»post_content»][et_pb_image src=»https://museros.org/wp-content/uploads/2021/06/logo-forumvecinal-230&#215;180-1.jpg» title_text=»logo-forumvecinal-230&#215;180&#8243; url=»https://museros.org/inici/forum-veinal/» use_overlay=»on» overlay_icon_color=»#E02B20&#8243; hover_overlay_color=»rgba(255,255,255,0.7)» hover_icon=»&#xe04d;||divi||400&#8243; align=»center» admin_label=»logo forum vecinal» _builder_version=»4.16&#8243; _module_preset=»default» width_tablet=»» width_phone=»100%» width_last_edited=»on|desktop» custom_margin=»60px||||false|false» custom_margin_tablet=»» custom_margin_phone=»0px||||false|false» custom_margin_last_edited=»on|desktop» locked=»off» global_colors_info=»{}» src__hover_enabled=»on|desktop» src__hover=»https://museros.org/wp-content/uploads/2021/06/logo-forumvecinal-230&#215;180-1.jpg» theme_builder_area=»post_content»][/et_pb_image][/et_pb_column][et_pb_column type=»2_3&#8243; _builder_version=»4.16&#8243; _module_preset=»default» global_colors_info=»{}» theme_builder_area=»post_content»][et_pb_text _builder_version=»4.17.4&#8243; _module_preset=»default» hover_enabled=»0&#8243; global_colors_info=»{}» theme_builder_area=»post_content» sticky_enabled=»0&#8243;]</p>
<h3>Segona edició</h3>
<h1>Huitena reunió</h1>
<h5>2 de maig de 2022</h5>
<p>[/et_pb_text][et_pb_image src=»https://museros.org/wp-content/uploads/2022/06/8a-reunió.jpg» title_text=»8a-reunió» align=»center» _builder_version=»4.17.4&#8243; _module_preset=»default» custom_margin=»30px||30px||false|false» hover_enabled=»0&#8243; global_colors_info=»{}» theme_builder_area=»post_content» sticky_enabled=»0&#8243;][/et_pb_image][et_pb_text _builder_version=»4.17.4&#8243; _module_preset=»default» hover_enabled=»0&#8243; global_colors_info=»{}» theme_builder_area=»post_content» sticky_enabled=»0&#8243;]</p>
<p>El dilluns 02 de maig, a les 19.00 h, s’ha convocat una reunió presencial en la sala polivalent de la Casa de Cultura de Museros amb els i les membres del Fòrum Veïnal amb el compromís de tindre en compte abans i després els parers de les persones que no pogueren assistir personalment, tot posant-les en context sobre el tema a tractar i les decisions preses.<br />L’objectiu principal de la reunió ha sigut <strong>concretar el tipus d’acció que pose en valor la tasca dels espais acollidors i servisca per a presentar la iniciativa</strong>. Fonamentalment, decidir si es tractaria d’un acte comunitari presencial o l’engrós de tot plegat rauria en una campanya comunicativa.</p>
<p>A l’inici de la sessió, les dinamitzadores han fet un repàs de l’enfocament de la iniciativa:</p>
<p style="padding-left: 40px;">1. La Xarxa d&#8217;Espais Acollidors estarà conformada en una primera fase per equipaments municipals i locals associatius. En posteriors fases, s&#8217;estudiarà l&#8217;opció d&#8217;obrir-la al comerç i hostaleria. Serà una manera de guanyar la confiança cap a la xarxa a poc a poc. L&#8217;enfocament de la xarxa es plantejarà des d&#8217;una mirada general, és a dir, allò important a transmetre és que: agarrant una actitud i una predisposició que ja existeix al poble, es vol reconéixer perquè no es perga. És a dir, es vol emfatitzar, la idea de Museros com a «poble acollidor/amigable”, inspirat per les pràctiques de cures veïnals que ja es donen en el comerç local. És un reconeixement, per posar en coneixement (del nou veïnat, dels visitants, de la comarca i més enllà!), perquè s&#8217;escampe eixa manera de ser muserenc/a i no es perda. Llavors, la designació és general però sí que se li donarà als equipaments públics i les associacions amb local físic un distintiu.<br />2. Als equipaments i associacions amb local físic que vullguen formar part de la xarxa, abans de la presentació de la campanya, i a través de la reunió de la Mesa Tècnica, se&#8217;ls demanarà que mostren el seu compromís cap a l&#8217;actitud acollidora garantint un mínim: tindre els cartells amb un cos de lletra llegible, ser empàtics amb persones que tenen dificultats auditives o lingüístiques, oferir l&#8217;ús del lavabo en cas d&#8217;urgència&#8230; (les qüestions que presentarem el dia de la reunió i que el Fòrum va acordar inspirant-se en iniciatives d&#8217;èxit que ja s&#8217;han provat). Se&#8217;ls donarà la plaqueta distintiva per endavant i l’ajuntament procurarà la seua col·locació.<br />3. Quan ja estiguen adherits els equipaments i associacions, s’elegirà un dia com a punt de partida de la campanya comunicativa i la presentació de la xarxa. Aquesta consistirà en nota de premsa + acció de guerrilla comunicativa artística o de vídeodifusió.<br />Així les coses, s’ha exposat el plantejament des de la Mesa Tècnica, d’oferir una formació al personal que atén al públic en els equipaments, a càrrec de la tècnica d’Igualtat, amb la possibilitat d’ampliar l’oferta als espais associatius o comerços en un futur pròxim si ho volgueren també.<br />Durant el desenvolupament de la reunió, després de valorar diferents dates i efemèrides, s’ha decidit que la presentació pública de la xarxa serà a través de la campanya de videografies i una nota de premsa, amb el suport puntual d’una acció física per part dels i les membres del Fòrum. Les videografies contribuiran a il·lustrar en un llenguatge més planer i quotidià què vol dir tindre una actitud amigable. L’acció física ajudarà a transmetre la iniciativa personalment, de boca- orella, al veïnat.<br />El cap de setmana de l’11/12 de juny, aprofitant la inauguració de la temporada de piscina municipal, el Fòrum pararà una tauleta informativa on repartirà orxata i fartons, explicarà més a fons en què consisteix la iniciativa de la Xarxa d’Espais Amigables i aprofitarà per recopilar més anècdotes veïnals.<br />Queda per confirmar quin dia i horari del cap de setmana és el més adient. Es consultarà amb l’equip de govern per tindre en consideració la resta de programació del poble. Se’ls demanarà també la infraestructura i logística que calga.</p>
<p>[/et_pb_text][/et_pb_column][/et_pb_row][et_pb_row _builder_version=»4.16&#8243; _module_preset=»default» global_colors_info=»{}» theme_builder_area=»post_content»][et_pb_column type=»4_4&#8243; _builder_version=»4.16&#8243; _module_preset=»default» global_colors_info=»{}» theme_builder_area=»post_content»][et_pb_divider color=»#cc0000&#8243; divider_weight=»4px» _builder_version=»4.16&#8243; _module_preset=»default» global_colors_info=»{}» theme_builder_area=»post_content»][/et_pb_divider][/et_pb_column][/et_pb_row][/et_pb_section]</p>

<p>Segona edició Huitena reunió 2 de maig de 2022El dilluns 02 de maig, a les 19.00 h, s’ha convocat una reunió presencial en la sala polivalent de la Casa de Cultura de Museros amb els i les membres del Fòrum Veïnal amb el compromís de tindre en compte abans i després els parers de les [&hellip;]</p>
