{"id":260031,"date":"2022-06-15T11:38:00","date_gmt":"2022-06-15T11:38:00","guid":{"rendered":"https:\/\/museros.org\/inici\/?page_id=260031"},"modified":"2024-02-09T10:17:01","modified_gmt":"2024-02-09T10:17:01","slug":"escola-destiu-majors-2022","status":"publish","type":"page","link":"https:\/\/museros.org\/inici\/escola-destiu-majors-2022\/","title":{"rendered":"Escola d&#8217;estiu majors 2022"},"content":{"rendered":"\n[et_pb_section fb_built=\u00bb1&#8243; _builder_version=\u00bb4.17.6&#8243; _module_preset=\u00bbdefault\u00bb custom_padding=\u00bb0px||||false|false\u00bb hover_enabled=\u00bb0&#8243; locked=\u00bboff\u00bb global_colors_info=\u00bb{}\u00bb sticky_enabled=\u00bb0&#8243;][et_pb_row column_structure=\u00bb1_4,3_4&#8243; _builder_version=\u00bb4.17.4&#8243; _module_preset=\u00bbdefault\u00bb custom_padding=\u00bb0px||||false|false\u00bb global_colors_info=\u00bb{}\u00bb][et_pb_column type=\u00bb1_4&#8243; _builder_version=\u00bb4.16&#8243; _module_preset=\u00bbdefault\u00bb global_colors_info=\u00bb{}\u00bb][et_pb_image src=\u00bbhttps:\/\/museros.org\/wp-content\/uploads\/2022\/06\/estiu-majors-180&#215;230-1.jpg\u00bb title_text=\u00bbestiu-majors-180&#215;230&#8243; url=\u00bbhttps:\/\/museros.org\/inici\/area-de-majors\/\u00bb use_overlay=\u00bbon\u00bb overlay_icon_color=\u00bb#E02B20&#8243; hover_overlay_color=\u00bbrgba(255,255,255,0.71)\u00bb hover_icon=\u00bb&#xe04d;||divi||400&#8243; show_bottom_space=\u00bboff\u00bb align=\u00bbcenter\u00bb _builder_version=\u00bb4.17.4&#8243; _module_preset=\u00bbdefault\u00bb locked=\u00bboff\u00bb global_colors_info=\u00bb{}\u00bb][\/et_pb_image][\/et_pb_column][et_pb_column type=\u00bb3_4&#8243; _builder_version=\u00bb4.16&#8243; _module_preset=\u00bbdefault\u00bb global_colors_info=\u00bb{}\u00bb][et_pb_text _builder_version=\u00bb4.17.4&#8243; _module_preset=\u00bbdefault\u00bb custom_padding=\u00bb2px|||||\u00bb global_colors_info=\u00bb{}\u00bb]<h1 style=\"box-sizing: border-box; margin: 0px; padding: 0px 0px 10px; border: 0px; outline: 0px; font-size: 30px; text-size-adjust: 100%; vertical-align: baseline; background: #ffffff; color: #990000; line-height: 1.1em; font-weight: 500; font-family: 'Open Sans', Arial, sans-serif; font-style: normal; font-variant-ligatures: normal; font-variant-caps: normal; letter-spacing: normal; orphans: 2; text-align: left; text-indent: 0px; text-transform: none; white-space: normal; widows: 2; word-spacing: 0px; -webkit-text-stroke-width: 0px; text-decoration-thickness: initial; text-decoration-style: initial; text-decoration-color: initial;\">V Escola d&#8217;Estiu per a Majors<\/h1>\n<h4 style=\"box-sizing: border-box; margin: 0px; padding: 0px 0px 10px; border: 0px; outline: 0px; font-size: 18px; text-size-adjust: 100%; vertical-align: baseline; background: #ffffff; color: #990000; line-height: 1.1em; font-weight: 500; font-family: 'Open Sans', Arial, sans-serif; font-style: normal; font-variant-ligatures: normal; font-variant-caps: normal; letter-spacing: normal; orphans: 2; text-align: left; text-indent: 0px; text-transform: none; white-space: normal; widows: 2; word-spacing: 0px; -webkit-text-stroke-width: 0px; text-decoration-thickness: initial; text-decoration-style: initial; text-decoration-color: initial;\">Del 4 al 22 de juliol de 2022 a la Llar del Jubilat<\/h4>\n<p style=\"box-sizing: border-box; margin: 0px; padding: 0px 0px 1em; border: 0px; outline: 0px; font-size: 16px; text-size-adjust: 100%; vertical-align: baseline; background: #ffffff; color: #333333; font-family: 'Open Sans', Arial, sans-serif; font-style: normal; font-variant-ligatures: normal; font-variant-caps: normal; font-weight: 500; letter-spacing: normal; orphans: 2; text-align: left; text-indent: 0px; text-transform: none; white-space: normal; widows: 2; word-spacing: 0px; -webkit-text-stroke-width: 0px; text-decoration-thickness: initial; text-decoration-style: initial; text-decoration-color: initial;\">Horari de 10.00 h a 13.00 h.<br style=\"box-sizing: border-box;\" \/>Inscripcions de dilluns a divendres a la Casa de Cultura, de 10.00 h a 13.00 h.<br style=\"box-sizing: border-box;\" \/>Places limitades.<\/p>\n<h4 style=\"box-sizing: border-box; margin: 0px; padding: 0px 0px 10px; border: 0px; outline: 0px; font-size: 18px; text-size-adjust: 100%; vertical-align: baseline; background: #ffffff; color: #990000; line-height: 1.1em; font-weight: 500; font-family: 'Open Sans', Arial, sans-serif; font-style: normal; font-variant-ligatures: normal; font-variant-caps: normal; letter-spacing: normal; orphans: 2; text-align: left; text-indent: 0px; text-transform: none; white-space: normal; widows: 2; word-spacing: 0px; -webkit-text-stroke-width: 0px; text-decoration-thickness: initial; text-decoration-style: initial; text-decoration-color: initial;\">ACTIVITATS<\/h4>\n<p><strong>\u2022 Dilluns:<\/strong><br \/>Tallers de fals trencad\u00eds i granissats naturals.<\/p>\n<p><strong>\u2022 Dimarts:<\/strong><br \/>Visites culturals a Sant Miquel dels Reis, a la Casa Museu de Joaquim Benlliure i al xalet de Blasco Ib\u00e1\u00f1ez.<\/p>\n<p><strong>\u2022 Dimecres:<\/strong><br \/>Activitats esportives, de 10.00 h a 11.00 h gimn\u00e0stica aqu\u00e0tica, despr\u00e9s esmorzar i passeig.<\/p>\n<p><strong>\u2022 Dijous<\/strong>:<br \/>Tallers de fals trencad\u00eds i granissats naturals.<\/p>\n<p><strong>\u2022 Divendres:<\/strong><br \/>Cinef\u00f2rum.<\/p>\n<p>&nbsp;<\/p>[\/et_pb_text][\/et_pb_column][\/et_pb_row][et_pb_row _builder_version=\u00bb4.16&#8243; _module_preset=\u00bbdefault\u00bb custom_margin=\u00bb0px||||false|false\u00bb custom_padding=\u00bb0px||||false|false\u00bb global_colors_info=\u00bb{}\u00bb][et_pb_column type=\u00bb4_4&#8243; _builder_version=\u00bb4.16&#8243; _module_preset=\u00bbdefault\u00bb global_colors_info=\u00bb{}\u00bb][et_pb_divider color=\u00bb#E02B20&#8243; divider_weight=\u00bb4px\u00bb _builder_version=\u00bb4.16&#8243; _module_preset=\u00bbdefault\u00bb custom_margin=\u00bb40px||||false|false\u00bb global_colors_info=\u00bb{}\u00bb][\/et_pb_divider][\/et_pb_column][\/et_pb_row][\/et_pb_section]\n","protected":false},"excerpt":{"rendered":"<p>V Escola d&#8217;Estiu per a Majors Del 4 al 22 de juliol de 2022 a la Llar del Jubilat Horari de 10.00 h a 13.00 h.Inscripcions de dilluns a divendres a la Casa de Cultura, de 10.00 h a 13.00 h.Places limitades. ACTIVITATS \u2022 Dilluns:Tallers de fals trencad\u00eds i granissats naturals. \u2022 Dimarts:Visites culturals a [&hellip;]<\/p>\n","protected":false},"author":8,"featured_media":0,"parent":0,"menu_order":0,"comment_status":"closed","ping_status":"closed","template":"","meta":{"_et_pb_use_builder":"on","_et_pb_old_content":"","_et_gb_content_width":"","_mc_calendar":[],"footnotes":""},"wf_page_folders":[296],"class_list":["post-260031","page","type-page","status-publish","hentry"],"_links":{"self":[{"href":"https:\/\/museros.org\/inici\/wp-json\/wp\/v2\/pages\/260031","targetHints":{"allow":["GET"]}}],"collection":[{"href":"https:\/\/museros.org\/inici\/wp-json\/wp\/v2\/pages"}],"about":[{"href":"https:\/\/museros.org\/inici\/wp-json\/wp\/v2\/types\/page"}],"author":[{"embeddable":true,"href":"https:\/\/museros.org\/inici\/wp-json\/wp\/v2\/users\/8"}],"replies":[{"embeddable":true,"href":"https:\/\/museros.org\/inici\/wp-json\/wp\/v2\/comments?post=260031"}],"version-history":[{"count":11,"href":"https:\/\/museros.org\/inici\/wp-json\/wp\/v2\/pages\/260031\/revisions"}],"predecessor-version":[{"id":267795,"href":"https:\/\/museros.org\/inici\/wp-json\/wp\/v2\/pages\/260031\/revisions\/267795"}],"wp:attachment":[{"href":"https:\/\/museros.org\/inici\/wp-json\/wp\/v2\/media?parent=260031"}],"wp:term":[{"taxonomy":"wf_page_folders","embeddable":true,"href":"https:\/\/museros.org\/inici\/wp-json\/wp\/v2\/wf_page_folders?post=260031"}],"curies":[{"name":"wp","href":"https:\/\/api.w.org\/{rel}","templated":true}]}}

[et_pb_section fb_built=»1&#8243; _builder_version=»4.17.6&#8243; _module_preset=»default» custom_padding=»0px||||false|false» hover_enabled=»0&#8243; locked=»off» global_colors_info=»{}» sticky_enabled=»0&#8243;][et_pb_row column_structure=»1_4,3_4&#8243; _builder_version=»4.17.4&#8243; _module_preset=»default» custom_padding=»0px||||false|false» global_colors_info=»{}»][et_pb_column type=»1_4&#8243; _builder_version=»4.16&#8243; _module_preset=»default» global_colors_info=»{}»][et_pb_image src=»https://museros.org/wp-content/uploads/2022/06/estiu-majors-180&#215;230-1.jpg» title_text=»estiu-majors-180&#215;230&#8243; url=»https://museros.org/inici/area-de-majors/» use_overlay=»on» overlay_icon_color=»#E02B20&#8243; hover_overlay_color=»rgba(255,255,255,0.71)» hover_icon=»&#xe04d;||divi||400&#8243; show_bottom_space=»off» align=»center» _builder_version=»4.17.4&#8243; _module_preset=»default» locked=»off» global_colors_info=»{}»][/et_pb_image][/et_pb_column][et_pb_column type=»3_4&#8243; _builder_version=»4.16&#8243; _module_preset=»default» global_colors_info=»{}»][et_pb_text _builder_version=»4.17.4&#8243; _module_preset=»default» custom_padding=»2px|||||» global_colors_info=»{}»]<h1 style="box-sizing: border-box; margin: 0px; padding: 0px 0px 10px; border: 0px; outline: 0px; font-size: 30px; text-size-adjust: 100%; vertical-align: baseline; background: #ffffff; color: #990000; line-height: 1.1em; font-weight: 500; font-family: 'Open Sans', Arial, sans-serif; font-style: normal; font-variant-ligatures: normal; font-variant-caps: normal; letter-spacing: normal; orphans: 2; text-align: left; text-indent: 0px; text-transform: none; white-space: normal; widows: 2; word-spacing: 0px; -webkit-text-stroke-width: 0px; text-decoration-thickness: initial; text-decoration-style: initial; text-decoration-color: initial;">V Escola d&#8217;Estiu per a Majors</h1>
<h4 style="box-sizing: border-box; margin: 0px; padding: 0px 0px 10px; border: 0px; outline: 0px; font-size: 18px; text-size-adjust: 100%; vertical-align: baseline; background: #ffffff; color: #990000; line-height: 1.1em; font-weight: 500; font-family: 'Open Sans', Arial, sans-serif; font-style: normal; font-variant-ligatures: normal; font-variant-caps: normal; letter-spacing: normal; orphans: 2; text-align: left; text-indent: 0px; text-transform: none; white-space: normal; widows: 2; word-spacing: 0px; -webkit-text-stroke-width: 0px; text-decoration-thickness: initial; text-decoration-style: initial; text-decoration-color: initial;">Del 4 al 22 de juliol de 2022 a la Llar del Jubilat</h4>
<p style="box-sizing: border-box; margin: 0px; padding: 0px 0px 1em; border: 0px; outline: 0px; font-size: 16px; text-size-adjust: 100%; vertical-align: baseline; background: #ffffff; color: #333333; font-family: 'Open Sans', Arial, sans-serif; font-style: normal; font-variant-ligatures: normal; font-variant-caps: normal; font-weight: 500; letter-spacing: normal; orphans: 2; text-align: left; text-indent: 0px; text-transform: none; white-space: normal; widows: 2; word-spacing: 0px; -webkit-text-stroke-width: 0px; text-decoration-thickness: initial; text-decoration-style: initial; text-decoration-color: initial;">Horari de 10.00 h a 13.00 h.<br style="box-sizing: border-box;" />Inscripcions de dilluns a divendres a la Casa de Cultura, de 10.00 h a 13.00 h.<br style="box-sizing: border-box;" />Places limitades.</p>
<h4 style="box-sizing: border-box; margin: 0px; padding: 0px 0px 10px; border: 0px; outline: 0px; font-size: 18px; text-size-adjust: 100%; vertical-align: baseline; background: #ffffff; color: #990000; line-height: 1.1em; font-weight: 500; font-family: 'Open Sans', Arial, sans-serif; font-style: normal; font-variant-ligatures: normal; font-variant-caps: normal; letter-spacing: normal; orphans: 2; text-align: left; text-indent: 0px; text-transform: none; white-space: normal; widows: 2; word-spacing: 0px; -webkit-text-stroke-width: 0px; text-decoration-thickness: initial; text-decoration-style: initial; text-decoration-color: initial;">ACTIVITATS</h4>
<p><strong>• Dilluns:</strong><br />Tallers de fals trencadís i granissats naturals.</p>
<p><strong>• Dimarts:</strong><br />Visites culturals a Sant Miquel dels Reis, a la Casa Museu de Joaquim Benlliure i al xalet de Blasco Ibáñez.</p>
<p><strong>• Dimecres:</strong><br />Activitats esportives, de 10.00 h a 11.00 h gimnàstica aquàtica, després esmorzar i passeig.</p>
<p><strong>• Dijous</strong>:<br />Tallers de fals trencadís i granissats naturals.</p>
<p><strong>• Divendres:</strong><br />Cinefòrum.</p>
<p>&nbsp;</p>[/et_pb_text][/et_pb_column][/et_pb_row][et_pb_row _builder_version=»4.16&#8243; _module_preset=»default» custom_margin=»0px||||false|false» custom_padding=»0px||||false|false» global_colors_info=»{}»][et_pb_column type=»4_4&#8243; _builder_version=»4.16&#8243; _module_preset=»default» global_colors_info=»{}»][et_pb_divider color=»#E02B20&#8243; divider_weight=»4px» _builder_version=»4.16&#8243; _module_preset=»default» custom_margin=»40px||||false|false» global_colors_info=»{}»][/et_pb_divider][/et_pb_column][/et_pb_row][/et_pb_section]

<p>V Escola d&#8217;Estiu per a Majors Del 4 al 22 de juliol de 2022 a la Llar del Jubilat Horari de 10.00 h a 13.00 h.Inscripcions de dilluns a divendres a la Casa de Cultura, de 10.00 h a 13.00 h.Places limitades. ACTIVITATS • Dilluns:Tallers de fals trencadís i granissats naturals. • Dimarts:Visites culturals a [&hellip;]</p>
