{"id":259235,"date":"2022-05-25T11:58:15","date_gmt":"2022-05-25T11:58:15","guid":{"rendered":"https:\/\/museros.org\/inici\/?page_id=259235"},"modified":"2024-02-07T17:12:59","modified_gmt":"2024-02-07T17:12:59","slug":"cena-de-sobaquillo","status":"publish","type":"page","link":"https:\/\/museros.org\/inici\/es\/cena-de-sobaquillo\/","title":{"rendered":"Cena de sobaquillo"},"content":{"rendered":"<p>[et_pb_section fb_built=\u00bb1&#8243; _builder_version=\u00bb4.16&#8243; _module_preset=\u00bbdefault\u00bb custom_padding=\u00bb0px||||false|false\u00bb locked=\u00bboff\u00bb global_colors_info=\u00bb{}\u00bb][et_pb_row column_structure=\u00bb1_3,2_3&#8243; _builder_version=\u00bb4.16&#8243; _module_preset=\u00bbdefault\u00bb custom_margin=\u00bb0px||0px||false|false\u00bb custom_padding=\u00bb0px||0px||false|false\u00bb global_colors_info=\u00bb{}\u00bb][et_pb_column type=\u00bb1_3&#8243; _builder_version=\u00bb4.16&#8243; _module_preset=\u00bbdefault\u00bb global_colors_info=\u00bb{}\u00bb][et_pb_image src=\u00bbhttps:\/\/museros.org\/wp-content\/uploads\/2021\/09\/logo-mayores-cl-230&#215;180-1.jpg\u00bb title_text=\u00bblogo-mayores-cl-230&#215;180&#8243; url=\u00bbhttps:\/\/museros.org\/inici\/es\/area-de-mayores\u00bb use_overlay=\u00bbon\u00bb overlay_icon_color=\u00bb#E02B20&#8243; hover_overlay_color=\u00bbrgba(255,255,255,0.7)\u00bb hover_icon=\u00bb&#xe04d;||divi||400&#8243; align=\u00bbcenter\u00bb _builder_version=\u00bb4.24.0&#8243; _module_preset=\u00bbdefault\u00bb width=\u00bb100%\u00bb width_tablet=\u00bb\u00bb width_phone=\u00bb\u00bb width_last_edited=\u00bbon|phone\u00bb module_alignment=\u00bbcenter\u00bb custom_margin=\u00bb0px||0px||false|false\u00bb custom_padding=\u00bb0px||0px||false|false\u00bb hover_enabled=\u00bb0&#8243; global_colors_info=\u00bb{}\u00bb sticky_enabled=\u00bb0&#8243;][\/et_pb_image][\/et_pb_column][et_pb_column type=\u00bb2_3&#8243; _builder_version=\u00bb4.16&#8243; _module_preset=\u00bbdefault\u00bb global_colors_info=\u00bb{}\u00bb][et_pb_image src=\u00bbhttps:\/\/museros.org\/wp-content\/uploads\/2022\/05\/sobaquillo-800&#215;1027-1.jpg\u00bb title_text=\u00bbsobaquillo-800&#215;1027&#8243; _builder_version=\u00bb4.17.4&#8243; _module_preset=\u00bbdefault\u00bb global_colors_info=\u00bb{}\u00bb][\/et_pb_image][et_pb_text _builder_version=\u00bb4.17.4&#8243; _module_preset=\u00bbdefault\u00bb custom_margin=\u00bb40px||||false|false\u00bb custom_padding=\u00bb||1px|0px|false|false\u00bb global_colors_info=\u00bb{}\u00bb]<\/p>\n<h1>Cena de sobaquillo con baile para mayores.<\/h1>\n<p>Viernes, 17 de junio, a las 21.00 h, en el Hogar del Jubilado.<br \/>La Concejal\u00eda de Comercio, Industria y Mayores se har\u00e1 cargo de la bebida y el picoteo.<\/p>\n<p>Las personas interesadas en asistir podr\u00e1n inscribirse en el Ayuntamiento, de 9.00 h a 14.00 h, de lunes a viernes, hasta el 13 de junio.<\/p>\n<p>&nbsp;<\/p>\n<p>[\/et_pb_text][\/et_pb_column][\/et_pb_row][et_pb_row _builder_version=\u00bb4.16&#8243; _module_preset=\u00bbdefault\u00bb custom_margin=\u00bb50px||0px||false|false\u00bb custom_padding=\u00bb0px||0px||false|false\u00bb global_colors_info=\u00bb{}\u00bb][et_pb_column type=\u00bb4_4&#8243; _builder_version=\u00bb4.16&#8243; _module_preset=\u00bbdefault\u00bb global_colors_info=\u00bb{}\u00bb][et_pb_divider color=\u00bb#E02B20&#8243; divider_weight=\u00bb4px\u00bb _builder_version=\u00bb4.16&#8243; _module_preset=\u00bbdefault\u00bb custom_margin=\u00bb0px||0px||false|false\u00bb custom_padding=\u00bb0px||0px||false|false\u00bb global_colors_info=\u00bb{}\u00bb][\/et_pb_divider][\/et_pb_column][\/et_pb_row][\/et_pb_section]<\/p>\n","protected":false},"excerpt":{"rendered":"<p>Cena de sobaquillo con baile para mayores. Viernes, 17 de junio, a las 21.00 h, en el Hogar del Jubilado.La Concejal\u00eda de Comercio, Industria y Mayores se har\u00e1 cargo de la bebida y el picoteo. Las personas interesadas en asistir podr\u00e1n inscribirse en el Ayuntamiento, de 9.00 h a 14.00 h, de lunes a viernes, [&hellip;]<\/p>\n","protected":false},"author":8,"featured_media":0,"parent":0,"menu_order":0,"comment_status":"closed","ping_status":"closed","template":"","meta":{"_et_pb_use_builder":"on","_et_pb_old_content":"","_et_gb_content_width":"","_mc_calendar":[],"footnotes":""},"wf_page_folders":[296],"class_list":["post-259235","page","type-page","status-publish","hentry"],"_links":{"self":[{"href":"https:\/\/museros.org\/inici\/wp-json\/wp\/v2\/pages\/259235","targetHints":{"allow":["GET"]}}],"collection":[{"href":"https:\/\/museros.org\/inici\/wp-json\/wp\/v2\/pages"}],"about":[{"href":"https:\/\/museros.org\/inici\/wp-json\/wp\/v2\/types\/page"}],"author":[{"embeddable":true,"href":"https:\/\/museros.org\/inici\/wp-json\/wp\/v2\/users\/8"}],"replies":[{"embeddable":true,"href":"https:\/\/museros.org\/inici\/wp-json\/wp\/v2\/comments?post=259235"}],"version-history":[{"count":3,"href":"https:\/\/museros.org\/inici\/wp-json\/wp\/v2\/pages\/259235\/revisions"}],"predecessor-version":[{"id":267689,"href":"https:\/\/museros.org\/inici\/wp-json\/wp\/v2\/pages\/259235\/revisions\/267689"}],"wp:attachment":[{"href":"https:\/\/museros.org\/inici\/wp-json\/wp\/v2\/media?parent=259235"}],"wp:term":[{"taxonomy":"wf_page_folders","embeddable":true,"href":"https:\/\/museros.org\/inici\/wp-json\/wp\/v2\/wf_page_folders?post=259235"}],"curies":[{"name":"wp","href":"https:\/\/api.w.org\/{rel}","templated":true}]}}

<p>[et_pb_section fb_built=»1&#8243; _builder_version=»4.16&#8243; _module_preset=»default» custom_padding=»0px||||false|false» locked=»off» global_colors_info=»{}»][et_pb_row column_structure=»1_3,2_3&#8243; _builder_version=»4.16&#8243; _module_preset=»default» custom_margin=»0px||0px||false|false» custom_padding=»0px||0px||false|false» global_colors_info=»{}»][et_pb_column type=»1_3&#8243; _builder_version=»4.16&#8243; _module_preset=»default» global_colors_info=»{}»][et_pb_image src=»https://museros.org/wp-content/uploads/2021/09/logo-mayores-cl-230&#215;180-1.jpg» title_text=»logo-mayores-cl-230&#215;180&#8243; url=»https://museros.org/inici/es/area-de-mayores» use_overlay=»on» overlay_icon_color=»#E02B20&#8243; hover_overlay_color=»rgba(255,255,255,0.7)» hover_icon=»&#xe04d;||divi||400&#8243; align=»center» _builder_version=»4.24.0&#8243; _module_preset=»default» width=»100%» width_tablet=»» width_phone=»» width_last_edited=»on|phone» module_alignment=»center» custom_margin=»0px||0px||false|false» custom_padding=»0px||0px||false|false» hover_enabled=»0&#8243; global_colors_info=»{}» sticky_enabled=»0&#8243;][/et_pb_image][/et_pb_column][et_pb_column type=»2_3&#8243; _builder_version=»4.16&#8243; _module_preset=»default» global_colors_info=»{}»][et_pb_image src=»https://museros.org/wp-content/uploads/2022/05/sobaquillo-800&#215;1027-1.jpg» title_text=»sobaquillo-800&#215;1027&#8243; _builder_version=»4.17.4&#8243; _module_preset=»default» global_colors_info=»{}»][/et_pb_image][et_pb_text _builder_version=»4.17.4&#8243; _module_preset=»default» custom_margin=»40px||||false|false» custom_padding=»||1px|0px|false|false» global_colors_info=»{}»]</p>
<h1>Cena de sobaquillo con baile para mayores.</h1>
<p>Viernes, 17 de junio, a las 21.00 h, en el Hogar del Jubilado.<br />La Concejalía de Comercio, Industria y Mayores se hará cargo de la bebida y el picoteo.</p>
<p>Las personas interesadas en asistir podrán inscribirse en el Ayuntamiento, de 9.00 h a 14.00 h, de lunes a viernes, hasta el 13 de junio.</p>
<p>&nbsp;</p>
<p>[/et_pb_text][/et_pb_column][/et_pb_row][et_pb_row _builder_version=»4.16&#8243; _module_preset=»default» custom_margin=»50px||0px||false|false» custom_padding=»0px||0px||false|false» global_colors_info=»{}»][et_pb_column type=»4_4&#8243; _builder_version=»4.16&#8243; _module_preset=»default» global_colors_info=»{}»][et_pb_divider color=»#E02B20&#8243; divider_weight=»4px» _builder_version=»4.16&#8243; _module_preset=»default» custom_margin=»0px||0px||false|false» custom_padding=»0px||0px||false|false» global_colors_info=»{}»][/et_pb_divider][/et_pb_column][/et_pb_row][/et_pb_section]</p>

<p>Cena de sobaquillo con baile para mayores. Viernes, 17 de junio, a las 21.00 h, en el Hogar del Jubilado.La Concejalía de Comercio, Industria y Mayores se hará cargo de la bebida y el picoteo. Las personas interesadas en asistir podrán inscribirse en el Ayuntamiento, de 9.00 h a 14.00 h, de lunes a viernes, [&hellip;]</p>
