{"id":259051,"date":"2022-05-18T10:04:52","date_gmt":"2022-05-18T10:04:52","guid":{"rendered":"https:\/\/museros.org\/inici\/?page_id=259051"},"modified":"2022-05-18T10:45:15","modified_gmt":"2022-05-18T10:45:15","slug":"finals-descala-i-corda-individual-al-7-i-mig","status":"publish","type":"page","link":"https:\/\/museros.org\/inici\/finals-descala-i-corda-individual-al-7-i-mig\/","title":{"rendered":"Finals d&#8217;Escala i Corda Individual al 7 i mig"},"content":{"rendered":"\n[et_pb_section fb_built=\u00bb1&#8243; _builder_version=\u00bb4.16&#8243; _module_preset=\u00bbdefault\u00bb locked=\u00bboff\u00bb global_colors_info=\u00bb{}\u00bb][et_pb_row column_structure=\u00bb1_4,3_4&#8243; _builder_version=\u00bb4.17.4&#8243; _module_preset=\u00bbdefault\u00bb custom_margin=\u00bb0px||||false|false\u00bb custom_padding=\u00bb0px||0px||false|false\u00bb global_colors_info=\u00bb{}\u00bb][et_pb_column type=\u00bb1_4&#8243; _builder_version=\u00bb4.17.4&#8243; _module_preset=\u00bbdefault\u00bb global_colors_info=\u00bb{}\u00bb][et_pb_image src=\u00bbhttps:\/\/museros.org\/wp-content\/uploads\/2021\/08\/logo-esports-cl-230&#215;180-1.jpg\u00bb title_text=\u00bblogo-esports-cl-230&#215;180&#8243; url=\u00bbhttps:\/\/museros.org\/inici\/area-desports\u00bb use_overlay=\u00bbon\u00bb overlay_icon_color=\u00bb#E02B20&#8243; hover_overlay_color=\u00bbrgba(255,255,255,0.69)\u00bb hover_icon=\u00bb&#xe04d;||divi||400&#8243; align=\u00bbcenter\u00bb _builder_version=\u00bb4.16&#8243; _module_preset=\u00bbdefault\u00bb width=\u00bb100%\u00bb module_alignment=\u00bbcenter\u00bb global_colors_info=\u00bb{}\u00bb][\/et_pb_image][\/et_pb_column][et_pb_column type=\u00bb3_4&#8243; _builder_version=\u00bb4.17.4&#8243; _module_preset=\u00bbdefault\u00bb global_colors_info=\u00bb{}\u00bb][et_pb_text _builder_version=\u00bb4.17.4&#8243; _module_preset=\u00bbdefault\u00bb global_colors_info=\u00bb{}\u00bb]<h3>I Campionat Auton\u00f2mic d&#8217;Escala i Corda Individual al 7 i mig<\/h3>\n<h1>TROFEO DIPUTACI\u00d3 DE VAL\u00c8NCIA<\/h1>\n<h1>Finals<\/h1>[\/et_pb_text][\/et_pb_column][\/et_pb_row][et_pb_row column_structure=\u00bb1_4,1_2,1_4&#8243; _builder_version=\u00bb4.17.4&#8243; _module_preset=\u00bbdefault\u00bb custom_margin=\u00bb0px||||false|false\u00bb custom_padding=\u00bb0px||0px||false|false\u00bb global_colors_info=\u00bb{}\u00bb][et_pb_column type=\u00bb1_4&#8243; _builder_version=\u00bb4.16&#8243; _module_preset=\u00bbdefault\u00bb global_colors_info=\u00bb{}\u00bb][\/et_pb_column][et_pb_column type=\u00bb1_2&#8243; _builder_version=\u00bb4.16&#8243; _module_preset=\u00bbdefault\u00bb global_colors_info=\u00bb{}\u00bb][et_pb_text _builder_version=\u00bb4.17.4&#8243; _module_preset=\u00bbdefault\u00bb hover_enabled=\u00bb0&#8243; global_colors_info=\u00bb{}\u00bb sticky_enabled=\u00bb0&#8243;]<h3>Trinquet Municipal \u00abLl\u00edria I\u00bb de Ll\u00edria<\/h3>\n<p>Dimecres 18 de maig<br \/>19.00 h 4\u00aaB: Rub\u00e9n CPV Crevillent &#8211; V\u00edctor CPV Pobla Vallbona<br \/>20.00 h 3\u00aaB: Alberto CPV Pelayo &#8211; Alberto CPV Torrent<\/p>\n<p>Dissabte 21 de maig<br \/>10.00 h Veterans: Chenoll CPV Manises &#8211; Pedro CPV Onda<br \/>11.00 h Juvenils: Sim\u00f3n d&#8217;Ontinyent &#8211; \u00c0ngela de Faura<br \/>12:00 2\u00aa: Marcos CPV Algemes\u00ed &#8211; Mart\u00edn CPV Faura<\/p>[\/et_pb_text][\/et_pb_column][et_pb_column type=\u00bb1_4&#8243; _builder_version=\u00bb4.16&#8243; _module_preset=\u00bbdefault\u00bb global_colors_info=\u00bb{}\u00bb][et_pb_image src=\u00bbhttps:\/\/museros.org\/wp-content\/uploads\/2022\/05\/trinquet-de-lliria.jpg\u00bb title_text=\u00bbtrinquet-de-lliria\u00bb _builder_version=\u00bb4.17.4&#8243; _module_preset=\u00bbdefault\u00bb global_colors_info=\u00bb{}\u00bb][\/et_pb_image][\/et_pb_column][\/et_pb_row][et_pb_row column_structure=\u00bb1_4,3_4&#8243; _builder_version=\u00bb4.17.4&#8243; _module_preset=\u00bbdefault\u00bb global_colors_info=\u00bb{}\u00bb][et_pb_column type=\u00bb1_4&#8243; _builder_version=\u00bb4.17.4&#8243; _module_preset=\u00bbdefault\u00bb global_colors_info=\u00bb{}\u00bb][\/et_pb_column][et_pb_column type=\u00bb3_4&#8243; _builder_version=\u00bb4.17.4&#8243; _module_preset=\u00bbdefault\u00bb global_colors_info=\u00bb{}\u00bb][et_pb_divider color=\u00bb#999999&#8243; divider_style=\u00bbdotted\u00bb divider_weight=\u00bb7px\u00bb _builder_version=\u00bb4.17.4&#8243; _module_preset=\u00bbdefault\u00bb global_colors_info=\u00bb{}\u00bb][\/et_pb_divider][\/et_pb_column][\/et_pb_row][et_pb_row column_structure=\u00bb1_4,1_2,1_4&#8243; _builder_version=\u00bb4.17.4&#8243; _module_preset=\u00bbdefault\u00bb custom_margin=\u00bb0px||||false|false\u00bb custom_padding=\u00bb0px||||false|false\u00bb global_colors_info=\u00bb{}\u00bb][et_pb_column type=\u00bb1_4&#8243; _builder_version=\u00bb4.16&#8243; _module_preset=\u00bbdefault\u00bb global_colors_info=\u00bb{}\u00bb][\/et_pb_column][et_pb_column type=\u00bb1_2&#8243; _builder_version=\u00bb4.16&#8243; _module_preset=\u00bbdefault\u00bb global_colors_info=\u00bb{}\u00bb][et_pb_text _builder_version=\u00bb4.17.4&#8243; _module_preset=\u00bbdefault\u00bb global_colors_info=\u00bb{}\u00bb]<h3>Trinquet Municipal de Museros<\/h3>\n<p>Divendres 20 de maig<br \/>17.30 h 3\u00aaA: Terio CPV L&#8217;Eliana &#8211; Carlos CPV Faura<br \/>18.30 h 4\u00aaA: Miguel CPV Ll\u00edria &#8211; Javi CPV Riba-roja<br \/>19.30 h 1\u00aa: Gabri CPV Museros &#8211; Alex CPV X\u00faquer<\/p>\n<p>&nbsp;<\/p>[\/et_pb_text][\/et_pb_column][et_pb_column type=\u00bb1_4&#8243; _builder_version=\u00bb4.16&#8243; _module_preset=\u00bbdefault\u00bb global_colors_info=\u00bb{}\u00bb][et_pb_image src=\u00bbhttps:\/\/museros.org\/wp-content\/uploads\/2022\/05\/trinquet-de-museros.jpg\u00bb title_text=\u00bbtrinquet-de-museros\u00bb _builder_version=\u00bb4.17.4&#8243; _module_preset=\u00bbdefault\u00bb global_colors_info=\u00bb{}\u00bb][\/et_pb_image][\/et_pb_column][\/et_pb_row][et_pb_row _builder_version=\u00bb4.16&#8243; _module_preset=\u00bbdefault\u00bb global_colors_info=\u00bb{}\u00bb][et_pb_column type=\u00bb4_4&#8243; _builder_version=\u00bb4.16&#8243; _module_preset=\u00bbdefault\u00bb global_colors_info=\u00bb{}\u00bb][et_pb_divider color=\u00bb#E02B20&#8243; divider_weight=\u00bb4px\u00bb _builder_version=\u00bb4.16&#8243; _module_preset=\u00bbdefault\u00bb global_colors_info=\u00bb{}\u00bb][\/et_pb_divider][\/et_pb_column][\/et_pb_row][\/et_pb_section]\n","protected":false},"excerpt":{"rendered":"<p>I Campionat Auton\u00f2mic d&#8217;Escala i Corda Individual al 7 i mig TROFEO DIPUTACI\u00d3 DE VAL\u00c8NCIA FinalsTrinquet Municipal \u00abLl\u00edria I\u00bb de Ll\u00edria Dimecres 18 de maig19.00 h 4\u00aaB: Rub\u00e9n CPV Crevillent &#8211; V\u00edctor CPV Pobla Vallbona20.00 h 3\u00aaB: Alberto CPV Pelayo &#8211; Alberto CPV Torrent Dissabte 21 de maig10.00 h Veterans: Chenoll CPV Manises &#8211; Pedro [&hellip;]<\/p>\n","protected":false},"author":8,"featured_media":0,"parent":0,"menu_order":0,"comment_status":"closed","ping_status":"closed","template":"","meta":{"_et_pb_use_builder":"on","_et_pb_old_content":"","_et_gb_content_width":"","_mc_calendar":[],"footnotes":""},"wf_page_folders":[297],"class_list":["post-259051","page","type-page","status-publish","hentry"],"_links":{"self":[{"href":"https:\/\/museros.org\/inici\/wp-json\/wp\/v2\/pages\/259051","targetHints":{"allow":["GET"]}}],"collection":[{"href":"https:\/\/museros.org\/inici\/wp-json\/wp\/v2\/pages"}],"about":[{"href":"https:\/\/museros.org\/inici\/wp-json\/wp\/v2\/types\/page"}],"author":[{"embeddable":true,"href":"https:\/\/museros.org\/inici\/wp-json\/wp\/v2\/users\/8"}],"replies":[{"embeddable":true,"href":"https:\/\/museros.org\/inici\/wp-json\/wp\/v2\/comments?post=259051"}],"version-history":[{"count":5,"href":"https:\/\/museros.org\/inici\/wp-json\/wp\/v2\/pages\/259051\/revisions"}],"predecessor-version":[{"id":259068,"href":"https:\/\/museros.org\/inici\/wp-json\/wp\/v2\/pages\/259051\/revisions\/259068"}],"wp:attachment":[{"href":"https:\/\/museros.org\/inici\/wp-json\/wp\/v2\/media?parent=259051"}],"wp:term":[{"taxonomy":"wf_page_folders","embeddable":true,"href":"https:\/\/museros.org\/inici\/wp-json\/wp\/v2\/wf_page_folders?post=259051"}],"curies":[{"name":"wp","href":"https:\/\/api.w.org\/{rel}","templated":true}]}}

[et_pb_section fb_built=»1&#8243; _builder_version=»4.16&#8243; _module_preset=»default» locked=»off» global_colors_info=»{}»][et_pb_row column_structure=»1_4,3_4&#8243; _builder_version=»4.17.4&#8243; _module_preset=»default» custom_margin=»0px||||false|false» custom_padding=»0px||0px||false|false» global_colors_info=»{}»][et_pb_column type=»1_4&#8243; _builder_version=»4.17.4&#8243; _module_preset=»default» global_colors_info=»{}»][et_pb_image src=»https://museros.org/wp-content/uploads/2021/08/logo-esports-cl-230&#215;180-1.jpg» title_text=»logo-esports-cl-230&#215;180&#8243; url=»https://museros.org/inici/area-desports» use_overlay=»on» overlay_icon_color=»#E02B20&#8243; hover_overlay_color=»rgba(255,255,255,0.69)» hover_icon=»&#xe04d;||divi||400&#8243; align=»center» _builder_version=»4.16&#8243; _module_preset=»default» width=»100%» module_alignment=»center» global_colors_info=»{}»][/et_pb_image][/et_pb_column][et_pb_column type=»3_4&#8243; _builder_version=»4.17.4&#8243; _module_preset=»default» global_colors_info=»{}»][et_pb_text _builder_version=»4.17.4&#8243; _module_preset=»default» global_colors_info=»{}»]<h3>I Campionat Autonòmic d&#8217;Escala i Corda Individual al 7 i mig</h3>
<h1>TROFEO DIPUTACIÓ DE VALÈNCIA</h1>
<h1>Finals</h1>[/et_pb_text][/et_pb_column][/et_pb_row][et_pb_row column_structure=»1_4,1_2,1_4&#8243; _builder_version=»4.17.4&#8243; _module_preset=»default» custom_margin=»0px||||false|false» custom_padding=»0px||0px||false|false» global_colors_info=»{}»][et_pb_column type=»1_4&#8243; _builder_version=»4.16&#8243; _module_preset=»default» global_colors_info=»{}»][/et_pb_column][et_pb_column type=»1_2&#8243; _builder_version=»4.16&#8243; _module_preset=»default» global_colors_info=»{}»][et_pb_text _builder_version=»4.17.4&#8243; _module_preset=»default» hover_enabled=»0&#8243; global_colors_info=»{}» sticky_enabled=»0&#8243;]<h3>Trinquet Municipal «Llíria I» de Llíria</h3>
<p>Dimecres 18 de maig<br />19.00 h 4ªB: Rubén CPV Crevillent &#8211; Víctor CPV Pobla Vallbona<br />20.00 h 3ªB: Alberto CPV Pelayo &#8211; Alberto CPV Torrent</p>
<p>Dissabte 21 de maig<br />10.00 h Veterans: Chenoll CPV Manises &#8211; Pedro CPV Onda<br />11.00 h Juvenils: Simón d&#8217;Ontinyent &#8211; Àngela de Faura<br />12:00 2ª: Marcos CPV Algemesí &#8211; Martín CPV Faura</p>[/et_pb_text][/et_pb_column][et_pb_column type=»1_4&#8243; _builder_version=»4.16&#8243; _module_preset=»default» global_colors_info=»{}»][et_pb_image src=»https://museros.org/wp-content/uploads/2022/05/trinquet-de-lliria.jpg» title_text=»trinquet-de-lliria» _builder_version=»4.17.4&#8243; _module_preset=»default» global_colors_info=»{}»][/et_pb_image][/et_pb_column][/et_pb_row][et_pb_row column_structure=»1_4,3_4&#8243; _builder_version=»4.17.4&#8243; _module_preset=»default» global_colors_info=»{}»][et_pb_column type=»1_4&#8243; _builder_version=»4.17.4&#8243; _module_preset=»default» global_colors_info=»{}»][/et_pb_column][et_pb_column type=»3_4&#8243; _builder_version=»4.17.4&#8243; _module_preset=»default» global_colors_info=»{}»][et_pb_divider color=»#999999&#8243; divider_style=»dotted» divider_weight=»7px» _builder_version=»4.17.4&#8243; _module_preset=»default» global_colors_info=»{}»][/et_pb_divider][/et_pb_column][/et_pb_row][et_pb_row column_structure=»1_4,1_2,1_4&#8243; _builder_version=»4.17.4&#8243; _module_preset=»default» custom_margin=»0px||||false|false» custom_padding=»0px||||false|false» global_colors_info=»{}»][et_pb_column type=»1_4&#8243; _builder_version=»4.16&#8243; _module_preset=»default» global_colors_info=»{}»][/et_pb_column][et_pb_column type=»1_2&#8243; _builder_version=»4.16&#8243; _module_preset=»default» global_colors_info=»{}»][et_pb_text _builder_version=»4.17.4&#8243; _module_preset=»default» global_colors_info=»{}»]<h3>Trinquet Municipal de Museros</h3>
<p>Divendres 20 de maig<br />17.30 h 3ªA: Terio CPV L&#8217;Eliana &#8211; Carlos CPV Faura<br />18.30 h 4ªA: Miguel CPV Llíria &#8211; Javi CPV Riba-roja<br />19.30 h 1ª: Gabri CPV Museros &#8211; Alex CPV Xúquer</p>
<p>&nbsp;</p>[/et_pb_text][/et_pb_column][et_pb_column type=»1_4&#8243; _builder_version=»4.16&#8243; _module_preset=»default» global_colors_info=»{}»][et_pb_image src=»https://museros.org/wp-content/uploads/2022/05/trinquet-de-museros.jpg» title_text=»trinquet-de-museros» _builder_version=»4.17.4&#8243; _module_preset=»default» global_colors_info=»{}»][/et_pb_image][/et_pb_column][/et_pb_row][et_pb_row _builder_version=»4.16&#8243; _module_preset=»default» global_colors_info=»{}»][et_pb_column type=»4_4&#8243; _builder_version=»4.16&#8243; _module_preset=»default» global_colors_info=»{}»][et_pb_divider color=»#E02B20&#8243; divider_weight=»4px» _builder_version=»4.16&#8243; _module_preset=»default» global_colors_info=»{}»][/et_pb_divider][/et_pb_column][/et_pb_row][/et_pb_section]

<p>I Campionat Autonòmic d&#8217;Escala i Corda Individual al 7 i mig TROFEO DIPUTACIÓ DE VALÈNCIA FinalsTrinquet Municipal «Llíria I» de Llíria Dimecres 18 de maig19.00 h 4ªB: Rubén CPV Crevillent &#8211; Víctor CPV Pobla Vallbona20.00 h 3ªB: Alberto CPV Pelayo &#8211; Alberto CPV Torrent Dissabte 21 de maig10.00 h Veterans: Chenoll CPV Manises &#8211; Pedro [&hellip;]</p>
