{"id":257734,"date":"2022-04-11T15:51:52","date_gmt":"2022-04-11T15:51:52","guid":{"rendered":"https:\/\/museros.org\/inici\/?page_id=257734"},"modified":"2025-03-21T23:07:55","modified_gmt":"2025-03-21T23:07:55","slug":"forums-joves","status":"publish","type":"page","link":"https:\/\/museros.org\/inici\/forums-joves\/","title":{"rendered":"Forums Joves"},"content":{"rendered":"<p>[et_pb_section fb_built=\u00bb1&#8243; _builder_version=\u00bb4.17.0&#8243; _module_preset=\u00bbdefault\u00bb custom_margin=\u00bb||||false|false\u00bb custom_padding=\u00bb||||false|false\u00bb locked=\u00bboff\u00bb global_colors_info=\u00bb{}\u00bb][et_pb_row column_structure=\u00bb1_4,3_4&#8243; _builder_version=\u00bb4.16&#8243; _module_preset=\u00bbdefault\u00bb custom_margin=\u00bb0px||||false|false\u00bb custom_padding=\u00bb0px||||false|false\u00bb global_colors_info=\u00bb{}\u00bb][et_pb_column type=\u00bb1_4&#8243; _builder_version=\u00bb4.16&#8243; _module_preset=\u00bbdefault\u00bb global_colors_info=\u00bb{}\u00bb][et_pb_image src=\u00bbhttps:\/\/museros.org\/wp-content\/uploads\/2021\/07\/espaijove-230&#215;180-1.jpg\u00bb title_text=\u00bbespaijove-230&#215;180&#8243; url=\u00bbhttps:\/\/museros.org\/inici\/espai-jove\/\u00bb use_overlay=\u00bbon\u00bb overlay_icon_color=\u00bb#E02B20&#8243; hover_overlay_color=\u00bbrgba(255,255,255,0.66)\u00bb hover_icon=\u00bb&#xe04d;||divi||400&#8243; align=\u00bbcenter\u00bb _builder_version=\u00bb4.17.0&#8243; _module_preset=\u00bbdefault\u00bb global_colors_info=\u00bb{}\u00bb][\/et_pb_image][\/et_pb_column][et_pb_column type=\u00bb3_4&#8243; _builder_version=\u00bb4.16&#8243; _module_preset=\u00bbdefault\u00bb global_colors_info=\u00bb{}\u00bb][et_pb_image src=\u00bbhttps:\/\/museros.org\/wp-content\/uploads\/2022\/04\/logo-forum-joves-400&#215;260-1.jpg\u00bb title_text=\u00bblogo-forum-joves-400&#215;260&#8243; _builder_version=\u00bb4.17.0&#8243; _module_preset=\u00bbdefault\u00bb width=\u00bb30%\u00bb max_width=\u00bb100%\u00bb global_colors_info=\u00bb{}\u00bb][\/et_pb_image][et_pb_text _builder_version=\u00bb4.17.0&#8243; _module_preset=\u00bbdefault\u00bb global_colors_info=\u00bb{}\u00bb]<\/p>\n<p>Estem elaborant el Pla de Joventut de Museros i, com a part del proc\u00e9s, hem organitzat diversos &#8216;F\u00f2rums Joves&#8217; amb l&#8217;objectiu que la joventut del nostre poble puga expressar les seues opinions i llan\u00e7ar propostes sobre com millorar la seua realitat en el municipi.<\/p>\n<p>En aquests espais de participaci\u00f3, debat i posada en com\u00fa, es treballar\u00e0 sobre els eixos tem\u00e0tics resultants de la primera fase de diagn\u00f2stic, \u00e9s a dir, els temes dels f\u00f2rums seran un reflex de les preocupacions i interessos reals de la gent jove.<\/p>\n<p>A trav\u00e9s de din\u00e0miques participatives, es facilitar\u00e0 la reflexi\u00f3 individual i grupal durant el proc\u00e9s amb la intenci\u00f3 de recollir totes les opinions i realitats.<\/p>\n<p>El primer d&#8217;aquests f\u00f2rums tindr\u00e0 lloc aquest dimecres, 13 d&#8217;abril, a l&#8217;Espai Jove, de 18.30 h a 20.00 h aproximadament, i tractar\u00e0 el tema de la salut mental (com ha afectat la pand\u00e8mia a la realitat de la gent jove, l&#8217;estr\u00e9s pels estudis, les relacions socials, etc.).<\/p>\n<p>La participaci\u00f3 est\u00e0 oberta a tota persona jove, entre 12 i 30 anys, que vulga aportar la seua visi\u00f3 i les seues propostes en aquest tema. Vos esperem!<\/p>\n<p>[\/et_pb_text][et_pb_divider color=\u00bb#999999&#8243; divider_style=\u00bbdotted\u00bb divider_weight=\u00bb7px\u00bb _builder_version=\u00bb4.16&#8243; _module_preset=\u00bbdefault\u00bb custom_margin=\u00bb40px||||false|false\u00bb global_colors_info=\u00bb{}\u00bb][\/et_pb_divider][\/et_pb_column][\/et_pb_row][et_pb_row column_structure=\u00bb1_5,1_5,3_5&#8243; _builder_version=\u00bb4.16&#8243; _module_preset=\u00bbdefault\u00bb custom_margin=\u00bb0px||0px||false|false\u00bb custom_padding=\u00bb0px||0px||false|false\u00bb locked=\u00bboff\u00bb global_colors_info=\u00bb{}\u00bb][et_pb_column type=\u00bb1_5&#8243; _builder_version=\u00bb4.16&#8243; _module_preset=\u00bbdefault\u00bb global_colors_info=\u00bb{}\u00bb][\/et_pb_column][et_pb_column type=\u00bb1_5&#8243; _builder_version=\u00bb4.16&#8243; _module_preset=\u00bbdefault\u00bb global_colors_info=\u00bb{}\u00bb][et_pb_image src=\u00bbhttps:\/\/museros.org\/wp-content\/uploads\/2024\/06\/plajove-230&#215;180-1.jpg\u00bb title_text=\u00bbplajove-230&#215;180&#8243; url=\u00bbhttps:\/\/museros.org\/inici\/pla-jove\/\u00bb use_overlay=\u00bbon\u00bb overlay_icon_color=\u00bb#E02B20&#8243; hover_overlay_color=\u00bbrgba(255,255,255,0.7)\u00bb hover_icon=\u00bb&#xe04e;||divi||400&#8243; show_bottom_space=\u00bboff\u00bb align=\u00bbcenter\u00bb _builder_version=\u00bb4.27.4&#8243; _module_preset=\u00bbdefault\u00bb width=\u00bb100%\u00bb custom_margin=\u00bb-20px||||false|false\u00bb locked=\u00bboff\u00bb global_colors_info=\u00bb{}\u00bb][\/et_pb_image][\/et_pb_column][et_pb_column type=\u00bb3_5&#8243; _builder_version=\u00bb4.16&#8243; _module_preset=\u00bbdefault\u00bb global_colors_info=\u00bb{}\u00bb][\/et_pb_column][\/et_pb_row][et_pb_row _builder_version=\u00bb4.16&#8243; _module_preset=\u00bbdefault\u00bb global_colors_info=\u00bb{}\u00bb][et_pb_column type=\u00bb4_4&#8243; _builder_version=\u00bb4.16&#8243; _module_preset=\u00bbdefault\u00bb global_colors_info=\u00bb{}\u00bb][et_pb_divider color=\u00bb#E02B20&#8243; divider_weight=\u00bb4px\u00bb _builder_version=\u00bb4.16&#8243; _module_preset=\u00bbdefault\u00bb global_colors_info=\u00bb{}\u00bb][\/et_pb_divider][\/et_pb_column][\/et_pb_row][\/et_pb_section]<\/p>\n","protected":false},"excerpt":{"rendered":"<p>Estem elaborant el Pla de Joventut de Museros i, com a part del proc\u00e9s, hem organitzat diversos &#8216;F\u00f2rums Joves&#8217; amb l&#8217;objectiu que la joventut del nostre poble puga expressar les seues opinions i llan\u00e7ar propostes sobre com millorar la seua realitat en el municipi. En aquests espais de participaci\u00f3, debat i posada en com\u00fa, es [&hellip;]<\/p>\n","protected":false},"author":8,"featured_media":0,"parent":0,"menu_order":0,"comment_status":"closed","ping_status":"closed","template":"","meta":{"_et_pb_use_builder":"on","_et_pb_old_content":"","_et_gb_content_width":"","_mc_calendar":[],"footnotes":""},"wf_page_folders":[292],"class_list":["post-257734","page","type-page","status-publish","hentry"],"_links":{"self":[{"href":"https:\/\/museros.org\/inici\/wp-json\/wp\/v2\/pages\/257734","targetHints":{"allow":["GET"]}}],"collection":[{"href":"https:\/\/museros.org\/inici\/wp-json\/wp\/v2\/pages"}],"about":[{"href":"https:\/\/museros.org\/inici\/wp-json\/wp\/v2\/types\/page"}],"author":[{"embeddable":true,"href":"https:\/\/museros.org\/inici\/wp-json\/wp\/v2\/users\/8"}],"replies":[{"embeddable":true,"href":"https:\/\/museros.org\/inici\/wp-json\/wp\/v2\/comments?post=257734"}],"version-history":[{"count":13,"href":"https:\/\/museros.org\/inici\/wp-json\/wp\/v2\/pages\/257734\/revisions"}],"predecessor-version":[{"id":273278,"href":"https:\/\/museros.org\/inici\/wp-json\/wp\/v2\/pages\/257734\/revisions\/273278"}],"wp:attachment":[{"href":"https:\/\/museros.org\/inici\/wp-json\/wp\/v2\/media?parent=257734"}],"wp:term":[{"taxonomy":"wf_page_folders","embeddable":true,"href":"https:\/\/museros.org\/inici\/wp-json\/wp\/v2\/wf_page_folders?post=257734"}],"curies":[{"name":"wp","href":"https:\/\/api.w.org\/{rel}","templated":true}]}}

<p>[et_pb_section fb_built=»1&#8243; _builder_version=»4.17.0&#8243; _module_preset=»default» custom_margin=»||||false|false» custom_padding=»||||false|false» locked=»off» global_colors_info=»{}»][et_pb_row column_structure=»1_4,3_4&#8243; _builder_version=»4.16&#8243; _module_preset=»default» custom_margin=»0px||||false|false» custom_padding=»0px||||false|false» global_colors_info=»{}»][et_pb_column type=»1_4&#8243; _builder_version=»4.16&#8243; _module_preset=»default» global_colors_info=»{}»][et_pb_image src=»https://museros.org/wp-content/uploads/2021/07/espaijove-230&#215;180-1.jpg» title_text=»espaijove-230&#215;180&#8243; url=»https://museros.org/inici/espai-jove/» use_overlay=»on» overlay_icon_color=»#E02B20&#8243; hover_overlay_color=»rgba(255,255,255,0.66)» hover_icon=»&#xe04d;||divi||400&#8243; align=»center» _builder_version=»4.17.0&#8243; _module_preset=»default» global_colors_info=»{}»][/et_pb_image][/et_pb_column][et_pb_column type=»3_4&#8243; _builder_version=»4.16&#8243; _module_preset=»default» global_colors_info=»{}»][et_pb_image src=»https://museros.org/wp-content/uploads/2022/04/logo-forum-joves-400&#215;260-1.jpg» title_text=»logo-forum-joves-400&#215;260&#8243; _builder_version=»4.17.0&#8243; _module_preset=»default» width=»30%» max_width=»100%» global_colors_info=»{}»][/et_pb_image][et_pb_text _builder_version=»4.17.0&#8243; _module_preset=»default» global_colors_info=»{}»]</p>
<p>Estem elaborant el Pla de Joventut de Museros i, com a part del procés, hem organitzat diversos &#8216;Fòrums Joves&#8217; amb l&#8217;objectiu que la joventut del nostre poble puga expressar les seues opinions i llançar propostes sobre com millorar la seua realitat en el municipi.</p>
<p>En aquests espais de participació, debat i posada en comú, es treballarà sobre els eixos temàtics resultants de la primera fase de diagnòstic, és a dir, els temes dels fòrums seran un reflex de les preocupacions i interessos reals de la gent jove.</p>
<p>A través de dinàmiques participatives, es facilitarà la reflexió individual i grupal durant el procés amb la intenció de recollir totes les opinions i realitats.</p>
<p>El primer d&#8217;aquests fòrums tindrà lloc aquest dimecres, 13 d&#8217;abril, a l&#8217;Espai Jove, de 18.30 h a 20.00 h aproximadament, i tractarà el tema de la salut mental (com ha afectat la pandèmia a la realitat de la gent jove, l&#8217;estrés pels estudis, les relacions socials, etc.).</p>
<p>La participació està oberta a tota persona jove, entre 12 i 30 anys, que vulga aportar la seua visió i les seues propostes en aquest tema. Vos esperem!</p>
<p>[/et_pb_text][et_pb_divider color=»#999999&#8243; divider_style=»dotted» divider_weight=»7px» _builder_version=»4.16&#8243; _module_preset=»default» custom_margin=»40px||||false|false» global_colors_info=»{}»][/et_pb_divider][/et_pb_column][/et_pb_row][et_pb_row column_structure=»1_5,1_5,3_5&#8243; _builder_version=»4.16&#8243; _module_preset=»default» custom_margin=»0px||0px||false|false» custom_padding=»0px||0px||false|false» locked=»off» global_colors_info=»{}»][et_pb_column type=»1_5&#8243; _builder_version=»4.16&#8243; _module_preset=»default» global_colors_info=»{}»][/et_pb_column][et_pb_column type=»1_5&#8243; _builder_version=»4.16&#8243; _module_preset=»default» global_colors_info=»{}»][et_pb_image src=»https://museros.org/wp-content/uploads/2024/06/plajove-230&#215;180-1.jpg» title_text=»plajove-230&#215;180&#8243; url=»https://museros.org/inici/pla-jove/» use_overlay=»on» overlay_icon_color=»#E02B20&#8243; hover_overlay_color=»rgba(255,255,255,0.7)» hover_icon=»&#xe04e;||divi||400&#8243; show_bottom_space=»off» align=»center» _builder_version=»4.27.4&#8243; _module_preset=»default» width=»100%» custom_margin=»-20px||||false|false» locked=»off» global_colors_info=»{}»][/et_pb_image][/et_pb_column][et_pb_column type=»3_5&#8243; _builder_version=»4.16&#8243; _module_preset=»default» global_colors_info=»{}»][/et_pb_column][/et_pb_row][et_pb_row _builder_version=»4.16&#8243; _module_preset=»default» global_colors_info=»{}»][et_pb_column type=»4_4&#8243; _builder_version=»4.16&#8243; _module_preset=»default» global_colors_info=»{}»][et_pb_divider color=»#E02B20&#8243; divider_weight=»4px» _builder_version=»4.16&#8243; _module_preset=»default» global_colors_info=»{}»][/et_pb_divider][/et_pb_column][/et_pb_row][/et_pb_section]</p>

<p>Estem elaborant el Pla de Joventut de Museros i, com a part del procés, hem organitzat diversos &#8216;Fòrums Joves&#8217; amb l&#8217;objectiu que la joventut del nostre poble puga expressar les seues opinions i llançar propostes sobre com millorar la seua realitat en el municipi. En aquests espais de participació, debat i posada en comú, es [&hellip;]</p>
