{"id":256317,"date":"2022-03-26T14:01:05","date_gmt":"2022-03-26T14:01:05","guid":{"rendered":"https:\/\/museros.org\/inici\/?page_id=256317"},"modified":"2025-06-18T09:07:43","modified_gmt":"2025-06-18T09:07:43","slug":"admision","status":"publish","type":"page","link":"https:\/\/museros.org\/inici\/es\/admision\/","title":{"rendered":"Admisi\u00f3n"},"content":{"rendered":"<p>[et_pb_section fb_built=\u00bb1&#8243; _builder_version=\u00bb4.16&#8243; _module_preset=\u00bbdefault\u00bb custom_margin=\u00bb0px||||false|false\u00bb custom_padding=\u00bb0px||||false|false\u00bb locked=\u00bboff\u00bb global_colors_info=\u00bb{}\u00bb][et_pb_row column_structure=\u00bb1_4,3_4&#8243; _builder_version=\u00bb4.16&#8243; _module_preset=\u00bbdefault\u00bb custom_margin=\u00bb0px||||false|false\u00bb custom_padding=\u00bb0px||27px||false|false\u00bb global_colors_info=\u00bb{}\u00bb][et_pb_column type=\u00bb1_4&#8243; _builder_version=\u00bb4.16&#8243; _module_preset=\u00bbdefault\u00bb global_colors_info=\u00bb{}\u00bb][et_pb_image src=\u00bbhttps:\/\/museros.org\/wp-content\/uploads\/2022\/03\/admision-180&#215;230-1.jpg\u00bb title_text=\u00bbadmision-180&#215;230&#8243; url=\u00bbhttps:\/\/museros.org\/inici\/escuela-infantil-municipal\u00bb use_overlay=\u00bbon\u00bb overlay_icon_color=\u00bb#E02B20&#8243; hover_overlay_color=\u00bbrgba(255,255,255,0.71)\u00bb hover_icon=\u00bb&#xe04d;||divi||400&#8243; align=\u00bbcenter\u00bb _builder_version=\u00bb4.16&#8243; _module_preset=\u00bbdefault\u00bb global_colors_info=\u00bb{}\u00bb][\/et_pb_image][\/et_pb_column][et_pb_column type=\u00bb3_4&#8243; _builder_version=\u00bb4.16&#8243; _module_preset=\u00bbdefault\u00bb global_colors_info=\u00bb{}\u00bb][et_pb_image src=\u00bbhttps:\/\/museros.org\/wp-content\/uploads\/2023\/04\/matricula-abierta-900&#215;250-1.jpg\u00bb title_text=\u00bbmatricula-abierta-900&#215;250&#8243; _builder_version=\u00bb4.20.4&#8243; _module_preset=\u00bbdefault\u00bb global_colors_info=\u00bb{}\u00bb][\/et_pb_image][et_pb_button button_url=\u00bbhttps:\/\/museros.org\/wp-content\/uploads\/2025\/05\/Publicacio-vacants-Curs-2025-2026.pdf\u00bb url_new_window=\u00bbon\u00bb button_text=\u00bbPublicaci\u00f3n de vacantes para el curso 2025-2026&#8243; _builder_version=\u00bb4.27.4&#8243; _module_preset=\u00bbdefault\u00bb locked=\u00bboff\u00bb global_colors_info=\u00bb{}\u00bb][\/et_pb_button][et_pb_button button_url=\u00bbhttps:\/\/museros.org\/wp-content\/uploads\/2025\/06\/20250528_Otros_admitidos-provisionales.pdf\u00bb url_new_window=\u00bbon\u00bb button_text=\u00bb Listas provisionales de alumnado admitido para el curso 2025-2026&#8243; _builder_version=\u00bb4.27.4&#8243; _module_preset=\u00bbdefault\u00bb locked=\u00bboff\u00bb global_colors_info=\u00bb{}\u00bb][\/et_pb_button][et_pb_button button_url=\u00bbhttps:\/\/museros.org\/wp-content\/uploads\/2025\/06\/20250617_listado-definitivo-admitidos-curso-2025-2026.pdf\u00bb url_new_window=\u00bbon\u00bb button_text=\u00bb Listas definitivas de alumnado admitido para el curso 2025-2026&#8243; _builder_version=\u00bb4.27.4&#8243; _module_preset=\u00bbdefault\u00bb locked=\u00bboff\u00bb global_colors_info=\u00bb{}\u00bb][\/et_pb_button][et_pb_text _builder_version=\u00bb4.27.4&#8243; _module_preset=\u00bbdefault\u00bb custom_margin=\u00bb||40px||false|false\u00bb custom_padding=\u00bb||||false|false\u00bb global_colors_info=\u00bb{}\u00bb]<\/p>\n<h1>Admisi\u00f3n<\/h1>\n<p>La Escuela Infantil de Primer Ciclo Municipal de Museros informa del calendario de admisi\u00f3n y matr\u00edcula del alumnado para el curso 2025-2026.<\/p>\n<p>La tramitaci\u00f3n ser\u00e1 por v\u00eda telem\u00e1tica, a trav\u00e9s de la sede electr\u00f3nica del Ayuntamiento.<\/p>\n<p>M\u00e1s informaci\u00f3n en el tel\u00e9fono 961 441 680, extensi\u00f3n #301 o 664 856 378 en horario de 09.00 h a 14.00 h.<\/p>\n<p>[\/et_pb_text][et_pb_button button_url=\u00bbhttps:\/\/museros.org\/wp-content\/uploads\/2025\/04\/admissio_curs_25_-26.pdf\u00bb url_new_window=\u00bbon\u00bb button_text=\u00bbCalendario de admisi\u00f3n y matr\u00edcula 2025-2026&#8243; _builder_version=\u00bb4.27.4&#8243; _module_preset=\u00bbdefault\u00bb global_colors_info=\u00bb{}\u00bb][\/et_pb_button][\/et_pb_column][\/et_pb_row][et_pb_row _builder_version=\u00bb4.16&#8243; _module_preset=\u00bbdefault\u00bb global_colors_info=\u00bb{}\u00bb][et_pb_column type=\u00bb4_4&#8243; _builder_version=\u00bb4.16&#8243; _module_preset=\u00bbdefault\u00bb global_colors_info=\u00bb{}\u00bb][et_pb_divider color=\u00bb#E02B20&#8243; divider_weight=\u00bb4px\u00bb _builder_version=\u00bb4.16&#8243; _module_preset=\u00bbdefault\u00bb global_colors_info=\u00bb{}\u00bb][\/et_pb_divider][\/et_pb_column][\/et_pb_row][\/et_pb_section]<\/p>\n","protected":false},"excerpt":{"rendered":"<p>Admisi\u00f3n La Escuela Infantil de Primer Ciclo Municipal de Museros informa del calendario de admisi\u00f3n y matr\u00edcula del alumnado para el curso 2025-2026. La tramitaci\u00f3n ser\u00e1 por v\u00eda telem\u00e1tica, a trav\u00e9s de la sede electr\u00f3nica del Ayuntamiento. M\u00e1s informaci\u00f3n en el tel\u00e9fono 961 441 680, extensi\u00f3n #301 o 664 856 378 en horario de 09.00 [&hellip;]<\/p>\n","protected":false},"author":8,"featured_media":0,"parent":0,"menu_order":0,"comment_status":"closed","ping_status":"closed","template":"","meta":{"_et_pb_use_builder":"on","_et_pb_old_content":"","_et_gb_content_width":"","_mc_calendar":[],"footnotes":""},"wf_page_folders":[298],"class_list":["post-256317","page","type-page","status-publish","hentry"],"_links":{"self":[{"href":"https:\/\/museros.org\/inici\/wp-json\/wp\/v2\/pages\/256317","targetHints":{"allow":["GET"]}}],"collection":[{"href":"https:\/\/museros.org\/inici\/wp-json\/wp\/v2\/pages"}],"about":[{"href":"https:\/\/museros.org\/inici\/wp-json\/wp\/v2\/types\/page"}],"author":[{"embeddable":true,"href":"https:\/\/museros.org\/inici\/wp-json\/wp\/v2\/users\/8"}],"replies":[{"embeddable":true,"href":"https:\/\/museros.org\/inici\/wp-json\/wp\/v2\/comments?post=256317"}],"version-history":[{"count":50,"href":"https:\/\/museros.org\/inici\/wp-json\/wp\/v2\/pages\/256317\/revisions"}],"predecessor-version":[{"id":279550,"href":"https:\/\/museros.org\/inici\/wp-json\/wp\/v2\/pages\/256317\/revisions\/279550"}],"wp:attachment":[{"href":"https:\/\/museros.org\/inici\/wp-json\/wp\/v2\/media?parent=256317"}],"wp:term":[{"taxonomy":"wf_page_folders","embeddable":true,"href":"https:\/\/museros.org\/inici\/wp-json\/wp\/v2\/wf_page_folders?post=256317"}],"curies":[{"name":"wp","href":"https:\/\/api.w.org\/{rel}","templated":true}]}}

Admisión

<p>[et_pb_section fb_built=»1&#8243; _builder_version=»4.16&#8243; _module_preset=»default» custom_margin=»0px||||false|false» custom_padding=»0px||||false|false» locked=»off» global_colors_info=»{}»][et_pb_row column_structure=»1_4,3_4&#8243; _builder_version=»4.16&#8243; _module_preset=»default» custom_margin=»0px||||false|false» custom_padding=»0px||27px||false|false» global_colors_info=»{}»][et_pb_column type=»1_4&#8243; _builder_version=»4.16&#8243; _module_preset=»default» global_colors_info=»{}»][et_pb_image src=»https://museros.org/wp-content/uploads/2022/03/admision-180&#215;230-1.jpg» title_text=»admision-180&#215;230&#8243; url=»https://museros.org/inici/escuela-infantil-municipal» use_overlay=»on» overlay_icon_color=»#E02B20&#8243; hover_overlay_color=»rgba(255,255,255,0.71)» hover_icon=»&#xe04d;||divi||400&#8243; align=»center» _builder_version=»4.16&#8243; _module_preset=»default» global_colors_info=»{}»][/et_pb_image][/et_pb_column][et_pb_column type=»3_4&#8243; _builder_version=»4.16&#8243; _module_preset=»default» global_colors_info=»{}»][et_pb_image src=»https://museros.org/wp-content/uploads/2023/04/matricula-abierta-900&#215;250-1.jpg» title_text=»matricula-abierta-900&#215;250&#8243; _builder_version=»4.20.4&#8243; _module_preset=»default» global_colors_info=»{}»][/et_pb_image][et_pb_button button_url=»https://museros.org/wp-content/uploads/2025/05/Publicacio-vacants-Curs-2025-2026.pdf» url_new_window=»on» button_text=»Publicación de vacantes para el curso 2025-2026&#8243; _builder_version=»4.27.4&#8243; _module_preset=»default» locked=»off» global_colors_info=»{}»][/et_pb_button][et_pb_button button_url=»https://museros.org/wp-content/uploads/2025/06/20250528_Otros_admitidos-provisionales.pdf» url_new_window=»on» button_text=» Listas provisionales de alumnado admitido para el curso 2025-2026&#8243; _builder_version=»4.27.4&#8243; _module_preset=»default» locked=»off» global_colors_info=»{}»][/et_pb_button][et_pb_button button_url=»https://museros.org/wp-content/uploads/2025/06/20250617_listado-definitivo-admitidos-curso-2025-2026.pdf» url_new_window=»on» button_text=» Listas definitivas de alumnado admitido para el curso 2025-2026&#8243; _builder_version=»4.27.4&#8243; _module_preset=»default» locked=»off» global_colors_info=»{}»][/et_pb_button][et_pb_text _builder_version=»4.27.4&#8243; _module_preset=»default» custom_margin=»||40px||false|false» custom_padding=»||||false|false» global_colors_info=»{}»]</p>
<h1>Admisión</h1>
<p>La Escuela Infantil de Primer Ciclo Municipal de Museros informa del calendario de admisión y matrícula del alumnado para el curso 2025-2026.</p>
<p>La tramitación será por vía telemática, a través de la sede electrónica del Ayuntamiento.</p>
<p>Más información en el teléfono 961 441 680, extensión #301 o 664 856 378 en horario de 09.00 h a 14.00 h.</p>
<p>[/et_pb_text][et_pb_button button_url=»https://museros.org/wp-content/uploads/2025/04/admissio_curs_25_-26.pdf» url_new_window=»on» button_text=»Calendario de admisión y matrícula 2025-2026&#8243; _builder_version=»4.27.4&#8243; _module_preset=»default» global_colors_info=»{}»][/et_pb_button][/et_pb_column][/et_pb_row][et_pb_row _builder_version=»4.16&#8243; _module_preset=»default» global_colors_info=»{}»][et_pb_column type=»4_4&#8243; _builder_version=»4.16&#8243; _module_preset=»default» global_colors_info=»{}»][et_pb_divider color=»#E02B20&#8243; divider_weight=»4px» _builder_version=»4.16&#8243; _module_preset=»default» global_colors_info=»{}»][/et_pb_divider][/et_pb_column][/et_pb_row][/et_pb_section]</p>

<p>Admisión La Escuela Infantil de Primer Ciclo Municipal de Museros informa del calendario de admisión y matrícula del alumnado para el curso 2025-2026. La tramitación será por vía telemática, a través de la sede electrónica del Ayuntamiento. Más información en el teléfono 961 441 680, extensión #301 o 664 856 378 en horario de 09.00 [&hellip;]</p>
