{"id":256310,"date":"2022-03-26T13:57:10","date_gmt":"2022-03-26T13:57:10","guid":{"rendered":"https:\/\/museros.org\/inici\/?page_id=256310"},"modified":"2025-06-18T08:30:15","modified_gmt":"2025-06-18T08:30:15","slug":"admissio","status":"publish","type":"page","link":"https:\/\/museros.org\/inici\/admissio\/","title":{"rendered":"Admissi\u00f3"},"content":{"rendered":"<p>[et_pb_section fb_built=\u00bb1&#8243; _builder_version=\u00bb4.16&#8243; _module_preset=\u00bbdefault\u00bb custom_margin=\u00bb0px||||false|false\u00bb custom_padding=\u00bb0px||||false|false\u00bb locked=\u00bboff\u00bb global_colors_info=\u00bb{}\u00bb][et_pb_row column_structure=\u00bb1_4,3_4&#8243; _builder_version=\u00bb4.16&#8243; _module_preset=\u00bbdefault\u00bb custom_margin=\u00bb0px||||false|false\u00bb custom_padding=\u00bb0px||||false|false\u00bb global_colors_info=\u00bb{}\u00bb][et_pb_column type=\u00bb1_4&#8243; _builder_version=\u00bb4.16&#8243; _module_preset=\u00bbdefault\u00bb global_colors_info=\u00bb{}\u00bb][et_pb_image src=\u00bbhttps:\/\/museros.org\/wp-content\/uploads\/2022\/03\/admissio-180&#215;230-1.jpg\u00bb title_text=\u00bbadmissio-180&#215;230&#8243; url=\u00bbhttps:\/\/museros.org\/inici\/escola-infantil-municipal\/\u00bb use_overlay=\u00bbon\u00bb overlay_icon_color=\u00bb#E02B20&#8243; hover_overlay_color=\u00bbrgba(255,255,255,0.71)\u00bb hover_icon=\u00bb&#xe04d;||divi||400&#8243; align=\u00bbcenter\u00bb _builder_version=\u00bb4.16&#8243; _module_preset=\u00bbdefault\u00bb global_colors_info=\u00bb{}\u00bb][\/et_pb_image][\/et_pb_column][et_pb_column type=\u00bb3_4&#8243; _builder_version=\u00bb4.16&#8243; _module_preset=\u00bbdefault\u00bb global_colors_info=\u00bb{}\u00bb][et_pb_image src=\u00bbhttps:\/\/museros.org\/wp-content\/uploads\/2023\/04\/admissio-oberta-900&#215;250-1.jpg\u00bb title_text=\u00bbadmissio-oberta-900&#215;250&#8243; _builder_version=\u00bb4.20.4&#8243; _module_preset=\u00bbdefault\u00bb global_colors_info=\u00bb{}\u00bb][\/et_pb_image][et_pb_button button_url=\u00bbhttps:\/\/museros.org\/wp-content\/uploads\/2025\/05\/Publicacio-vacants-Curs-2025-2026.pdf\u00bb url_new_window=\u00bbon\u00bb button_text=\u00bbPublicaci\u00f3 de vacants per al curs 2025-2026&#8243; _builder_version=\u00bb4.27.4&#8243; _module_preset=\u00bbdefault\u00bb locked=\u00bboff\u00bb global_colors_info=\u00bb{}\u00bb][\/et_pb_button][et_pb_button button_url=\u00bbhttps:\/\/museros.org\/wp-content\/uploads\/2025\/06\/20250528_Otros_admesos-provisionals.pdf\u00bb url_new_window=\u00bbon\u00bb button_text=\u00bbLlistes provisionals d&#8217;alumnat adm\u00e9s per al curs 2025-2026&#8243; _builder_version=\u00bb4.27.4&#8243; _module_preset=\u00bbdefault\u00bb locked=\u00bboff\u00bb global_colors_info=\u00bb{}\u00bb][\/et_pb_button][et_pb_button button_url=\u00bbhttps:\/\/museros.org\/wp-content\/uploads\/2025\/06\/20250617_llistat-definitiu-admesos-curs-2025-2026.pdf\u00bb url_new_window=\u00bbon\u00bb button_text=\u00bbLlistes definitives d&#8217;alumnat adm\u00e9s per al curs 2025-2026&#8243; _builder_version=\u00bb4.27.4&#8243; _module_preset=\u00bbdefault\u00bb locked=\u00bboff\u00bb global_colors_info=\u00bb{}\u00bb][\/et_pb_button][et_pb_text _builder_version=\u00bb4.27.4&#8243; _module_preset=\u00bbdefault\u00bb custom_margin=\u00bb||40px||false|false\u00bb custom_padding=\u00bb2px|||||\u00bb global_colors_info=\u00bb{}\u00bb]<\/p>\n<h1>Admissi\u00f3<\/h1>\n<p>L&#8217;Escola Infantil de Primer Cicle Municipal de Museros informa del calendari d&#8217;admissi\u00f3 i de matr\u00edcula de l&#8217;alumnat per al curs 2025-2026.<\/p>\n<p>La tramitaci\u00f3 ser\u00e0 per via telem\u00e0tica, mitjan\u00e7ant la seu electr\u00f2nica de l&#8217;Ajuntament.<\/p>\n<p>M\u00e9s informaci\u00f3 en el tel\u00e8fon 961 441 680, extensi\u00f3 #301 o 664 856 378 en horari de 09.00 h a 14.00 h.<\/p>\n<p>[\/et_pb_text][et_pb_button button_url=\u00bbhttps:\/\/museros.org\/wp-content\/uploads\/2025\/04\/admissio_curs_25_-26.pdf\u00bb url_new_window=\u00bbon\u00bb button_text=\u00bbCalendari d&#8217;admissi\u00f3 i matr\u00edcula 2025-2026&#8243; _builder_version=\u00bb4.27.4&#8243; _module_preset=\u00bbdefault\u00bb locked=\u00bboff\u00bb global_colors_info=\u00bb{}\u00bb][\/et_pb_button][\/et_pb_column][\/et_pb_row][et_pb_row _builder_version=\u00bb4.16&#8243; _module_preset=\u00bbdefault\u00bb global_colors_info=\u00bb{}\u00bb][et_pb_column type=\u00bb4_4&#8243; _builder_version=\u00bb4.16&#8243; _module_preset=\u00bbdefault\u00bb global_colors_info=\u00bb{}\u00bb][et_pb_divider color=\u00bb#E02B20&#8243; divider_weight=\u00bb4px\u00bb _builder_version=\u00bb4.16&#8243; _module_preset=\u00bbdefault\u00bb global_colors_info=\u00bb{}\u00bb][\/et_pb_divider][\/et_pb_column][\/et_pb_row][\/et_pb_section]<\/p>\n","protected":false},"excerpt":{"rendered":"<p>Admissi\u00f3 L&#8217;Escola Infantil de Primer Cicle Municipal de Museros informa del calendari d&#8217;admissi\u00f3 i de matr\u00edcula de l&#8217;alumnat per al curs 2025-2026. La tramitaci\u00f3 ser\u00e0 per via telem\u00e0tica, mitjan\u00e7ant la seu electr\u00f2nica de l&#8217;Ajuntament. M\u00e9s informaci\u00f3 en el tel\u00e8fon 961 441 680, extensi\u00f3 #301 o 664 856 378 en horari de 09.00 h a 14.00 [&hellip;]<\/p>\n","protected":false},"author":8,"featured_media":0,"parent":0,"menu_order":0,"comment_status":"closed","ping_status":"closed","template":"","meta":{"_et_pb_use_builder":"on","_et_pb_old_content":"","_et_gb_content_width":"","_mc_calendar":[],"footnotes":""},"wf_page_folders":[298],"class_list":["post-256310","page","type-page","status-publish","hentry"],"_links":{"self":[{"href":"https:\/\/museros.org\/inici\/wp-json\/wp\/v2\/pages\/256310","targetHints":{"allow":["GET"]}}],"collection":[{"href":"https:\/\/museros.org\/inici\/wp-json\/wp\/v2\/pages"}],"about":[{"href":"https:\/\/museros.org\/inici\/wp-json\/wp\/v2\/types\/page"}],"author":[{"embeddable":true,"href":"https:\/\/museros.org\/inici\/wp-json\/wp\/v2\/users\/8"}],"replies":[{"embeddable":true,"href":"https:\/\/museros.org\/inici\/wp-json\/wp\/v2\/comments?post=256310"}],"version-history":[{"count":65,"href":"https:\/\/museros.org\/inici\/wp-json\/wp\/v2\/pages\/256310\/revisions"}],"predecessor-version":[{"id":275369,"href":"https:\/\/museros.org\/inici\/wp-json\/wp\/v2\/pages\/256310\/revisions\/275369"}],"wp:attachment":[{"href":"https:\/\/museros.org\/inici\/wp-json\/wp\/v2\/media?parent=256310"}],"wp:term":[{"taxonomy":"wf_page_folders","embeddable":true,"href":"https:\/\/museros.org\/inici\/wp-json\/wp\/v2\/wf_page_folders?post=256310"}],"curies":[{"name":"wp","href":"https:\/\/api.w.org\/{rel}","templated":true}]}}