{"id":256205,"date":"2022-03-25T22:37:52","date_gmt":"2022-03-25T22:37:52","guid":{"rendered":"https:\/\/museros.org\/inici\/?page_id=256205"},"modified":"2024-02-11T18:01:43","modified_gmt":"2024-02-11T18:01:43","slug":"escuela-de-verano-2023","status":"publish","type":"page","link":"https:\/\/museros.org\/inici\/es\/escuela-de-verano-2023\/","title":{"rendered":"Escuela de verano 2023"},"content":{"rendered":"<p>[et_pb_section fb_built=\u00bb1&#8243; _builder_version=\u00bb4.21.0&#8243; _module_preset=\u00bbdefault\u00bb locked=\u00bboff\u00bb global_colors_info=\u00bb{}\u00bb][et_pb_row column_structure=\u00bb1_4,3_4&#8243; _builder_version=\u00bb4.21.0&#8243; _module_preset=\u00bbdefault\u00bb custom_margin=\u00bb0px||||false|false\u00bb custom_padding=\u00bb||||false|false\u00bb locked=\u00bboff\u00bb global_colors_info=\u00bb{}\u00bb][et_pb_column type=\u00bb1_4&#8243; _builder_version=\u00bb4.16&#8243; _module_preset=\u00bbdefault\u00bb global_colors_info=\u00bb{}\u00bb][et_pb_image src=\u00bbhttps:\/\/museros.org\/wp-content\/uploads\/2022\/03\/escola-destiu-180&#215;230-1.jpg\u00bb title_text=\u00bbescola-destiu-180&#215;230&#8243; url=\u00bbhttps:\/\/museros.org\/inici\/actividades-de-educacion\/\u00bb use_overlay=\u00bbon\u00bb overlay_icon_color=\u00bb#E02B20&#8243; hover_overlay_color=\u00bbrgba(255,255,255,0.7)\u00bb hover_icon=\u00bb&#xe04d;||divi||400&#8243; align=\u00bbcenter\u00bb admin_label=\u00bb\u00e0rea educaio\u00bb _builder_version=\u00bb4.16&#8243; _module_preset=\u00bbdefault\u00bb module_alignment=\u00bbcenter\u00bb locked=\u00bboff\u00bb global_colors_info=\u00bb{}\u00bb][\/et_pb_image][\/et_pb_column][et_pb_column type=\u00bb3_4&#8243; _builder_version=\u00bb4.16&#8243; _module_preset=\u00bbdefault\u00bb global_colors_info=\u00bb{}\u00bb][et_pb_image src=\u00bbhttps:\/\/museros.org\/wp-content\/uploads\/2023\/05\/escola-estiu-2023.jpg\u00bb title_text=\u00bbescola-estiu-2023&#8243; _builder_version=\u00bb4.21.0&#8243; _module_preset=\u00bbdefault\u00bb global_colors_info=\u00bb{}\u00bb][\/et_pb_image][et_pb_text _builder_version=\u00bb4.21.0&#8243; _module_preset=\u00bbdefault\u00bb custom_padding=\u00bb2px|||||\u00bb global_colors_info=\u00bb{}\u00bb]<\/p>\n<h1>Escola d&#8217;Estiu 2023<\/h1>\n<h2>\u00abEn clave de sonido. Jugando con la m\u00fasica\u00bb<\/h2>\n<p><strong>Inscripciones del 1 al 15 de Junio en la sede electr\u00f3nica<\/strong><\/p>\n<p>Dirigida a ni\u00f1os y ni\u00f1as que este a\u00f1o han cursado educaci\u00f3n primaria o segundo ciclo de educaci\u00f3n infantil.<br \/><strong>Instalaciones:<\/strong><br \/>CEIP Blasco Ib\u00e1\u00f1ez.<br \/><strong>Fechas:<\/strong><br \/>del 3 al 31 de julio de 2023.<br \/><strong>Plazas:<\/strong><br \/>204 (por orden de inscripci\u00f3n) M\u00ednimo de 60 participantes.<br \/><strong>Presentacin\u00f3 de l&#8217;Escola d&#8217;Estiu 2023:<\/strong><br \/>Jueves 29 de juny a les 19.30 h en la Casa de Cultura.<\/p>\n<h3>HORARIOS<\/h3>\n<p>General: de 9.30 h a 14.00 h.<br \/>Ma\u00f1anera: de 7.30 h a 9.30 h.<br \/>Comedor: de 14.00 h a 15.30 h (m\u00ednimo 60 comensales).<br \/>Vespertina: de 15.30 h a 17.00 h.<\/p>\n<h3>PRECIOS<\/h3>\n<p>Escola d&#8217;estiu: 90 \u20ac<br \/>Ma\u00f1anera: 20 \u20ac<br \/>Comedor: 100 \u20ac<br \/>Vespertina: Gratu\u00efta.<strong><\/strong><\/p>\n<p>&nbsp;<\/p>\n<p>[\/et_pb_text][\/et_pb_column][\/et_pb_row][et_pb_row column_structure=\u00bb1_4,1_4,1_4,1_4&#8243; _builder_version=\u00bb4.21.0&#8243; _module_preset=\u00bbdefault\u00bb global_colors_info=\u00bb{}\u00bb][et_pb_column type=\u00bb1_4&#8243; _builder_version=\u00bb4.21.0&#8243; _module_preset=\u00bbdefault\u00bb global_colors_info=\u00bb{}\u00bb][\/et_pb_column][et_pb_column type=\u00bb1_4&#8243; _builder_version=\u00bb4.21.0&#8243; _module_preset=\u00bbdefault\u00bb global_colors_info=\u00bb{}\u00bb][et_pb_button button_url=\u00bbhttps:\/\/museros.org\/wp-content\/uploads\/2023\/05\/a-inscripcio-escola-estiu-2023.pdf\u00bb url_new_window=\u00bbon\u00bb button_text=\u00bbFormulario de inscripci\u00f3n\u00bb _builder_version=\u00bb4.21.0&#8243; _module_preset=\u00bbdefault\u00bb global_colors_info=\u00bb{}\u00bb][\/et_pb_button][\/et_pb_column][et_pb_column type=\u00bb1_4&#8243; _builder_version=\u00bb4.21.0&#8243; _module_preset=\u00bbdefault\u00bb global_colors_info=\u00bb{}\u00bb][et_pb_button button_url=\u00bbhttps:\/\/museros.org\/inici\/es\/otam-on-line\/\u00bb button_text=\u00bbSede electr\u00f3nica\u00bb _builder_version=\u00bb4.24.0&#8243; _module_preset=\u00bbdefault\u00bb hover_enabled=\u00bb0&#8243; global_colors_info=\u00bb{}\u00bb sticky_enabled=\u00bb0&#8243;][\/et_pb_button][\/et_pb_column][et_pb_column type=\u00bb1_4&#8243; _builder_version=\u00bb4.21.0&#8243; _module_preset=\u00bbdefault\u00bb global_colors_info=\u00bb{}\u00bb][et_pb_button button_url=\u00bbhttps:\/\/museros.org\/wp-content\/uploads\/2023\/05\/Normes-de-funcionament.-Escola-dEstiu-2023.pdf\u00bb url_new_window=\u00bbon\u00bb button_text=\u00bbNormas de funcionamiento\u00bb _builder_version=\u00bb4.21.0&#8243; _module_preset=\u00bbdefault\u00bb global_colors_info=\u00bb{}\u00bb][\/et_pb_button][\/et_pb_column][\/et_pb_row][et_pb_row _builder_version=\u00bb4.21.0&#8243; _module_preset=\u00bbdefault\u00bb locked=\u00bboff\u00bb global_colors_info=\u00bb{}\u00bb][et_pb_column type=\u00bb4_4&#8243; _builder_version=\u00bb4.21.0&#8243; _module_preset=\u00bbdefault\u00bb global_colors_info=\u00bb{}\u00bb][et_pb_divider color=\u00bb#E02B20&#8243; divider_weight=\u00bb4px\u00bb _builder_version=\u00bb4.21.0&#8243; _module_preset=\u00bbdefault\u00bb global_colors_info=\u00bb{}\u00bb][\/et_pb_divider][\/et_pb_column][\/et_pb_row][\/et_pb_section]<\/p>\n","protected":false},"excerpt":{"rendered":"<p>Escola d&#8217;Estiu 2023 \u00abEn clave de sonido. Jugando con la m\u00fasica\u00bb Inscripciones del 1 al 15 de Junio en la sede electr\u00f3nica Dirigida a ni\u00f1os y ni\u00f1as que este a\u00f1o han cursado educaci\u00f3n primaria o segundo ciclo de educaci\u00f3n infantil.Instalaciones:CEIP Blasco Ib\u00e1\u00f1ez.Fechas:del 3 al 31 de julio de 2023.Plazas:204 (por orden de inscripci\u00f3n) M\u00ednimo de [&hellip;]<\/p>\n","protected":false},"author":8,"featured_media":0,"parent":0,"menu_order":0,"comment_status":"closed","ping_status":"closed","template":"","meta":{"_et_pb_use_builder":"on","_et_pb_old_content":"","_et_gb_content_width":"","_mc_calendar":[],"footnotes":""},"wf_page_folders":[298],"class_list":["post-256205","page","type-page","status-publish","hentry"],"_links":{"self":[{"href":"https:\/\/museros.org\/inici\/wp-json\/wp\/v2\/pages\/256205","targetHints":{"allow":["GET"]}}],"collection":[{"href":"https:\/\/museros.org\/inici\/wp-json\/wp\/v2\/pages"}],"about":[{"href":"https:\/\/museros.org\/inici\/wp-json\/wp\/v2\/types\/page"}],"author":[{"embeddable":true,"href":"https:\/\/museros.org\/inici\/wp-json\/wp\/v2\/users\/8"}],"replies":[{"embeddable":true,"href":"https:\/\/museros.org\/inici\/wp-json\/wp\/v2\/comments?post=256205"}],"version-history":[{"count":21,"href":"https:\/\/museros.org\/inici\/wp-json\/wp\/v2\/pages\/256205\/revisions"}],"predecessor-version":[{"id":267888,"href":"https:\/\/museros.org\/inici\/wp-json\/wp\/v2\/pages\/256205\/revisions\/267888"}],"wp:attachment":[{"href":"https:\/\/museros.org\/inici\/wp-json\/wp\/v2\/media?parent=256205"}],"wp:term":[{"taxonomy":"wf_page_folders","embeddable":true,"href":"https:\/\/museros.org\/inici\/wp-json\/wp\/v2\/wf_page_folders?post=256205"}],"curies":[{"name":"wp","href":"https:\/\/api.w.org\/{rel}","templated":true}]}}

<p>[et_pb_section fb_built=»1&#8243; _builder_version=»4.21.0&#8243; _module_preset=»default» locked=»off» global_colors_info=»{}»][et_pb_row column_structure=»1_4,3_4&#8243; _builder_version=»4.21.0&#8243; _module_preset=»default» custom_margin=»0px||||false|false» custom_padding=»||||false|false» locked=»off» global_colors_info=»{}»][et_pb_column type=»1_4&#8243; _builder_version=»4.16&#8243; _module_preset=»default» global_colors_info=»{}»][et_pb_image src=»https://museros.org/wp-content/uploads/2022/03/escola-destiu-180&#215;230-1.jpg» title_text=»escola-destiu-180&#215;230&#8243; url=»https://museros.org/inici/actividades-de-educacion/» use_overlay=»on» overlay_icon_color=»#E02B20&#8243; hover_overlay_color=»rgba(255,255,255,0.7)» hover_icon=»&#xe04d;||divi||400&#8243; align=»center» admin_label=»àrea educaio» _builder_version=»4.16&#8243; _module_preset=»default» module_alignment=»center» locked=»off» global_colors_info=»{}»][/et_pb_image][/et_pb_column][et_pb_column type=»3_4&#8243; _builder_version=»4.16&#8243; _module_preset=»default» global_colors_info=»{}»][et_pb_image src=»https://museros.org/wp-content/uploads/2023/05/escola-estiu-2023.jpg» title_text=»escola-estiu-2023&#8243; _builder_version=»4.21.0&#8243; _module_preset=»default» global_colors_info=»{}»][/et_pb_image][et_pb_text _builder_version=»4.21.0&#8243; _module_preset=»default» custom_padding=»2px|||||» global_colors_info=»{}»]</p>
<h1>Escola d&#8217;Estiu 2023</h1>
<h2>«En clave de sonido. Jugando con la música»</h2>
<p><strong>Inscripciones del 1 al 15 de Junio en la sede electrónica</strong></p>
<p>Dirigida a niños y niñas que este año han cursado educación primaria o segundo ciclo de educación infantil.<br /><strong>Instalaciones:</strong><br />CEIP Blasco Ibáñez.<br /><strong>Fechas:</strong><br />del 3 al 31 de julio de 2023.<br /><strong>Plazas:</strong><br />204 (por orden de inscripción) Mínimo de 60 participantes.<br /><strong>Presentacinó de l&#8217;Escola d&#8217;Estiu 2023:</strong><br />Jueves 29 de juny a les 19.30 h en la Casa de Cultura.</p>
<h3>HORARIOS</h3>
<p>General: de 9.30 h a 14.00 h.<br />Mañanera: de 7.30 h a 9.30 h.<br />Comedor: de 14.00 h a 15.30 h (mínimo 60 comensales).<br />Vespertina: de 15.30 h a 17.00 h.</p>
<h3>PRECIOS</h3>
<p>Escola d&#8217;estiu: 90 €<br />Mañanera: 20 €<br />Comedor: 100 €<br />Vespertina: Gratuïta.<strong></strong></p>
<p>&nbsp;</p>
<p>[/et_pb_text][/et_pb_column][/et_pb_row][et_pb_row column_structure=»1_4,1_4,1_4,1_4&#8243; _builder_version=»4.21.0&#8243; _module_preset=»default» global_colors_info=»{}»][et_pb_column type=»1_4&#8243; _builder_version=»4.21.0&#8243; _module_preset=»default» global_colors_info=»{}»][/et_pb_column][et_pb_column type=»1_4&#8243; _builder_version=»4.21.0&#8243; _module_preset=»default» global_colors_info=»{}»][et_pb_button button_url=»https://museros.org/wp-content/uploads/2023/05/a-inscripcio-escola-estiu-2023.pdf» url_new_window=»on» button_text=»Formulario de inscripción» _builder_version=»4.21.0&#8243; _module_preset=»default» global_colors_info=»{}»][/et_pb_button][/et_pb_column][et_pb_column type=»1_4&#8243; _builder_version=»4.21.0&#8243; _module_preset=»default» global_colors_info=»{}»][et_pb_button button_url=»https://museros.org/inici/es/otam-on-line/» button_text=»Sede electrónica» _builder_version=»4.24.0&#8243; _module_preset=»default» hover_enabled=»0&#8243; global_colors_info=»{}» sticky_enabled=»0&#8243;][/et_pb_button][/et_pb_column][et_pb_column type=»1_4&#8243; _builder_version=»4.21.0&#8243; _module_preset=»default» global_colors_info=»{}»][et_pb_button button_url=»https://museros.org/wp-content/uploads/2023/05/Normes-de-funcionament.-Escola-dEstiu-2023.pdf» url_new_window=»on» button_text=»Normas de funcionamiento» _builder_version=»4.21.0&#8243; _module_preset=»default» global_colors_info=»{}»][/et_pb_button][/et_pb_column][/et_pb_row][et_pb_row _builder_version=»4.21.0&#8243; _module_preset=»default» locked=»off» global_colors_info=»{}»][et_pb_column type=»4_4&#8243; _builder_version=»4.21.0&#8243; _module_preset=»default» global_colors_info=»{}»][et_pb_divider color=»#E02B20&#8243; divider_weight=»4px» _builder_version=»4.21.0&#8243; _module_preset=»default» global_colors_info=»{}»][/et_pb_divider][/et_pb_column][/et_pb_row][/et_pb_section]</p>

<p>Escola d&#8217;Estiu 2023 «En clave de sonido. Jugando con la música» Inscripciones del 1 al 15 de Junio en la sede electrónica Dirigida a niños y niñas que este año han cursado educación primaria o segundo ciclo de educación infantil.Instalaciones:CEIP Blasco Ibáñez.Fechas:del 3 al 31 de julio de 2023.Plazas:204 (por orden de inscripción) Mínimo de [&hellip;]</p>
