{"id":256196,"date":"2022-03-25T21:59:18","date_gmt":"2022-03-25T21:59:18","guid":{"rendered":"https:\/\/museros.org\/inici\/?page_id=256196"},"modified":"2024-02-11T17:16:57","modified_gmt":"2024-02-11T17:16:57","slug":"escola-destiu-2023","status":"publish","type":"page","link":"https:\/\/museros.org\/inici\/escola-destiu-2023\/","title":{"rendered":"Escola d&#8217;estiu 2023"},"content":{"rendered":"\n[et_pb_section fb_built=\u00bb1&#8243; _builder_version=\u00bb4.21.0&#8243; _module_preset=\u00bbdefault\u00bb global_colors_info=\u00bb{}\u00bb locked=\u00bboff\u00bb][et_pb_row column_structure=\u00bb1_4,3_4&#8243; _builder_version=\u00bb4.21.0&#8243; _module_preset=\u00bbdefault\u00bb custom_margin=\u00bb0px||||false|false\u00bb custom_padding=\u00bb||||false|false\u00bb locked=\u00bboff\u00bb global_colors_info=\u00bb{}\u00bb][et_pb_column type=\u00bb1_4&#8243; _builder_version=\u00bb4.16&#8243; _module_preset=\u00bbdefault\u00bb global_colors_info=\u00bb{}\u00bb][et_pb_image src=\u00bbhttps:\/\/museros.org\/wp-content\/uploads\/2022\/03\/escola-destiu-180&#215;230-1.jpg\u00bb title_text=\u00bbescola-destiu-180&#215;230&#8243; url=\u00bbhttps:\/\/museros.org\/inici\/activitats-deducacio\/\u00bb use_overlay=\u00bbon\u00bb overlay_icon_color=\u00bb#E02B20&#8243; hover_overlay_color=\u00bbrgba(255,255,255,0.7)\u00bb hover_icon=\u00bb&#xe04d;||divi||400&#8243; align=\u00bbcenter\u00bb admin_label=\u00bb\u00e0rea educaio\u00bb _builder_version=\u00bb4.16&#8243; _module_preset=\u00bbdefault\u00bb module_alignment=\u00bbcenter\u00bb global_colors_info=\u00bb{}\u00bb locked=\u00bboff\u00bb][\/et_pb_image][\/et_pb_column][et_pb_column type=\u00bb3_4&#8243; _builder_version=\u00bb4.16&#8243; _module_preset=\u00bbdefault\u00bb global_colors_info=\u00bb{}\u00bb][et_pb_image src=\u00bbhttps:\/\/museros.org\/wp-content\/uploads\/2023\/05\/escola-estiu-2023.jpg\u00bb title_text=\u00bbescola-estiu-2023&#8243; _builder_version=\u00bb4.21.0&#8243; _module_preset=\u00bbdefault\u00bb global_colors_info=\u00bb{}\u00bb][\/et_pb_image][et_pb_text _builder_version=\u00bb4.21.0&#8243; _module_preset=\u00bbdefault\u00bb custom_padding=\u00bb2px|||||\u00bb global_colors_info=\u00bb{}\u00bb]<h1>Escola d&#8217;Estiu 2023<\/h1>\n<h2>\u00abEn clau de so. Jugant amb la m\u00fasica\u00bb<\/h2>\n<p><strong>Inscripcions de l&#8217;1 al 15 de Juny a la seu electr\u00f2nica<\/strong><\/p>\n<p>Dirigida a xiquetes i xiquets que enguany han cursat educaci\u00f3 prim\u00e0ria o segon cicle d&#8217;educaci\u00f3 infantil.<br \/><strong>Instal\u00b7lacions:<\/strong><br \/>CEIP Blasco Ib\u00e1\u00f1ez.<br \/><strong>Dates:<\/strong><br \/>Del 3 al 31 de juliol de 2023.<br \/><strong>Places:<\/strong><br \/>204 (per ordre d&#8217;inscripci\u00f3) M\u00ednim de 60 participants.<br \/><strong>Presentaci\u00f3 de l&#8217;Escola d&#8217;Estiu 2023:<\/strong><br \/>Dijous 29 de juny a les 19.30 h a la Casa de Cultura.<\/p>\n<h3>HORARIS<\/h3>\n<p>General: de 9.30 h a 14.00 h.<br \/>Matinera: de 7.30 h a 9.30 h.<br \/>Menjador: de 14.00 h a 15.30 h (m\u00ednim 60 comensals).<br \/>Vespertina: de 15.30 h a 17.00 h.<\/p>\n<h3>PREUS<\/h3>\n<p>Escola d&#8217;estiu: 90 \u20ac<br \/>Matinera: 20 \u20ac<br \/>Menjador: 100 \u20ac<br \/>Vespertina: Gratu\u00efta.<strong><\/strong><\/p>\n<p>&nbsp;<\/p>[\/et_pb_text][\/et_pb_column][\/et_pb_row][et_pb_row column_structure=\u00bb1_4,1_4,1_4,1_4&#8243; _builder_version=\u00bb4.21.0&#8243; _module_preset=\u00bbdefault\u00bb global_colors_info=\u00bb{}\u00bb][et_pb_column type=\u00bb1_4&#8243; _builder_version=\u00bb4.21.0&#8243; _module_preset=\u00bbdefault\u00bb global_colors_info=\u00bb{}\u00bb][\/et_pb_column][et_pb_column type=\u00bb1_4&#8243; _builder_version=\u00bb4.21.0&#8243; _module_preset=\u00bbdefault\u00bb global_colors_info=\u00bb{}\u00bb][et_pb_button button_url=\u00bbhttps:\/\/museros.org\/wp-content\/uploads\/2023\/05\/a-inscripcio-escola-estiu-2023.pdf\u00bb url_new_window=\u00bbon\u00bb button_text=\u00bbFormulari d&#8217;inscripci\u00f3\u00bb _builder_version=\u00bb4.21.0&#8243; _module_preset=\u00bbdefault\u00bb global_colors_info=\u00bb{}\u00bb][\/et_pb_button][\/et_pb_column][et_pb_column type=\u00bb1_4&#8243; _builder_version=\u00bb4.21.0&#8243; _module_preset=\u00bbdefault\u00bb global_colors_info=\u00bb{}\u00bb][et_pb_button button_url=\u00bbhttps:\/\/museros.org\/inici\/otam-en-linia\/\u00bb button_text=\u00bbSeu electr\u00f2nica\u00bb _builder_version=\u00bb4.21.0&#8243; _module_preset=\u00bbdefault\u00bb global_colors_info=\u00bb{}\u00bb][\/et_pb_button][\/et_pb_column][et_pb_column type=\u00bb1_4&#8243; _builder_version=\u00bb4.21.0&#8243; _module_preset=\u00bbdefault\u00bb global_colors_info=\u00bb{}\u00bb][et_pb_button button_url=\u00bbhttps:\/\/museros.org\/wp-content\/uploads\/2023\/05\/Normes-de-funcionament.-Escola-dEstiu-2023.pdf\u00bb url_new_window=\u00bbon\u00bb button_text=\u00bbNormes de funcionament\u00bb _builder_version=\u00bb4.21.0&#8243; _module_preset=\u00bbdefault\u00bb global_colors_info=\u00bb{}\u00bb][\/et_pb_button][\/et_pb_column][\/et_pb_row][et_pb_row _builder_version=\u00bb4.21.0&#8243; _module_preset=\u00bbdefault\u00bb locked=\u00bboff\u00bb global_colors_info=\u00bb{}\u00bb][et_pb_column type=\u00bb4_4&#8243; _builder_version=\u00bb4.21.0&#8243; _module_preset=\u00bbdefault\u00bb global_colors_info=\u00bb{}\u00bb][et_pb_divider color=\u00bb#E02B20&#8243; divider_weight=\u00bb4px\u00bb _builder_version=\u00bb4.21.0&#8243; _module_preset=\u00bbdefault\u00bb global_colors_info=\u00bb{}\u00bb][\/et_pb_divider][\/et_pb_column][\/et_pb_row][\/et_pb_section]\n","protected":false},"excerpt":{"rendered":"<p>Escola d&#8217;Estiu 2023 \u00abEn clau de so. Jugant amb la m\u00fasica\u00bb Inscripcions de l&#8217;1 al 15 de Juny a la seu electr\u00f2nica Dirigida a xiquetes i xiquets que enguany han cursat educaci\u00f3 prim\u00e0ria o segon cicle d&#8217;educaci\u00f3 infantil.Instal\u00b7lacions:CEIP Blasco Ib\u00e1\u00f1ez.Dates:Del 3 al 31 de juliol de 2023.Places:204 (per ordre d&#8217;inscripci\u00f3) M\u00ednim de 60 participants.Presentaci\u00f3 de [&hellip;]<\/p>\n","protected":false},"author":8,"featured_media":0,"parent":0,"menu_order":0,"comment_status":"closed","ping_status":"closed","template":"","meta":{"_et_pb_use_builder":"on","_et_pb_old_content":"","_et_gb_content_width":"","_mc_calendar":[],"footnotes":""},"wf_page_folders":[298],"class_list":["post-256196","page","type-page","status-publish","hentry"],"_links":{"self":[{"href":"https:\/\/museros.org\/inici\/wp-json\/wp\/v2\/pages\/256196","targetHints":{"allow":["GET"]}}],"collection":[{"href":"https:\/\/museros.org\/inici\/wp-json\/wp\/v2\/pages"}],"about":[{"href":"https:\/\/museros.org\/inici\/wp-json\/wp\/v2\/types\/page"}],"author":[{"embeddable":true,"href":"https:\/\/museros.org\/inici\/wp-json\/wp\/v2\/users\/8"}],"replies":[{"embeddable":true,"href":"https:\/\/museros.org\/inici\/wp-json\/wp\/v2\/comments?post=256196"}],"version-history":[{"count":18,"href":"https:\/\/museros.org\/inici\/wp-json\/wp\/v2\/pages\/256196\/revisions"}],"predecessor-version":[{"id":267859,"href":"https:\/\/museros.org\/inici\/wp-json\/wp\/v2\/pages\/256196\/revisions\/267859"}],"wp:attachment":[{"href":"https:\/\/museros.org\/inici\/wp-json\/wp\/v2\/media?parent=256196"}],"wp:term":[{"taxonomy":"wf_page_folders","embeddable":true,"href":"https:\/\/museros.org\/inici\/wp-json\/wp\/v2\/wf_page_folders?post=256196"}],"curies":[{"name":"wp","href":"https:\/\/api.w.org\/{rel}","templated":true}]}}

[et_pb_section fb_built=»1&#8243; _builder_version=»4.21.0&#8243; _module_preset=»default» global_colors_info=»{}» locked=»off»][et_pb_row column_structure=»1_4,3_4&#8243; _builder_version=»4.21.0&#8243; _module_preset=»default» custom_margin=»0px||||false|false» custom_padding=»||||false|false» locked=»off» global_colors_info=»{}»][et_pb_column type=»1_4&#8243; _builder_version=»4.16&#8243; _module_preset=»default» global_colors_info=»{}»][et_pb_image src=»https://museros.org/wp-content/uploads/2022/03/escola-destiu-180&#215;230-1.jpg» title_text=»escola-destiu-180&#215;230&#8243; url=»https://museros.org/inici/activitats-deducacio/» use_overlay=»on» overlay_icon_color=»#E02B20&#8243; hover_overlay_color=»rgba(255,255,255,0.7)» hover_icon=»&#xe04d;||divi||400&#8243; align=»center» admin_label=»àrea educaio» _builder_version=»4.16&#8243; _module_preset=»default» module_alignment=»center» global_colors_info=»{}» locked=»off»][/et_pb_image][/et_pb_column][et_pb_column type=»3_4&#8243; _builder_version=»4.16&#8243; _module_preset=»default» global_colors_info=»{}»][et_pb_image src=»https://museros.org/wp-content/uploads/2023/05/escola-estiu-2023.jpg» title_text=»escola-estiu-2023&#8243; _builder_version=»4.21.0&#8243; _module_preset=»default» global_colors_info=»{}»][/et_pb_image][et_pb_text _builder_version=»4.21.0&#8243; _module_preset=»default» custom_padding=»2px|||||» global_colors_info=»{}»]<h1>Escola d&#8217;Estiu 2023</h1>
<h2>«En clau de so. Jugant amb la música»</h2>
<p><strong>Inscripcions de l&#8217;1 al 15 de Juny a la seu electrònica</strong></p>
<p>Dirigida a xiquetes i xiquets que enguany han cursat educació primària o segon cicle d&#8217;educació infantil.<br /><strong>Instal·lacions:</strong><br />CEIP Blasco Ibáñez.<br /><strong>Dates:</strong><br />Del 3 al 31 de juliol de 2023.<br /><strong>Places:</strong><br />204 (per ordre d&#8217;inscripció) Mínim de 60 participants.<br /><strong>Presentació de l&#8217;Escola d&#8217;Estiu 2023:</strong><br />Dijous 29 de juny a les 19.30 h a la Casa de Cultura.</p>
<h3>HORARIS</h3>
<p>General: de 9.30 h a 14.00 h.<br />Matinera: de 7.30 h a 9.30 h.<br />Menjador: de 14.00 h a 15.30 h (mínim 60 comensals).<br />Vespertina: de 15.30 h a 17.00 h.</p>
<h3>PREUS</h3>
<p>Escola d&#8217;estiu: 90 €<br />Matinera: 20 €<br />Menjador: 100 €<br />Vespertina: Gratuïta.<strong></strong></p>
<p>&nbsp;</p>[/et_pb_text][/et_pb_column][/et_pb_row][et_pb_row column_structure=»1_4,1_4,1_4,1_4&#8243; _builder_version=»4.21.0&#8243; _module_preset=»default» global_colors_info=»{}»][et_pb_column type=»1_4&#8243; _builder_version=»4.21.0&#8243; _module_preset=»default» global_colors_info=»{}»][/et_pb_column][et_pb_column type=»1_4&#8243; _builder_version=»4.21.0&#8243; _module_preset=»default» global_colors_info=»{}»][et_pb_button button_url=»https://museros.org/wp-content/uploads/2023/05/a-inscripcio-escola-estiu-2023.pdf» url_new_window=»on» button_text=»Formulari d&#8217;inscripció» _builder_version=»4.21.0&#8243; _module_preset=»default» global_colors_info=»{}»][/et_pb_button][/et_pb_column][et_pb_column type=»1_4&#8243; _builder_version=»4.21.0&#8243; _module_preset=»default» global_colors_info=»{}»][et_pb_button button_url=»https://museros.org/inici/otam-en-linia/» button_text=»Seu electrònica» _builder_version=»4.21.0&#8243; _module_preset=»default» global_colors_info=»{}»][/et_pb_button][/et_pb_column][et_pb_column type=»1_4&#8243; _builder_version=»4.21.0&#8243; _module_preset=»default» global_colors_info=»{}»][et_pb_button button_url=»https://museros.org/wp-content/uploads/2023/05/Normes-de-funcionament.-Escola-dEstiu-2023.pdf» url_new_window=»on» button_text=»Normes de funcionament» _builder_version=»4.21.0&#8243; _module_preset=»default» global_colors_info=»{}»][/et_pb_button][/et_pb_column][/et_pb_row][et_pb_row _builder_version=»4.21.0&#8243; _module_preset=»default» locked=»off» global_colors_info=»{}»][et_pb_column type=»4_4&#8243; _builder_version=»4.21.0&#8243; _module_preset=»default» global_colors_info=»{}»][et_pb_divider color=»#E02B20&#8243; divider_weight=»4px» _builder_version=»4.21.0&#8243; _module_preset=»default» global_colors_info=»{}»][/et_pb_divider][/et_pb_column][/et_pb_row][/et_pb_section]

<p>Escola d&#8217;Estiu 2023 «En clau de so. Jugant amb la música» Inscripcions de l&#8217;1 al 15 de Juny a la seu electrònica Dirigida a xiquetes i xiquets que enguany han cursat educació primària o segon cicle d&#8217;educació infantil.Instal·lacions:CEIP Blasco Ibáñez.Dates:Del 3 al 31 de juliol de 2023.Places:204 (per ordre d&#8217;inscripció) Mínim de 60 participants.Presentació de [&hellip;]</p>
