{"id":256146,"date":"2022-03-25T17:15:50","date_gmt":"2022-03-25T17:15:50","guid":{"rendered":"https:\/\/museros.org\/inici\/?page_id=256146"},"modified":"2025-08-01T15:17:51","modified_gmt":"2025-08-01T15:17:51","slug":"informacion-general","status":"publish","type":"page","link":"https:\/\/museros.org\/inici\/es\/informacion-general\/","title":{"rendered":"Informacion general"},"content":{"rendered":"<p>[et_pb_section fb_built=\u00bb1&#8243; _builder_version=\u00bb4.16&#8243; _module_preset=\u00bbdefault\u00bb custom_margin=\u00bb0px||||false|false\u00bb custom_padding=\u00bb0px||||false|false\u00bb locked=\u00bboff\u00bb global_colors_info=\u00bb{}\u00bb][et_pb_row column_structure=\u00bb1_4,3_4&#8243; _builder_version=\u00bb4.16&#8243; _module_preset=\u00bbdefault\u00bb custom_margin=\u00bb0px||||false|false\u00bb custom_padding=\u00bb0px||||false|false\u00bb global_colors_info=\u00bb{}\u00bb][et_pb_column type=\u00bb1_4&#8243; _builder_version=\u00bb4.16&#8243; _module_preset=\u00bbdefault\u00bb global_colors_info=\u00bb{}\u00bb][et_pb_image src=\u00bbhttps:\/\/museros.org\/wp-content\/uploads\/2022\/03\/informacion-gen-180&#215;230-1.jpg\u00bb title_text=\u00bbinformacion-gen-180&#215;230&#8243; url=\u00bbhttps:\/\/museros.org\/inici\/es\/escuela-infantil-municipal\/\u00bb use_overlay=\u00bbon\u00bb overlay_icon_color=\u00bb#E02B20&#8243; hover_overlay_color=\u00bbrgba(255,255,255,0.71)\u00bb hover_icon=\u00bb&#xe04d;||divi||400&#8243; align=\u00bbcenter\u00bb _builder_version=\u00bb4.16&#8243; _module_preset=\u00bbdefault\u00bb global_colors_info=\u00bb{}\u00bb][\/et_pb_image][\/et_pb_column][et_pb_column type=\u00bb3_4&#8243; _builder_version=\u00bb4.16&#8243; _module_preset=\u00bbdefault\u00bb global_colors_info=\u00bb{}\u00bb][et_pb_text _builder_version=\u00bb4.27.4&#8243; _module_preset=\u00bbdefault\u00bb hover_enabled=\u00bb0&#8243; global_colors_info=\u00bb{}\u00bb sticky_enabled=\u00bb0&#8243;]<\/p>\n<h2>Informaci\u00f3n general<\/h2>\n<h4>Escuela Infantil de Primer Ciclo Municipal<\/h4>\n<p>La Escuela Infantil de Primer Ciclo Municipal es un proyecto del Ayuntamiento de Museros, y concretamente, de la Concejal\u00eda de Cultura y Educaci\u00f3n. Sus actividades empezaron en el curso 2006-2007.<br \/>El centro fue homologado, de acuerdo con el convenio de creaci\u00f3n entre la Conseller\u00eda de Educaci\u00f3n y el Ayuntamiento de Museros, de 4 de marzo de 2008.<br \/>C\u00f3digo del centro: 46030451.<br \/>Gratuidad para todas las aulas de 1 a 2 y de 2 a 3 a\u00f1os.<br \/>Su reglamento org\u00e1nico y funcional fue\u00a0aprobado, por unanimidad de todos los grupos pol\u00edticos, en el pleno de 27 de julio de 2006. La \u00faltima modificaci\u00f3n del mismo se aprob\u00f3\u00a0en el pleno de 28 de mayo de 2020.<br \/>La Escuela se encuentra situada en la calle de Enric Valor, 4.<br \/>Tel\u00e9fonos: 960262159 &#8211; 960262160<br \/>escolainfantil@museros.es<\/p>\n<h4>A qui\u00e9n va dirigida?<\/h4>\n<p>Tiene una funci\u00f3n social y educativa y est\u00e1 dirigida a 68 ni\u00f1os y ni\u00f1as de 1 a\u00f1o a 3 a\u00f1os.<\/p>\n<h4>Objetivos<\/h4>\n<p>Fomentar el desarrollo integral de los ni\u00f1os y de las ni\u00f1as, y sus capacidades.<br \/>Facilitar el desarrollo integral de valores individuales y b\u00e1sicos.<br \/>Favorecer la adquisici\u00f3n progresiva de h\u00e1bitos.<br \/>Facilitar la conciliaci\u00f3n entre la vida familiar y laboral.<\/p>\n<h4>Aulas<\/h4>\n<p>2 aulas de 1 a 2 a\u00f1os.<br \/>2 aulas de 2 a 3 a\u00f1os.<\/p>\n<h4>Personal<\/h4>\n<p>Equipo docente (directora, educadoras y personal de apoyo).<br \/>Servicio de limpieza y de mantenimiento.<br \/>Psic\u00f3loga del Gabinete Psicopedag\u00f3gico.<br \/>Consell Escolar<\/p>\n<h4>Horarios<\/h4>\n<p>Horario lectivo<br \/>Horario ordinario o lectivo: de 9.00 h a 17.00 h<br \/>Ma\u00f1ana<br \/>entrada: de 9.00 h a 9.15 h<br \/>salida: de 12.15 h a 12.45 h<br \/>Tarde<br \/>entrada: de 15.00 h a 15.15 h<br \/>salida: de 16.30 h a 16.45 h<br \/>Horario extraordinaria<br \/>Ma\u00f1ana: de 7.30 h a 09.00 h<br \/>Tarde: de 17.00 h a 18.00 h<br \/>En este horario extraordinario, se har\u00e1n actividades de psicomotricidad, expresi\u00f3n musical, relajaci\u00f3n y juegos.<br \/>Direcci\u00f3n: horario de atenci\u00f3n a padres<br \/>Martes y jueves de 11.15 h a 12.00 h<\/p>\n<h4>Servicio de comedor<\/h4>\n<p>La comida casera y saludable es elaborado cada d\u00eda en la cocina de la escuela con productos frescos y est\u00e1 adaptado a las necesidades espec\u00edficas de los alumnos<br \/>Horario de comedor: 12.30 h<\/p>\n<h4>Tarifas y pago<\/h4>\n<p>Tarifas<br \/>Horas extras por la ma\u00f1ana: 30 \u20ac de 7.30 h a 9.00 h<br \/>Horas extras por la tarde: 20 \u20ac 17.00 h a 18.00 h<br \/>Comedor: 100 \u20ac en el mes<br \/>Abono comedor de 10 d\u00edas: 60 \u20ac<br \/>Agenda electr\u00f3nica: 10 \u20ac<br \/>Educaci\u00f3n:<br \/>Gratuita para todo el alumnado de 1 a 3 a\u00f1os.<\/p>\n<h4>Pago<\/h4>\n<p>El pago se realizar\u00e1 por domiciliaci\u00f3n bancaria.<br \/>Los abonos de comedor se tendr\u00e1n que ingresar en cualquier entidad bancaria en la cuenta corriente del Ayuntamiento de Museros.<\/p>\n<h4>D\u00edas de cobro o pago<\/h4>\n<p>Los d\u00edas de cobro o pago ser\u00e1n del 1 al 5 de cada mes.<br \/>Si los recibos no se pagan, se cobrar\u00e1n gastos bancarios.<\/p>\n<h4>Programaci\u00f3n did\u00e1ctica<\/h4>\n<p>La programaci\u00f3n did\u00e1ctica ha sido dise\u00f1ada de acuerdo con los objetivos del curr\u00edculum de educaci\u00f3n infantil.<br \/>Se trabajar\u00e1 mediante el juego y la experimentaci\u00f3n, seg\u00fan los intereses y el nivel de desarrollo de los ni\u00f1os.<br \/>La tutora entregar\u00e1, a los padres, un informe trimestral con los objetivos trabajados.<\/p>\n<h4>Normas de funcionamiento y salud<\/h4>\n<p>Normas de funcionamiento<br \/>Los ni\u00f1os y las ni\u00f1as llevar\u00e1n una mochila para llevar sus pertenencias.<br \/>La ropa tendr\u00e1 que ser c\u00f3moda y toda marcada.<br \/>La bata es obligatoria.<br \/>Para hablar con la educadora, tendr\u00e1 que pedirse cita previa.<br \/>Los ni\u00f1os y las ni\u00f1as solo pueden ser recogidos por los padres o por otra persona al ense\u00f1ar el carn\u00e9 de recogida.<\/p>\n<h4>Normas de salud<\/h4>\n<p>No se puede asistir en clase con enfermedades contagiosas.<br \/>Cuando un ni\u00f1o o una ni\u00f1a tenga 37,5\u00b0 de fiebre, se telefonear\u00e1 a los padres porque vengan a recogerlos.<br \/>Con la finalidad de conseguir que el centro sea un espacio seguro, el menor no podr\u00e1 volver al centro hasta que no haya pasado 24 horas sin fibre, es importante ser prudentes y ante cualquier duda consultar con vuestro\/a pediatra.<br \/>El personal del centro no administrar\u00e1 medicamentos a los ni\u00f1os; en caso de que sea absolutamente necesario, se presentar\u00e1 la autorizaci\u00f3n de los padres y un informe m\u00e9dico con la pauta de administraci\u00f3n y el horario.<\/p>\n<p>[\/et_pb_text][et_pb_button button_url=\u00bbhttps:\/\/museros.org\/wp-content\/uploads\/2021\/10\/Edicte-modificacio-Reglament-BOP-12-06-2020.pdf\u00bb url_new_window=\u00bbon\u00bb button_text=\u00bbEdicte modificacio Reglament BOP 12-06-2020&#8243; _builder_version=\u00bb4.16&#8243; _module_preset=\u00bbdefault\u00bb global_colors_info=\u00bb{}\u00bb][\/et_pb_button][\/et_pb_column][\/et_pb_row][et_pb_row _builder_version=\u00bb4.16&#8243; _module_preset=\u00bbdefault\u00bb global_colors_info=\u00bb{}\u00bb][et_pb_column type=\u00bb4_4&#8243; _builder_version=\u00bb4.16&#8243; _module_preset=\u00bbdefault\u00bb global_colors_info=\u00bb{}\u00bb][et_pb_divider color=\u00bb#E02B20&#8243; divider_weight=\u00bb4px\u00bb _builder_version=\u00bb4.16&#8243; _module_preset=\u00bbdefault\u00bb global_colors_info=\u00bb{}\u00bb][\/et_pb_divider][\/et_pb_column][\/et_pb_row][\/et_pb_section]<\/p>\n","protected":false},"excerpt":{"rendered":"<p>Informaci\u00f3n general Escuela Infantil de Primer Ciclo Municipal La Escuela Infantil de Primer Ciclo Municipal es un proyecto del Ayuntamiento de Museros, y concretamente, de la Concejal\u00eda de Cultura y Educaci\u00f3n. Sus actividades empezaron en el curso 2006-2007.El centro fue homologado, de acuerdo con el convenio de creaci\u00f3n entre la Conseller\u00eda de Educaci\u00f3n y el [&hellip;]<\/p>\n","protected":false},"author":8,"featured_media":0,"parent":0,"menu_order":0,"comment_status":"closed","ping_status":"closed","template":"","meta":{"_et_pb_use_builder":"on","_et_pb_old_content":"","_et_gb_content_width":"","_mc_calendar":[],"footnotes":""},"wf_page_folders":[298],"class_list":["post-256146","page","type-page","status-publish","hentry"],"_links":{"self":[{"href":"https:\/\/museros.org\/inici\/wp-json\/wp\/v2\/pages\/256146","targetHints":{"allow":["GET"]}}],"collection":[{"href":"https:\/\/museros.org\/inici\/wp-json\/wp\/v2\/pages"}],"about":[{"href":"https:\/\/museros.org\/inici\/wp-json\/wp\/v2\/types\/page"}],"author":[{"embeddable":true,"href":"https:\/\/museros.org\/inici\/wp-json\/wp\/v2\/users\/8"}],"replies":[{"embeddable":true,"href":"https:\/\/museros.org\/inici\/wp-json\/wp\/v2\/comments?post=256146"}],"version-history":[{"count":11,"href":"https:\/\/museros.org\/inici\/wp-json\/wp\/v2\/pages\/256146\/revisions"}],"predecessor-version":[{"id":276480,"href":"https:\/\/museros.org\/inici\/wp-json\/wp\/v2\/pages\/256146\/revisions\/276480"}],"wp:attachment":[{"href":"https:\/\/museros.org\/inici\/wp-json\/wp\/v2\/media?parent=256146"}],"wp:term":[{"taxonomy":"wf_page_folders","embeddable":true,"href":"https:\/\/museros.org\/inici\/wp-json\/wp\/v2\/wf_page_folders?post=256146"}],"curies":[{"name":"wp","href":"https:\/\/api.w.org\/{rel}","templated":true}]}}

<p>[et_pb_section fb_built=»1&#8243; _builder_version=»4.16&#8243; _module_preset=»default» custom_margin=»0px||||false|false» custom_padding=»0px||||false|false» locked=»off» global_colors_info=»{}»][et_pb_row column_structure=»1_4,3_4&#8243; _builder_version=»4.16&#8243; _module_preset=»default» custom_margin=»0px||||false|false» custom_padding=»0px||||false|false» global_colors_info=»{}»][et_pb_column type=»1_4&#8243; _builder_version=»4.16&#8243; _module_preset=»default» global_colors_info=»{}»][et_pb_image src=»https://museros.org/wp-content/uploads/2022/03/informacion-gen-180&#215;230-1.jpg» title_text=»informacion-gen-180&#215;230&#8243; url=»https://museros.org/inici/es/escuela-infantil-municipal/» use_overlay=»on» overlay_icon_color=»#E02B20&#8243; hover_overlay_color=»rgba(255,255,255,0.71)» hover_icon=»&#xe04d;||divi||400&#8243; align=»center» _builder_version=»4.16&#8243; _module_preset=»default» global_colors_info=»{}»][/et_pb_image][/et_pb_column][et_pb_column type=»3_4&#8243; _builder_version=»4.16&#8243; _module_preset=»default» global_colors_info=»{}»][et_pb_text _builder_version=»4.27.4&#8243; _module_preset=»default» hover_enabled=»0&#8243; global_colors_info=»{}» sticky_enabled=»0&#8243;]</p>
<h2>Información general</h2>
<h4>Escuela Infantil de Primer Ciclo Municipal</h4>
<p>La Escuela Infantil de Primer Ciclo Municipal es un proyecto del Ayuntamiento de Museros, y concretamente, de la Concejalía de Cultura y Educación. Sus actividades empezaron en el curso 2006-2007.<br />El centro fue homologado, de acuerdo con el convenio de creación entre la Consellería de Educación y el Ayuntamiento de Museros, de 4 de marzo de 2008.<br />Código del centro: 46030451.<br />Gratuidad para todas las aulas de 1 a 2 y de 2 a 3 años.<br />Su reglamento orgánico y funcional fue aprobado, por unanimidad de todos los grupos políticos, en el pleno de 27 de julio de 2006. La última modificación del mismo se aprobó en el pleno de 28 de mayo de 2020.<br />La Escuela se encuentra situada en la calle de Enric Valor, 4.<br />Teléfonos: 960262159 &#8211; 960262160<br />escolainfantil@museros.es</p>
<h4>A quién va dirigida?</h4>
<p>Tiene una función social y educativa y está dirigida a 68 niños y niñas de 1 año a 3 años.</p>
<h4>Objetivos</h4>
<p>Fomentar el desarrollo integral de los niños y de las niñas, y sus capacidades.<br />Facilitar el desarrollo integral de valores individuales y básicos.<br />Favorecer la adquisición progresiva de hábitos.<br />Facilitar la conciliación entre la vida familiar y laboral.</p>
<h4>Aulas</h4>
<p>2 aulas de 1 a 2 años.<br />2 aulas de 2 a 3 años.</p>
<h4>Personal</h4>
<p>Equipo docente (directora, educadoras y personal de apoyo).<br />Servicio de limpieza y de mantenimiento.<br />Psicóloga del Gabinete Psicopedagógico.<br />Consell Escolar</p>
<h4>Horarios</h4>
<p>Horario lectivo<br />Horario ordinario o lectivo: de 9.00 h a 17.00 h<br />Mañana<br />entrada: de 9.00 h a 9.15 h<br />salida: de 12.15 h a 12.45 h<br />Tarde<br />entrada: de 15.00 h a 15.15 h<br />salida: de 16.30 h a 16.45 h<br />Horario extraordinaria<br />Mañana: de 7.30 h a 09.00 h<br />Tarde: de 17.00 h a 18.00 h<br />En este horario extraordinario, se harán actividades de psicomotricidad, expresión musical, relajación y juegos.<br />Dirección: horario de atención a padres<br />Martes y jueves de 11.15 h a 12.00 h</p>
<h4>Servicio de comedor</h4>
<p>La comida casera y saludable es elaborado cada día en la cocina de la escuela con productos frescos y está adaptado a las necesidades específicas de los alumnos<br />Horario de comedor: 12.30 h</p>
<h4>Tarifas y pago</h4>
<p>Tarifas<br />Horas extras por la mañana: 30 € de 7.30 h a 9.00 h<br />Horas extras por la tarde: 20 € 17.00 h a 18.00 h<br />Comedor: 100 € en el mes<br />Abono comedor de 10 días: 60 €<br />Agenda electrónica: 10 €<br />Educación:<br />Gratuita para todo el alumnado de 1 a 3 años.</p>
<h4>Pago</h4>
<p>El pago se realizará por domiciliación bancaria.<br />Los abonos de comedor se tendrán que ingresar en cualquier entidad bancaria en la cuenta corriente del Ayuntamiento de Museros.</p>
<h4>Días de cobro o pago</h4>
<p>Los días de cobro o pago serán del 1 al 5 de cada mes.<br />Si los recibos no se pagan, se cobrarán gastos bancarios.</p>
<h4>Programación didáctica</h4>
<p>La programación didáctica ha sido diseñada de acuerdo con los objetivos del currículum de educación infantil.<br />Se trabajará mediante el juego y la experimentación, según los intereses y el nivel de desarrollo de los niños.<br />La tutora entregará, a los padres, un informe trimestral con los objetivos trabajados.</p>
<h4>Normas de funcionamiento y salud</h4>
<p>Normas de funcionamiento<br />Los niños y las niñas llevarán una mochila para llevar sus pertenencias.<br />La ropa tendrá que ser cómoda y toda marcada.<br />La bata es obligatoria.<br />Para hablar con la educadora, tendrá que pedirse cita previa.<br />Los niños y las niñas solo pueden ser recogidos por los padres o por otra persona al enseñar el carné de recogida.</p>
<h4>Normas de salud</h4>
<p>No se puede asistir en clase con enfermedades contagiosas.<br />Cuando un niño o una niña tenga 37,5° de fiebre, se telefoneará a los padres porque vengan a recogerlos.<br />Con la finalidad de conseguir que el centro sea un espacio seguro, el menor no podrá volver al centro hasta que no haya pasado 24 horas sin fibre, es importante ser prudentes y ante cualquier duda consultar con vuestro/a pediatra.<br />El personal del centro no administrará medicamentos a los niños; en caso de que sea absolutamente necesario, se presentará la autorización de los padres y un informe médico con la pauta de administración y el horario.</p>
<p>[/et_pb_text][et_pb_button button_url=»https://museros.org/wp-content/uploads/2021/10/Edicte-modificacio-Reglament-BOP-12-06-2020.pdf» url_new_window=»on» button_text=»Edicte modificacio Reglament BOP 12-06-2020&#8243; _builder_version=»4.16&#8243; _module_preset=»default» global_colors_info=»{}»][/et_pb_button][/et_pb_column][/et_pb_row][et_pb_row _builder_version=»4.16&#8243; _module_preset=»default» global_colors_info=»{}»][et_pb_column type=»4_4&#8243; _builder_version=»4.16&#8243; _module_preset=»default» global_colors_info=»{}»][et_pb_divider color=»#E02B20&#8243; divider_weight=»4px» _builder_version=»4.16&#8243; _module_preset=»default» global_colors_info=»{}»][/et_pb_divider][/et_pb_column][/et_pb_row][/et_pb_section]</p>

<p>Información general Escuela Infantil de Primer Ciclo Municipal La Escuela Infantil de Primer Ciclo Municipal es un proyecto del Ayuntamiento de Museros, y concretamente, de la Concejalía de Cultura y Educación. Sus actividades empezaron en el curso 2006-2007.El centro fue homologado, de acuerdo con el convenio de creación entre la Consellería de Educación y el [&hellip;]</p>
