{"id":254383,"date":"2022-03-14T15:13:24","date_gmt":"2022-03-14T15:13:24","guid":{"rendered":"https:\/\/museros.org\/inici\/?page_id=254383"},"modified":"2025-04-25T16:33:36","modified_gmt":"2025-04-25T16:33:36","slug":"museros-mes-net","status":"publish","type":"page","link":"https:\/\/museros.org\/inici\/museros-mes-net\/","title":{"rendered":"Museros m\u00e9s net"},"content":{"rendered":"<p>[et_pb_section fb_built=\u00bb1&#8243; _builder_version=\u00bb4.16&#8243; _module_preset=\u00bbdefault\u00bb custom_margin=\u00bb0px||||false|false\u00bb custom_padding=\u00bb0px||||false|false\u00bb locked=\u00bboff\u00bb global_colors_info=\u00bb{}\u00bb][et_pb_row column_structure=\u00bb1_4,3_4&#8243; _builder_version=\u00bb4.16&#8243; _module_preset=\u00bbdefault\u00bb custom_margin=\u00bb0px||||false|false\u00bb custom_padding=\u00bb0px||||false|false\u00bb global_colors_info=\u00bb{}\u00bb][et_pb_column type=\u00bb1_4&#8243; _builder_version=\u00bb4.16&#8243; _module_preset=\u00bbdefault\u00bb global_colors_info=\u00bb{}\u00bb][et_pb_image src=\u00bbhttps:\/\/museros.org\/wp-content\/uploads\/2023\/07\/logo-transicio-cl-230&#215;180-1.jpg\u00bb title_text=\u00bblogo-transicio-cl-230&#215;180&#8243; url=\u00bbhttps:\/\/museros.org\/inici\/area-de-transicio-ecologica\/\u00bb use_overlay=\u00bbon\u00bb overlay_icon_color=\u00bb#E02B20&#8243; hover_overlay_color=\u00bbrgba(255,255,255,0.71)\u00bb hover_icon=\u00bb&#xe04d;||divi||400&#8243; _builder_version=\u00bb4.27.4&#8243; _module_preset=\u00bbdefault\u00bb global_colors_info=\u00bb{}\u00bb locked=\u00bboff\u00bb][\/et_pb_image][\/et_pb_column][et_pb_column type=\u00bb3_4&#8243; _builder_version=\u00bb4.16&#8243; _module_preset=\u00bbdefault\u00bb global_colors_info=\u00bb{}\u00bb][et_pb_text _builder_version=\u00bb4.16&#8243; _module_preset=\u00bbdefault\u00bb global_colors_info=\u00bb{}\u00bb]<\/p>\n<h2>MUSEROS M\u00c9S NET<\/h2>\n<p>[\/et_pb_text][et_pb_image src=\u00bbhttps:\/\/museros.org\/wp-content\/uploads\/2022\/03\/recollida-trasros-900&#215;350-1.jpg\u00bb title_text=\u00bbrecollida-trasros-900&#215;350&#8243; _builder_version=\u00bb4.16&#8243; _module_preset=\u00bbdefault\u00bb width=\u00bb100%\u00bb global_colors_info=\u00bb{}\u00bb][\/et_pb_image][et_pb_text _builder_version=\u00bb4.16&#8243; _module_preset=\u00bbdefault\u00bb global_colors_info=\u00bb{}\u00bb]<\/p>\n<h1>Servei de recollida de trastos<\/h1>\n<p>Els trastos s&#8217;han de traure els dimecres a partir de les 21.00 h i deixar-los al costat dels contenidors amb punt verd.<br \/>El cami\u00f3 passa a recollir-los els dijous de mat\u00ed.<br \/>La resta de dies podeu fer \u00fas gratu\u00eftament dels ecoparcs fixos de Massamagrell i d\u2019Albalat dels Sorells.<\/p>\n<p>[\/et_pb_text][et_pb_button button_url=\u00bbhttps:\/\/museros.org\/inici\/eco-parc\/#ecoparc-fix\/\u00bb button_text=\u00bbEcoparc fix\u00bb _builder_version=\u00bb4.16&#8243; _module_preset=\u00bbdefault\u00bb custom_margin=\u00bb40px||40px||false|false\u00bb global_colors_info=\u00bb{}\u00bb][\/et_pb_button][et_pb_divider color=\u00bb#999999&#8243; divider_style=\u00bbdotted\u00bb divider_weight=\u00bb7px\u00bb _builder_version=\u00bb4.16&#8243; _module_preset=\u00bbdefault\u00bb locked=\u00bboff\u00bb global_colors_info=\u00bb{}\u00bb][\/et_pb_divider][et_pb_text _builder_version=\u00bb4.25.2&#8243; _module_preset=\u00bbdefault\u00bb width=\u00bb100%\u00bb global_colors_info=\u00bb{}\u00bb]<\/p>\n<h1><img loading=\"lazy\" decoding=\"async\" src=\"https:\/\/museros.org\/wp-content\/uploads\/2022\/03\/puntoverde-300x300.jpg\" alt=\"\" class=\"wp-image-254387 alignnone size-medium\" width=\"152\" height=\"137\" \/><\/h1>\n<h1>Contenidors amb punt verd<\/h1>\n<p>\u2022 Carrer de Joan de Ribera (junt al jard\u00ed)<br \/>\u2022 Avinguda de Barcelona (amb carrer d&#8217;Albuixech)<br \/>\u2022 Carrer del Mestre Serrano, 16 (parc de Tierno Galv\u00e1n)<br \/>\u2022 Avinguda d&#8217;Alexandre VI, 1 (davant de Mitsubishi)<br \/>\u2022 Carrer dels Pilotaris (davant del jard\u00ed de les Palmeres)<br \/>\u2022 Carrer de Sarsola (davant del pipican)<br \/>\u2022 Carrer dels Furs (davant del carrer del Mol\u00ed)<br \/>\u2022 Carrer de Massamagrell (junt a la Llar dels Jubilats)<br \/>\u2022 Avinguda de Blasco Ib\u00e1\u00f1ez (amb carrer Mesquita)<br \/>\u2022 Avinguda de Blasco Ib\u00e1\u00f1ez (davant de l&#8217;aparcament)<br \/>\u2022 Avinguda de les Corts Valencianes (amb el carrer de Pintor Sorolla)<br \/>\u2022 Carrer d&#8217;Enric Valor<\/p>\n<p>[\/et_pb_text][\/et_pb_column][\/et_pb_row][et_pb_row _builder_version=\u00bb4.16&#8243; _module_preset=\u00bbdefault\u00bb global_colors_info=\u00bb{}\u00bb][et_pb_column type=\u00bb4_4&#8243; _builder_version=\u00bb4.16&#8243; _module_preset=\u00bbdefault\u00bb global_colors_info=\u00bb{}\u00bb][et_pb_divider color=\u00bb#E02B20&#8243; divider_weight=\u00bb4px\u00bb _builder_version=\u00bb4.16&#8243; _module_preset=\u00bbdefault\u00bb global_colors_info=\u00bb{}\u00bb][\/et_pb_divider][\/et_pb_column][\/et_pb_row][\/et_pb_section]<\/p>\n","protected":false},"excerpt":{"rendered":"<p>MUSEROS M\u00c9S NETServei de recollida de trastos Els trastos s&#8217;han de traure els dimecres a partir de les 21.00 h i deixar-los al costat dels contenidors amb punt verd.El cami\u00f3 passa a recollir-los els dijous de mat\u00ed.La resta de dies podeu fer \u00fas gratu\u00eftament dels ecoparcs fixos de Massamagrell i d\u2019Albalat dels Sorells. Contenidors amb [&hellip;]<\/p>\n","protected":false},"author":8,"featured_media":0,"parent":0,"menu_order":0,"comment_status":"closed","ping_status":"closed","template":"","meta":{"_et_pb_use_builder":"on","_et_pb_old_content":"","_et_gb_content_width":"","_mc_calendar":[],"footnotes":""},"wf_page_folders":[299],"class_list":["post-254383","page","type-page","status-publish","hentry"],"_links":{"self":[{"href":"https:\/\/museros.org\/inici\/wp-json\/wp\/v2\/pages\/254383","targetHints":{"allow":["GET"]}}],"collection":[{"href":"https:\/\/museros.org\/inici\/wp-json\/wp\/v2\/pages"}],"about":[{"href":"https:\/\/museros.org\/inici\/wp-json\/wp\/v2\/types\/page"}],"author":[{"embeddable":true,"href":"https:\/\/museros.org\/inici\/wp-json\/wp\/v2\/users\/8"}],"replies":[{"embeddable":true,"href":"https:\/\/museros.org\/inici\/wp-json\/wp\/v2\/comments?post=254383"}],"version-history":[{"count":13,"href":"https:\/\/museros.org\/inici\/wp-json\/wp\/v2\/pages\/254383\/revisions"}],"predecessor-version":[{"id":273875,"href":"https:\/\/museros.org\/inici\/wp-json\/wp\/v2\/pages\/254383\/revisions\/273875"}],"wp:attachment":[{"href":"https:\/\/museros.org\/inici\/wp-json\/wp\/v2\/media?parent=254383"}],"wp:term":[{"taxonomy":"wf_page_folders","embeddable":true,"href":"https:\/\/museros.org\/inici\/wp-json\/wp\/v2\/wf_page_folders?post=254383"}],"curies":[{"name":"wp","href":"https:\/\/api.w.org\/{rel}","templated":true}]}}

Museros més net

<p>[et_pb_section fb_built=»1&#8243; _builder_version=»4.16&#8243; _module_preset=»default» custom_margin=»0px||||false|false» custom_padding=»0px||||false|false» locked=»off» global_colors_info=»{}»][et_pb_row column_structure=»1_4,3_4&#8243; _builder_version=»4.16&#8243; _module_preset=»default» custom_margin=»0px||||false|false» custom_padding=»0px||||false|false» global_colors_info=»{}»][et_pb_column type=»1_4&#8243; _builder_version=»4.16&#8243; _module_preset=»default» global_colors_info=»{}»][et_pb_image src=»https://museros.org/wp-content/uploads/2023/07/logo-transicio-cl-230&#215;180-1.jpg» title_text=»logo-transicio-cl-230&#215;180&#8243; url=»https://museros.org/inici/area-de-transicio-ecologica/» use_overlay=»on» overlay_icon_color=»#E02B20&#8243; hover_overlay_color=»rgba(255,255,255,0.71)» hover_icon=»&#xe04d;||divi||400&#8243; _builder_version=»4.27.4&#8243; _module_preset=»default» global_colors_info=»{}» locked=»off»][/et_pb_image][/et_pb_column][et_pb_column type=»3_4&#8243; _builder_version=»4.16&#8243; _module_preset=»default» global_colors_info=»{}»][et_pb_text _builder_version=»4.16&#8243; _module_preset=»default» global_colors_info=»{}»]</p>
<h2>MUSEROS MÉS NET</h2>
<p>[/et_pb_text][et_pb_image src=»https://museros.org/wp-content/uploads/2022/03/recollida-trasros-900&#215;350-1.jpg» title_text=»recollida-trasros-900&#215;350&#8243; _builder_version=»4.16&#8243; _module_preset=»default» width=»100%» global_colors_info=»{}»][/et_pb_image][et_pb_text _builder_version=»4.16&#8243; _module_preset=»default» global_colors_info=»{}»]</p>
<h1>Servei de recollida de trastos</h1>
<p>Els trastos s&#8217;han de traure els dimecres a partir de les 21.00 h i deixar-los al costat dels contenidors amb punt verd.<br />El camió passa a recollir-los els dijous de matí.<br />La resta de dies podeu fer ús gratuïtament dels ecoparcs fixos de Massamagrell i d’Albalat dels Sorells.</p>
<p>[/et_pb_text][et_pb_button button_url=»https://museros.org/inici/eco-parc/#ecoparc-fix/» button_text=»Ecoparc fix» _builder_version=»4.16&#8243; _module_preset=»default» custom_margin=»40px||40px||false|false» global_colors_info=»{}»][/et_pb_button][et_pb_divider color=»#999999&#8243; divider_style=»dotted» divider_weight=»7px» _builder_version=»4.16&#8243; _module_preset=»default» locked=»off» global_colors_info=»{}»][/et_pb_divider][et_pb_text _builder_version=»4.25.2&#8243; _module_preset=»default» width=»100%» global_colors_info=»{}»]</p>
<h1><img loading="lazy" decoding="async" src="https://museros.org/wp-content/uploads/2022/03/puntoverde-300x300.jpg" alt="" class="wp-image-254387 alignnone size-medium" width="152" height="137" /></h1>
<h1>Contenidors amb punt verd</h1>
<p>• Carrer de Joan de Ribera (junt al jardí)<br />• Avinguda de Barcelona (amb carrer d&#8217;Albuixech)<br />• Carrer del Mestre Serrano, 16 (parc de Tierno Galván)<br />• Avinguda d&#8217;Alexandre VI, 1 (davant de Mitsubishi)<br />• Carrer dels Pilotaris (davant del jardí de les Palmeres)<br />• Carrer de Sarsola (davant del pipican)<br />• Carrer dels Furs (davant del carrer del Molí)<br />• Carrer de Massamagrell (junt a la Llar dels Jubilats)<br />• Avinguda de Blasco Ibáñez (amb carrer Mesquita)<br />• Avinguda de Blasco Ibáñez (davant de l&#8217;aparcament)<br />• Avinguda de les Corts Valencianes (amb el carrer de Pintor Sorolla)<br />• Carrer d&#8217;Enric Valor</p>
<p>[/et_pb_text][/et_pb_column][/et_pb_row][et_pb_row _builder_version=»4.16&#8243; _module_preset=»default» global_colors_info=»{}»][et_pb_column type=»4_4&#8243; _builder_version=»4.16&#8243; _module_preset=»default» global_colors_info=»{}»][et_pb_divider color=»#E02B20&#8243; divider_weight=»4px» _builder_version=»4.16&#8243; _module_preset=»default» global_colors_info=»{}»][/et_pb_divider][/et_pb_column][/et_pb_row][/et_pb_section]</p>

<p>MUSEROS MÉS NETServei de recollida de trastos Els trastos s&#8217;han de traure els dimecres a partir de les 21.00 h i deixar-los al costat dels contenidors amb punt verd.El camió passa a recollir-los els dijous de matí.La resta de dies podeu fer ús gratuïtament dels ecoparcs fixos de Massamagrell i d’Albalat dels Sorells. Contenidors amb [&hellip;]</p>
