{"id":253977,"date":"2022-03-02T18:37:44","date_gmt":"2022-03-02T18:37:44","guid":{"rendered":"https:\/\/museros.org\/inici\/?page_id=253977"},"modified":"2022-03-02T18:49:31","modified_gmt":"2022-03-02T18:49:31","slug":"2e-sexta-reunion","status":"publish","type":"page","link":"https:\/\/museros.org\/inici\/es\/2e-sexta-reunion\/","title":{"rendered":"2e sexta reuni\u00f3n"},"content":{"rendered":"\n\n[et_pb_section fb_built=\u00bb1&#8243; _builder_version=\u00bb4.10.4&#8243; _module_preset=\u00bbdefault\u00bb custom_margin=\u00bb0px||||false|false\u00bb custom_padding=\u00bb0px||||false|false\u00bb locked=\u00bboff\u00bb global_colors_info=\u00bb{}\u00bb theme_builder_area=\u00bbpost_content\u00bb][et_pb_row column_structure=\u00bb1_3,2_3&#8243; _builder_version=\u00bb4.10.4&#8243; _module_preset=\u00bbdefault\u00bb custom_margin=\u00bb0px||||false|false\u00bb custom_padding=\u00bb0px||||false|false\u00bb global_colors_info=\u00bb{}\u00bb theme_builder_area=\u00bbpost_content\u00bb][et_pb_column type=\u00bb1_3&#8243; _builder_version=\u00bb4.6.5&#8243; _module_preset=\u00bbdefault\u00bb global_colors_info=\u00bb{}\u00bb theme_builder_area=\u00bbpost_content\u00bb][et_pb_image src=\u00bbhttps:\/\/museros.org\/wp-content\/uploads\/2021\/06\/logo-forumvecinal-230&#215;180-1.jpg\u00bb title_text=\u00bblogo-forumvecinal-230&#215;180&#8243; url=\u00bbhttps:\/\/museros.org\/inici\/forum-veinal\/\u00bb use_overlay=\u00bbon\u00bb overlay_icon_color=\u00bb#E02B20&#8243; hover_overlay_color=\u00bbrgba(255,255,255,0.7)\u00bb hover_icon=\u00bb&#xe04d;||divi||400&#8243; align=\u00bbcenter\u00bb admin_label=\u00bblogo forum vecinal\u00bb _builder_version=\u00bb4.14.4&#8243; _module_preset=\u00bbdefault\u00bb width_tablet=\u00bb\u00bb width_phone=\u00bb100%\u00bb width_last_edited=\u00bbon|desktop\u00bb custom_margin=\u00bb60px||||false|false\u00bb custom_margin_tablet=\u00bb\u00bb custom_margin_phone=\u00bb0px||||false|false\u00bb custom_margin_last_edited=\u00bbon|desktop\u00bb locked=\u00bboff\u00bb global_colors_info=\u00bb{}\u00bb src__hover_enabled=\u00bbon|desktop\u00bb src__hover=\u00bbhttps:\/\/museros.org\/wp-content\/uploads\/2021\/06\/logo-forumvecinal-230&#215;180-1.jpg\u00bb theme_builder_area=\u00bbpost_content\u00bb][\/et_pb_image][\/et_pb_column][et_pb_column type=\u00bb2_3&#8243; _builder_version=\u00bb4.6.5&#8243; _module_preset=\u00bbdefault\u00bb global_colors_info=\u00bb{}\u00bb theme_builder_area=\u00bbpost_content\u00bb][et_pb_text _builder_version=\u00bb4.14.8&#8243; _module_preset=\u00bbdefault\u00bb hover_enabled=\u00bb0&#8243; global_colors_info=\u00bb{}\u00bb theme_builder_area=\u00bbpost_content\u00bb sticky_enabled=\u00bb0&#8243;]<h3>Segunda edici\u00f3n<\/h3>\n<h1>Sexta reuni\u00f3n<\/h1>\n<h5>2022<\/h5>[\/et_pb_text][et_pb_image src=\u00bbhttps:\/\/museros.org\/wp-content\/uploads\/2022\/03\/6a-reunio.jpg\u00bb title_text=\u00bb6a-reunio\u00bb _builder_version=\u00bb4.14.8&#8243; _module_preset=\u00bbdefault\u00bb custom_margin=\u00bb30px||30px||false|false\u00bb hover_enabled=\u00bb0&#8243; global_colors_info=\u00bb{}\u00bb theme_builder_area=\u00bbpost_content\u00bb align=\u00bbcenter\u00bb sticky_enabled=\u00bb0&#8243;][\/et_pb_image][et_pb_text _builder_version=\u00bb4.14.8&#8243; _module_preset=\u00bbdefault\u00bb hover_enabled=\u00bb0&#8243; global_colors_info=\u00bb{}\u00bb theme_builder_area=\u00bbpost_content\u00bb sticky_enabled=\u00bb0&#8243;]<p>El pasado lunes, 21 de febrero de 2022, a las 19.00 h de la tarde, tuvo lugar la sexta reuni\u00f3n del II Foro Vecinal de Museros en la Casa de Cultura. asistieron nueve personas (2 hombres y 7 mujeres) representantes de la AMPA de la IES, de la Asociaci\u00f3n de Vecinas y Vecinos de Museros, de la Asociaci\u00f3n de Comercios Asociados de Museros (CAMU) y del Instituto Secular Obreras de Cruz.<br \/>Los objetivos de la sesi\u00f3n son en com\u00fan la recepci\u00f3n de la iniciativa de los Espacios acogedores tanto por parte de la Mesa T\u00e9cnica como de los comercios, de las asociaciones y de la hosteler\u00eda, y pensar posibles mejoras a partir de las aportaciones recibidas.<br \/>En primer lugar, las dinamizadoras transmiten que las personas miembros de la Mesa T\u00e9cnica se entusiasmaron con la propuesta y que las que trabajan en equipaciones p\u00fablicas pidieron que estos fueron incluidos en la red de Espacios acogedores (Centro de Salud, biblioteca, Espacio Joven y Casa de Cultura). Como que esta propuesta coincide con la realizada por el Foro, se decide incluirlos con un distintivo similar al del resto de la red pero en un color diferente.<\/p>\n<p>En segundo lugar, en cuanto a la reuni\u00f3n llevada a cabo el 17 de febrero con el tejido comercial y hostelero y las asociaciones con sede en la localidad, se reflexiona que:<br \/>\u2022 La convocatoria no lleg\u00f3 o no consigui\u00f3 motivar los comercios, faltaron muchos. Desde CAMU, se informa que, a menudo, costa contar con la implicaci\u00f3n del tejido comercial porque muchos van desbordados de trabajo. Adem\u00e1s, algunas comerciantes con las cuales se hab\u00eda contactado previamente hab\u00edan sugerido que el horario ideal para el encuentro es a las 20.30 h, al cerrar los negocios al p\u00fablico.<br \/>\u2022 En general, se corrobor\u00f3 el planteamiento de la iniciativa: visibilizar y potenciar una disposici\u00f3n que los comercios, a estas alturas, ya tienen. Es decir, se destac\u00f3 que la mayor parte de los comercios del pueblo ya tienen una actitud emp\u00e1tica y acogedora con los vecinos y las vecinas y con las situaciones de emergencia que se puedan dar.<br \/>\u2022 Ahora bien, el hecho de reconocer esta labor con una pegatina identificativa se percibi\u00f3, por parte de algunas personas asistentes, como un factor de riesgo: exponerse podr\u00eda comportar un tipo de efecto \u201cllamada\u201d para que la gente se aproveche e, incluso, se faciliten robos. Aun as\u00ed, la hosteler\u00eda asistente no conect\u00f3 con este miedo porque siempre suele haber gente en el establecimiento. Las asociaciones presentes en aquella reuni\u00f3n, tampoco.<br \/>\u2022 En cuanto a los iconos de los carteles, la Asociaci\u00f3n Amamanta pens\u00f3 que podr\u00eda ser positivo incluir alguno relacionado con la lactancia materna. La Falla de Museros pidi\u00f3 que se destacaron los dibujos de los colectivos poblacionales a los cuales m\u00e1s puede facilitar el d\u00eda a d\u00eda esta iniciativa.<br \/>\u2022 Por \u00faltimo, en cuanto al nombre, se matiz\u00f3 que Museros est\u00e1 designado por la Conseller\u00eda de Igualdad y Pol\u00edticas Inclusivas como \u201cpueblo acogedor\u201d por su vinculaci\u00f3n con iniciativas de acogida familiar. Por eso, el nombre puede ser ambiguo o remitir a otro imaginario distinto del asignado por el Foro.<\/p>\n<p>A ra\u00edz de estas reflexiones, se realiz\u00f3 una lluvia de ideas sobre posibles adaptaciones del planteamiento inicial:<br \/>1. Empezar la red por equipaciones p\u00fablicas, locales asociativos y la hosteler\u00eda que est\u00e9 interesada. Y, despacio, al comprobar que no tiene ning\u00fan impacto negativo, sumar otros comercios.<br \/>2. Reconocer el tejido comercial, en general, como espacio acogedor con un acto o acci\u00f3n p\u00fablica; sin obligatoriedad de colocar la pegatina.<br \/>3. Focalizar la iniciativa en un colectivo poblacional concreto, para ampliarlo posteriormente. Por ejemplo, espacios acogedores con la gente mayor.<br \/>4. Adaptar el nombre del proyecto, puesto que Museros est\u00e1 designado oficialmente por la Conseller\u00eda de Igualdad y Pol\u00edticas Inclusivas como \u201cpueblo acogedor\u201d por las iniciativas familiares. Este concepto puede remitir a un imaginario diferente al que se promueve en este proyecto y puede resultar confuso.<br \/>5. Como soluci\u00f3n para generar confianza hacia la iniciativa, se acuerda hacer una ronda de visitas a los comercios para informar personalmente de la pr\u00f3xima reuni\u00f3n presencial y tantear, por adelantado, c\u00f3mo se podr\u00eda adaptar la iniciativa.<br \/>Finalmente, se concluye que entre Fallas y Pascua se convocar\u00e1 la reuni\u00f3n participativa con los negocios y las asociaciones interesadas y el Foro para acabar de definir la propuesta, a las 20.30 h, en el sal\u00f3n de plenos del Ayuntamiento.<\/p>[\/et_pb_text][\/et_pb_column][\/et_pb_row][et_pb_row _builder_version=\u00bb4.6.5&#8243; _module_preset=\u00bbdefault\u00bb global_colors_info=\u00bb{}\u00bb theme_builder_area=\u00bbpost_content\u00bb][et_pb_column type=\u00bb4_4&#8243; _builder_version=\u00bb4.6.5&#8243; _module_preset=\u00bbdefault\u00bb global_colors_info=\u00bb{}\u00bb theme_builder_area=\u00bbpost_content\u00bb][et_pb_divider color=\u00bb#cc0000&#8243; divider_weight=\u00bb4px\u00bb _builder_version=\u00bb4.6.5&#8243; _module_preset=\u00bbdefault\u00bb global_colors_info=\u00bb{}\u00bb theme_builder_area=\u00bbpost_content\u00bb][\/et_pb_divider][\/et_pb_column][\/et_pb_row][\/et_pb_section]\n\n","protected":false},"excerpt":{"rendered":"<p>Segunda edici\u00f3n Sexta reuni\u00f3n 2022El pasado lunes, 21 de febrero de 2022, a las 19.00 h de la tarde, tuvo lugar la sexta reuni\u00f3n del II Foro Vecinal de Museros en la Casa de Cultura. asistieron nueve personas (2 hombres y 7 mujeres) representantes de la AMPA de la IES, de la Asociaci\u00f3n de Vecinas [&hellip;]<\/p>\n","protected":false},"author":8,"featured_media":0,"parent":0,"menu_order":0,"comment_status":"closed","ping_status":"closed","template":"","meta":{"_et_pb_use_builder":"on","_et_pb_old_content":"","_et_gb_content_width":"","_mc_calendar":[],"footnotes":""},"wf_page_folders":[1066],"class_list":["post-253977","page","type-page","status-publish","hentry"],"_links":{"self":[{"href":"https:\/\/museros.org\/inici\/wp-json\/wp\/v2\/pages\/253977","targetHints":{"allow":["GET"]}}],"collection":[{"href":"https:\/\/museros.org\/inici\/wp-json\/wp\/v2\/pages"}],"about":[{"href":"https:\/\/museros.org\/inici\/wp-json\/wp\/v2\/types\/page"}],"author":[{"embeddable":true,"href":"https:\/\/museros.org\/inici\/wp-json\/wp\/v2\/users\/8"}],"replies":[{"embeddable":true,"href":"https:\/\/museros.org\/inici\/wp-json\/wp\/v2\/comments?post=253977"}],"version-history":[{"count":6,"href":"https:\/\/museros.org\/inici\/wp-json\/wp\/v2\/pages\/253977\/revisions"}],"predecessor-version":[{"id":253989,"href":"https:\/\/museros.org\/inici\/wp-json\/wp\/v2\/pages\/253977\/revisions\/253989"}],"wp:attachment":[{"href":"https:\/\/museros.org\/inici\/wp-json\/wp\/v2\/media?parent=253977"}],"wp:term":[{"taxonomy":"wf_page_folders","embeddable":true,"href":"https:\/\/museros.org\/inici\/wp-json\/wp\/v2\/wf_page_folders?post=253977"}],"curies":[{"name":"wp","href":"https:\/\/api.w.org\/{rel}","templated":true}]}}

2e sexta reunión

[et_pb_section fb_built=»1&#8243; _builder_version=»4.10.4&#8243; _module_preset=»default» custom_margin=»0px||||false|false» custom_padding=»0px||||false|false» locked=»off» global_colors_info=»{}» theme_builder_area=»post_content»][et_pb_row column_structure=»1_3,2_3&#8243; _builder_version=»4.10.4&#8243; _module_preset=»default» custom_margin=»0px||||false|false» custom_padding=»0px||||false|false» global_colors_info=»{}» theme_builder_area=»post_content»][et_pb_column type=»1_3&#8243; _builder_version=»4.6.5&#8243; _module_preset=»default» global_colors_info=»{}» theme_builder_area=»post_content»][et_pb_image src=»https://museros.org/wp-content/uploads/2021/06/logo-forumvecinal-230&#215;180-1.jpg» title_text=»logo-forumvecinal-230&#215;180&#8243; url=»https://museros.org/inici/forum-veinal/» use_overlay=»on» overlay_icon_color=»#E02B20&#8243; hover_overlay_color=»rgba(255,255,255,0.7)» hover_icon=»&#xe04d;||divi||400&#8243; align=»center» admin_label=»logo forum vecinal» _builder_version=»4.14.4&#8243; _module_preset=»default» width_tablet=»» width_phone=»100%» width_last_edited=»on|desktop» custom_margin=»60px||||false|false» custom_margin_tablet=»» custom_margin_phone=»0px||||false|false» custom_margin_last_edited=»on|desktop» locked=»off» global_colors_info=»{}» src__hover_enabled=»on|desktop» src__hover=»https://museros.org/wp-content/uploads/2021/06/logo-forumvecinal-230&#215;180-1.jpg» theme_builder_area=»post_content»][/et_pb_image][/et_pb_column][et_pb_column type=»2_3&#8243; _builder_version=»4.6.5&#8243; _module_preset=»default» global_colors_info=»{}» theme_builder_area=»post_content»][et_pb_text _builder_version=»4.14.8&#8243; _module_preset=»default» hover_enabled=»0&#8243; global_colors_info=»{}» theme_builder_area=»post_content» sticky_enabled=»0&#8243;]<h3>Segunda edición</h3>
<h1>Sexta reunión</h1>
<h5>2022</h5>[/et_pb_text][et_pb_image src=»https://museros.org/wp-content/uploads/2022/03/6a-reunio.jpg» title_text=»6a-reunio» _builder_version=»4.14.8&#8243; _module_preset=»default» custom_margin=»30px||30px||false|false» hover_enabled=»0&#8243; global_colors_info=»{}» theme_builder_area=»post_content» align=»center» sticky_enabled=»0&#8243;][/et_pb_image][et_pb_text _builder_version=»4.14.8&#8243; _module_preset=»default» hover_enabled=»0&#8243; global_colors_info=»{}» theme_builder_area=»post_content» sticky_enabled=»0&#8243;]<p>El pasado lunes, 21 de febrero de 2022, a las 19.00 h de la tarde, tuvo lugar la sexta reunión del II Foro Vecinal de Museros en la Casa de Cultura. asistieron nueve personas (2 hombres y 7 mujeres) representantes de la AMPA de la IES, de la Asociación de Vecinas y Vecinos de Museros, de la Asociación de Comercios Asociados de Museros (CAMU) y del Instituto Secular Obreras de Cruz.<br />Los objetivos de la sesión son en común la recepción de la iniciativa de los Espacios acogedores tanto por parte de la Mesa Técnica como de los comercios, de las asociaciones y de la hostelería, y pensar posibles mejoras a partir de las aportaciones recibidas.<br />En primer lugar, las dinamizadoras transmiten que las personas miembros de la Mesa Técnica se entusiasmaron con la propuesta y que las que trabajan en equipaciones públicas pidieron que estos fueron incluidos en la red de Espacios acogedores (Centro de Salud, biblioteca, Espacio Joven y Casa de Cultura). Como que esta propuesta coincide con la realizada por el Foro, se decide incluirlos con un distintivo similar al del resto de la red pero en un color diferente.</p>
<p>En segundo lugar, en cuanto a la reunión llevada a cabo el 17 de febrero con el tejido comercial y hostelero y las asociaciones con sede en la localidad, se reflexiona que:<br />• La convocatoria no llegó o no consiguió motivar los comercios, faltaron muchos. Desde CAMU, se informa que, a menudo, costa contar con la implicación del tejido comercial porque muchos van desbordados de trabajo. Además, algunas comerciantes con las cuales se había contactado previamente habían sugerido que el horario ideal para el encuentro es a las 20.30 h, al cerrar los negocios al público.<br />• En general, se corroboró el planteamiento de la iniciativa: visibilizar y potenciar una disposición que los comercios, a estas alturas, ya tienen. Es decir, se destacó que la mayor parte de los comercios del pueblo ya tienen una actitud empática y acogedora con los vecinos y las vecinas y con las situaciones de emergencia que se puedan dar.<br />• Ahora bien, el hecho de reconocer esta labor con una pegatina identificativa se percibió, por parte de algunas personas asistentes, como un factor de riesgo: exponerse podría comportar un tipo de efecto “llamada” para que la gente se aproveche e, incluso, se faciliten robos. Aun así, la hostelería asistente no conectó con este miedo porque siempre suele haber gente en el establecimiento. Las asociaciones presentes en aquella reunión, tampoco.<br />• En cuanto a los iconos de los carteles, la Asociación Amamanta pensó que podría ser positivo incluir alguno relacionado con la lactancia materna. La Falla de Museros pidió que se destacaron los dibujos de los colectivos poblacionales a los cuales más puede facilitar el día a día esta iniciativa.<br />• Por último, en cuanto al nombre, se matizó que Museros está designado por la Consellería de Igualdad y Políticas Inclusivas como “pueblo acogedor” por su vinculación con iniciativas de acogida familiar. Por eso, el nombre puede ser ambiguo o remitir a otro imaginario distinto del asignado por el Foro.</p>
<p>A raíz de estas reflexiones, se realizó una lluvia de ideas sobre posibles adaptaciones del planteamiento inicial:<br />1. Empezar la red por equipaciones públicas, locales asociativos y la hostelería que esté interesada. Y, despacio, al comprobar que no tiene ningún impacto negativo, sumar otros comercios.<br />2. Reconocer el tejido comercial, en general, como espacio acogedor con un acto o acción pública; sin obligatoriedad de colocar la pegatina.<br />3. Focalizar la iniciativa en un colectivo poblacional concreto, para ampliarlo posteriormente. Por ejemplo, espacios acogedores con la gente mayor.<br />4. Adaptar el nombre del proyecto, puesto que Museros está designado oficialmente por la Consellería de Igualdad y Políticas Inclusivas como “pueblo acogedor” por las iniciativas familiares. Este concepto puede remitir a un imaginario diferente al que se promueve en este proyecto y puede resultar confuso.<br />5. Como solución para generar confianza hacia la iniciativa, se acuerda hacer una ronda de visitas a los comercios para informar personalmente de la próxima reunión presencial y tantear, por adelantado, cómo se podría adaptar la iniciativa.<br />Finalmente, se concluye que entre Fallas y Pascua se convocará la reunión participativa con los negocios y las asociaciones interesadas y el Foro para acabar de definir la propuesta, a las 20.30 h, en el salón de plenos del Ayuntamiento.</p>[/et_pb_text][/et_pb_column][/et_pb_row][et_pb_row _builder_version=»4.6.5&#8243; _module_preset=»default» global_colors_info=»{}» theme_builder_area=»post_content»][et_pb_column type=»4_4&#8243; _builder_version=»4.6.5&#8243; _module_preset=»default» global_colors_info=»{}» theme_builder_area=»post_content»][et_pb_divider color=»#cc0000&#8243; divider_weight=»4px» _builder_version=»4.6.5&#8243; _module_preset=»default» global_colors_info=»{}» theme_builder_area=»post_content»][/et_pb_divider][/et_pb_column][/et_pb_row][/et_pb_section]

<p>Segunda edición Sexta reunión 2022El pasado lunes, 21 de febrero de 2022, a las 19.00 h de la tarde, tuvo lugar la sexta reunión del II Foro Vecinal de Museros en la Casa de Cultura. asistieron nueve personas (2 hombres y 7 mujeres) representantes de la AMPA de la IES, de la Asociación de Vecinas [&hellip;]</p>
