{"id":253407,"date":"2022-02-26T17:29:11","date_gmt":"2022-02-26T17:29:11","guid":{"rendered":"https:\/\/museros.org\/inici\/?page_id=253407"},"modified":"2025-04-26T20:10:34","modified_gmt":"2025-04-26T20:10:34","slug":"en-museros-se-recicla","status":"publish","type":"page","link":"https:\/\/museros.org\/inici\/es\/en-museros-se-recicla\/","title":{"rendered":"En Museros se recicla"},"content":{"rendered":"<p>[et_pb_section fb_built=\u00bb1&#8243; _builder_version=\u00bb4.16&#8243; _module_preset=\u00bbdefault\u00bb custom_margin=\u00bb0px||||false|false\u00bb custom_padding=\u00bb0px||||false|false\u00bb locked=\u00bboff\u00bb global_colors_info=\u00bb{}\u00bb][et_pb_row column_structure=\u00bb1_4,3_4&#8243; _builder_version=\u00bb4.16&#8243; _module_preset=\u00bbdefault\u00bb custom_margin=\u00bb0px||||false|false\u00bb custom_padding=\u00bb0px||||false|false\u00bb global_colors_info=\u00bb{}\u00bb][et_pb_column type=\u00bb1_4&#8243; _builder_version=\u00bb4.16&#8243; _module_preset=\u00bbdefault\u00bb global_colors_info=\u00bb{}\u00bb][et_pb_image src=\u00bbhttps:\/\/museros.org\/wp-content\/uploads\/2021\/08\/logo-3rm-reduce.jpg\u00bb title_text=\u00bblogo-3rm-reduce\u00bb url=\u00bbhttps:\/\/museros.org\/inici\/es\/area-de-transicion-ecologica\/\u00bb use_overlay=\u00bbon\u00bb overlay_icon_color=\u00bb#E02B20&#8243; hover_overlay_color=\u00bbrgba(255,255,255,0.71)\u00bb hover_icon=\u00bb&#xe04d;||divi||400&#8243; _builder_version=\u00bb4.27.4&#8243; _module_preset=\u00bbdefault\u00bb hover_enabled=\u00bb0&#8243; global_colors_info=\u00bb{}\u00bb sticky_enabled=\u00bb0&#8243;][\/et_pb_image][\/et_pb_column][et_pb_column type=\u00bb3_4&#8243; _builder_version=\u00bb4.16&#8243; _module_preset=\u00bbdefault\u00bb global_colors_info=\u00bb{}\u00bb][et_pb_text _builder_version=\u00bb4.16&#8243; _module_preset=\u00bbdefault\u00bb custom_margin=\u00bb||5px||false|false\u00bb global_colors_info=\u00bb{}\u00bb]<\/p>\n<h1>Museros recicla! #Campa\u00f1a 3R<\/h1>\n<p><strong>Al contenedor marr\u00f3n:<\/strong><br \/>Se deposita: servilletas o papel utilizado, cortezas de huevo, posos de caf\u00e9, restos de comer como fruta, verdura, carne, pez&#8230;<br \/>No se deposita: envases, vidrio, papel, cart\u00f3n, porcelana&#8230;<br \/>\u00bfSab\u00edas que la fracci\u00f3n org\u00e1nica es de los residuos que m\u00e1s se produce en Espa\u00f1a, se consiguen valores sobre el 40% de residuo total generado en cuanto al resto de fracciones?<br \/>\nFont: Ecoembes.<\/p>\n<p>[\/et_pb_text][et_pb_image src=\u00bbhttps:\/\/museros.org\/wp-content\/uploads\/2022\/02\/cache_2488264571.jpg\u00bb title_text=\u00bbcache_2488264571&#8243; _builder_version=\u00bb4.16&#8243; _module_preset=\u00bbdefault\u00bb custom_margin=\u00bb40px||||false|false\u00bb custom_padding=\u00bb0px||40px||false|false\u00bb global_colors_info=\u00bb{}\u00bb][\/et_pb_image][et_pb_divider color=\u00bb#999999&#8243; divider_style=\u00bbdotted\u00bb divider_weight=\u00bb7px\u00bb _builder_version=\u00bb4.16&#8243; _module_preset=\u00bbdefault\u00bb global_colors_info=\u00bb{}\u00bb][\/et_pb_divider][et_pb_text _builder_version=\u00bb4.16&#8243; _module_preset=\u00bbdefault\u00bb global_colors_info=\u00bb{}\u00bb]<\/p>\n<p><strong>Al contenedor amarillo:<\/strong><br \/>Se deposita: botellas y envases de pl\u00e1stico, papel de aluminio, latas, brics&#8230;<br \/>No se deposita: juguetes, CDs, pa\u00f1ales&#8230;<br \/>\u00bfSab\u00edas que existen 7 tipos diferentes de pl\u00e1sticos que forman los envases en base a su composici\u00f3n qu\u00edmica? Puedes saber qu\u00e9 pl\u00e1stico es por los c\u00f3digos de identificaci\u00f3n que se representan al envase.<br \/>\nFont: Ecoembes.<\/p>\n<p>[\/et_pb_text][et_pb_image src=\u00bbhttps:\/\/museros.org\/wp-content\/uploads\/2022\/02\/cache_2488264576.jpg\u00bb title_text=\u00bbcache_2488264576&#8243; _builder_version=\u00bb4.16&#8243; _module_preset=\u00bbdefault\u00bb custom_margin=\u00bb40px||||false|false\u00bb custom_padding=\u00bb0px||40px||false|false\u00bb global_colors_info=\u00bb{}\u00bb][\/et_pb_image][et_pb_divider color=\u00bb#999999&#8243; divider_style=\u00bbdotted\u00bb divider_weight=\u00bb7px\u00bb _builder_version=\u00bb4.16&#8243; _module_preset=\u00bbdefault\u00bb global_colors_info=\u00bb{}\u00bb][\/et_pb_divider][et_pb_text _builder_version=\u00bb4.16&#8243; _module_preset=\u00bbdefault\u00bb global_colors_info=\u00bb{}\u00bb]<\/p>\n<p><strong>Al contenedor azul:<\/strong><br \/>Se deposita: diarios, revistas, cajas de cart\u00f3n&#8230;<br \/>No se deposita: brics, metales, papeles sucios&#8230;<br \/>\u00bfSab\u00edas que el papel es un material 100% reciclable y m\u00e1s del 80% de la materia prima de la industria papelera proviene de este material reciclado?<br \/>\nFont: MITECO.<\/p>\n<p>[\/et_pb_text][et_pb_image src=\u00bbhttps:\/\/museros.org\/wp-content\/uploads\/2022\/02\/cache_2488264577.jpg\u00bb title_text=\u00bbcache_2488264577&#8243; _builder_version=\u00bb4.16&#8243; _module_preset=\u00bbdefault\u00bb custom_margin=\u00bb40px||||false|false\u00bb custom_padding=\u00bb0px||40px||false|false\u00bb global_colors_info=\u00bb{}\u00bb][\/et_pb_image][et_pb_divider color=\u00bb#999999&#8243; divider_style=\u00bbdotted\u00bb divider_weight=\u00bb7px\u00bb _builder_version=\u00bb4.16&#8243; _module_preset=\u00bbdefault\u00bb global_colors_info=\u00bb{}\u00bb][\/et_pb_divider][et_pb_text _builder_version=\u00bb4.16&#8243; _module_preset=\u00bbdefault\u00bb global_colors_info=\u00bb{}\u00bb]<strong>Al contenedor verde:<\/strong><br \/>\nSe deposita: botellas de vidrio, recipientes de cristal&#8230;<br \/>\nNo se deposita: bombillas, espejos, objetos de cer\u00e1mica&#8230;<br \/>\n\u00bfSab\u00edas que el vidrio es la fracci\u00f3n con una mayor eficiencia y eficacia en la etapa de reciclaje, y que se aprovecha casi sin l\u00edmites y sin perder ninguno de sus propiedades de origen?<br \/>\nFont: MITECO.[\/et_pb_text][et_pb_image src=\u00bbhttps:\/\/museros.org\/wp-content\/uploads\/2022\/02\/cache_2488264354.jpg\u00bb title_text=\u00bbcache_2488264354&#8243; _builder_version=\u00bb4.16&#8243; _module_preset=\u00bbdefault\u00bb custom_margin=\u00bb40px||||false|false\u00bb custom_padding=\u00bb0px||40px||false|false\u00bb global_colors_info=\u00bb{}\u00bb][\/et_pb_image][et_pb_divider color=\u00bb#999999&#8243; divider_style=\u00bbdotted\u00bb divider_weight=\u00bb7px\u00bb _builder_version=\u00bb4.16&#8243; _module_preset=\u00bbdefault\u00bb global_colors_info=\u00bb{}\u00bb][\/et_pb_divider][et_pb_text _builder_version=\u00bb4.16&#8243; _module_preset=\u00bbdefault\u00bb global_colors_info=\u00bb{}\u00bb]<\/p>\n<p><strong>Al contenedor del aceite:<\/strong><br \/>Se deposita: aceite usado de cocina en botellas de pl\u00e1stico.<br \/>No se deposita: otros l\u00edquidos o el aceite directamente sin botella.<br \/>Puntos de localizaci\u00f3n:<br \/>&#8211; Avenida de la Senyera, 2<br \/>&#8211; Avenida de la Cruz (junto a la estaci\u00f3n)<br \/>&#8211; Calle de la Senda Hermana, 23 (parque de Mercadona)<br \/>\u00bfSab\u00edas que echar el aceite por la pica implica riesgo de atascos de ca\u00f1er\u00edas y puede afectar el intercambio de ox\u00edgeno al crearse pel\u00edculas en las aguas de los r\u00edos o lagos?<br \/>\nFont: ITECO.<\/p>\n<p>[\/et_pb_text][et_pb_image src=\u00bbhttps:\/\/museros.org\/wp-content\/uploads\/2022\/02\/cache_2488264359.jpg\u00bb title_text=\u00bbcache_2488264359&#8243; _builder_version=\u00bb4.16&#8243; _module_preset=\u00bbdefault\u00bb custom_margin=\u00bb40px||||false|false\u00bb custom_padding=\u00bb0px||40px||false|false\u00bb global_colors_info=\u00bb{}\u00bb][\/et_pb_image][et_pb_text _builder_version=\u00bb4.16&#8243; _module_preset=\u00bbdefault\u00bb global_colors_info=\u00bb{}\u00bb]<\/p>\n<p><strong>Al contenedor de ropa:<\/strong><br \/>Se deposita: ropa, complementos textiles, calzado&#8230;<br \/>Puntos de localizaci\u00f3n:<br \/>&#8211; Calle del Maestro Climent (garaje del se\u00f1or rector) &#8211; Avenida de Blasco Ib\u00e1\u00f1ez (rotonda de Verdolaga)<br \/>&#8211; Avenida de la Cruz (junto a la estaci\u00f3n)<br \/>&#8211; Avenida de la Cruz (ante la ferreter\u00eda)<br \/>\u00bfSab\u00edas que, en Espa\u00f1a, se generaron m\u00e1s de 900 millones de kilogramos de ropa usada en 2017, porque cada persona espa\u00f1ola compr\u00f3 34 piezas, aproximadamente, en el a\u00f1o, y rechaz\u00f3 unos 14 kg anuales?<br \/>\nFont: ASIRTEX[\/et_pb_text][et_pb_divider color=\u00bb#999999&#8243; divider_style=\u00bbdotted\u00bb divider_weight=\u00bb7px\u00bb _builder_version=\u00bb4.16&#8243; _module_preset=\u00bbdefault\u00bb global_colors_info=\u00bb{}\u00bb][\/et_pb_divider][et_pb_text _builder_version=\u00bb4.16&#8243; _module_preset=\u00bbdefault\u00bb global_colors_info=\u00bb{}\u00bb]<\/p>\n<p><strong>Al contenedor de pilas<\/strong><br \/>Se deposita: alcalinas, de bot\u00f3n, prism\u00e1ticas, cil\u00edndricas de petaca o bater\u00edas de m\u00f3vil o de ordenador&#8230;<br \/>\u00bfSab\u00edas que las pilas contienen diferentes metales pesados, como el mercurio o el plomo, y que son potencialmente peligrosos para la salud y el medio ambiente?<br \/>\nFont: MITECO.[\/et_pb_text][et_pb_image src=\u00bbhttps:\/\/museros.org\/wp-content\/uploads\/2022\/02\/cache_2488264363.jpg\u00bb title_text=\u00bbcache_2488264363&#8243; _builder_version=\u00bb4.16&#8243; _module_preset=\u00bbdefault\u00bb custom_margin=\u00bb40px||||false|false\u00bb custom_padding=\u00bb0px||40px||false|false\u00bb global_colors_info=\u00bb{}\u00bb][\/et_pb_image][et_pb_text _builder_version=\u00bb4.16&#8243; _module_preset=\u00bbdefault\u00bb global_colors_info=\u00bb{}\u00bb]<\/p>\n<p><strong>Al contenedor de tubos fluorescentes<\/strong><br \/>Se deposita: bombillas, bombillas led, tubos&#8230;<br \/>\u00bfSab\u00edas que se pueden reciclar diferentes partes de estos objetos una vez finalizado su uso? El vidrio podr\u00e1 ser utilizado para hacer nuevos envases y el mercurio muchas veces para maquinaria o electr\u00f3nica.<br \/>\nFont: ECOEMBES.<\/p>\n<p>[\/et_pb_text][et_pb_divider color=\u00bb#999999&#8243; divider_style=\u00bbdotted\u00bb divider_weight=\u00bb7px\u00bb _builder_version=\u00bb4.16&#8243; _module_preset=\u00bbdefault\u00bb global_colors_info=\u00bb{}\u00bb][\/et_pb_divider][et_pb_text _builder_version=\u00bb4.16&#8243; _module_preset=\u00bbdefault\u00bb global_colors_info=\u00bb{}\u00bb]<\/p>\n<p><strong>Puntos de localizaci\u00f3n:<\/strong><br \/>&#8211; Ayuntamiento de Museros<br \/>&#8211; Centro Social de D\u00eda<br \/>&#8211; Agencia de lectura<\/p>\n<p>[\/et_pb_text][\/et_pb_column][\/et_pb_row][et_pb_row _builder_version=\u00bb4.16&#8243; _module_preset=\u00bbdefault\u00bb global_colors_info=\u00bb{}\u00bb][et_pb_column type=\u00bb4_4&#8243; _builder_version=\u00bb4.16&#8243; _module_preset=\u00bbdefault\u00bb global_colors_info=\u00bb{}\u00bb][et_pb_divider color=\u00bb#E02B20&#8243; divider_weight=\u00bb4px\u00bb _builder_version=\u00bb4.16&#8243; _module_preset=\u00bbdefault\u00bb global_colors_info=\u00bb{}\u00bb][\/et_pb_divider][\/et_pb_column][\/et_pb_row][\/et_pb_section]<\/p>\n","protected":false},"excerpt":{"rendered":"<p>Museros recicla! #Campa\u00f1a 3R Al contenedor marr\u00f3n:Se deposita: servilletas o papel utilizado, cortezas de huevo, posos de caf\u00e9, restos de comer como fruta, verdura, carne, pez&#8230;No se deposita: envases, vidrio, papel, cart\u00f3n, porcelana&#8230;\u00bfSab\u00edas que la fracci\u00f3n org\u00e1nica es de los residuos que m\u00e1s se produce en Espa\u00f1a, se consiguen valores sobre el 40% de residuo [&hellip;]<\/p>\n","protected":false},"author":8,"featured_media":0,"parent":0,"menu_order":0,"comment_status":"closed","ping_status":"closed","template":"","meta":{"_et_pb_use_builder":"on","_et_pb_old_content":"","_et_gb_content_width":"","_mc_calendar":[],"footnotes":""},"wf_page_folders":[299],"class_list":["post-253407","page","type-page","status-publish","hentry"],"_links":{"self":[{"href":"https:\/\/museros.org\/inici\/wp-json\/wp\/v2\/pages\/253407","targetHints":{"allow":["GET"]}}],"collection":[{"href":"https:\/\/museros.org\/inici\/wp-json\/wp\/v2\/pages"}],"about":[{"href":"https:\/\/museros.org\/inici\/wp-json\/wp\/v2\/types\/page"}],"author":[{"embeddable":true,"href":"https:\/\/museros.org\/inici\/wp-json\/wp\/v2\/users\/8"}],"replies":[{"embeddable":true,"href":"https:\/\/museros.org\/inici\/wp-json\/wp\/v2\/comments?post=253407"}],"version-history":[{"count":7,"href":"https:\/\/museros.org\/inici\/wp-json\/wp\/v2\/pages\/253407\/revisions"}],"predecessor-version":[{"id":273885,"href":"https:\/\/museros.org\/inici\/wp-json\/wp\/v2\/pages\/253407\/revisions\/273885"}],"wp:attachment":[{"href":"https:\/\/museros.org\/inici\/wp-json\/wp\/v2\/media?parent=253407"}],"wp:term":[{"taxonomy":"wf_page_folders","embeddable":true,"href":"https:\/\/museros.org\/inici\/wp-json\/wp\/v2\/wf_page_folders?post=253407"}],"curies":[{"name":"wp","href":"https:\/\/api.w.org\/{rel}","templated":true}]}}

<p>[et_pb_section fb_built=»1&#8243; _builder_version=»4.16&#8243; _module_preset=»default» custom_margin=»0px||||false|false» custom_padding=»0px||||false|false» locked=»off» global_colors_info=»{}»][et_pb_row column_structure=»1_4,3_4&#8243; _builder_version=»4.16&#8243; _module_preset=»default» custom_margin=»0px||||false|false» custom_padding=»0px||||false|false» global_colors_info=»{}»][et_pb_column type=»1_4&#8243; _builder_version=»4.16&#8243; _module_preset=»default» global_colors_info=»{}»][et_pb_image src=»https://museros.org/wp-content/uploads/2021/08/logo-3rm-reduce.jpg» title_text=»logo-3rm-reduce» url=»https://museros.org/inici/es/area-de-transicion-ecologica/» use_overlay=»on» overlay_icon_color=»#E02B20&#8243; hover_overlay_color=»rgba(255,255,255,0.71)» hover_icon=»&#xe04d;||divi||400&#8243; _builder_version=»4.27.4&#8243; _module_preset=»default» hover_enabled=»0&#8243; global_colors_info=»{}» sticky_enabled=»0&#8243;][/et_pb_image][/et_pb_column][et_pb_column type=»3_4&#8243; _builder_version=»4.16&#8243; _module_preset=»default» global_colors_info=»{}»][et_pb_text _builder_version=»4.16&#8243; _module_preset=»default» custom_margin=»||5px||false|false» global_colors_info=»{}»]</p>
<h1>Museros recicla! #Campaña 3R</h1>
<p><strong>Al contenedor marrón:</strong><br />Se deposita: servilletas o papel utilizado, cortezas de huevo, posos de café, restos de comer como fruta, verdura, carne, pez&#8230;<br />No se deposita: envases, vidrio, papel, cartón, porcelana&#8230;<br />¿Sabías que la fracción orgánica es de los residuos que más se produce en España, se consiguen valores sobre el 40% de residuo total generado en cuanto al resto de fracciones?<br />
Font: Ecoembes.</p>
<p>[/et_pb_text][et_pb_image src=»https://museros.org/wp-content/uploads/2022/02/cache_2488264571.jpg» title_text=»cache_2488264571&#8243; _builder_version=»4.16&#8243; _module_preset=»default» custom_margin=»40px||||false|false» custom_padding=»0px||40px||false|false» global_colors_info=»{}»][/et_pb_image][et_pb_divider color=»#999999&#8243; divider_style=»dotted» divider_weight=»7px» _builder_version=»4.16&#8243; _module_preset=»default» global_colors_info=»{}»][/et_pb_divider][et_pb_text _builder_version=»4.16&#8243; _module_preset=»default» global_colors_info=»{}»]</p>
<p><strong>Al contenedor amarillo:</strong><br />Se deposita: botellas y envases de plástico, papel de aluminio, latas, brics&#8230;<br />No se deposita: juguetes, CDs, pañales&#8230;<br />¿Sabías que existen 7 tipos diferentes de plásticos que forman los envases en base a su composición química? Puedes saber qué plástico es por los códigos de identificación que se representan al envase.<br />
Font: Ecoembes.</p>
<p>[/et_pb_text][et_pb_image src=»https://museros.org/wp-content/uploads/2022/02/cache_2488264576.jpg» title_text=»cache_2488264576&#8243; _builder_version=»4.16&#8243; _module_preset=»default» custom_margin=»40px||||false|false» custom_padding=»0px||40px||false|false» global_colors_info=»{}»][/et_pb_image][et_pb_divider color=»#999999&#8243; divider_style=»dotted» divider_weight=»7px» _builder_version=»4.16&#8243; _module_preset=»default» global_colors_info=»{}»][/et_pb_divider][et_pb_text _builder_version=»4.16&#8243; _module_preset=»default» global_colors_info=»{}»]</p>
<p><strong>Al contenedor azul:</strong><br />Se deposita: diarios, revistas, cajas de cartón&#8230;<br />No se deposita: brics, metales, papeles sucios&#8230;<br />¿Sabías que el papel es un material 100% reciclable y más del 80% de la materia prima de la industria papelera proviene de este material reciclado?<br />
Font: MITECO.</p>
<p>[/et_pb_text][et_pb_image src=»https://museros.org/wp-content/uploads/2022/02/cache_2488264577.jpg» title_text=»cache_2488264577&#8243; _builder_version=»4.16&#8243; _module_preset=»default» custom_margin=»40px||||false|false» custom_padding=»0px||40px||false|false» global_colors_info=»{}»][/et_pb_image][et_pb_divider color=»#999999&#8243; divider_style=»dotted» divider_weight=»7px» _builder_version=»4.16&#8243; _module_preset=»default» global_colors_info=»{}»][/et_pb_divider][et_pb_text _builder_version=»4.16&#8243; _module_preset=»default» global_colors_info=»{}»]<strong>Al contenedor verde:</strong><br />
Se deposita: botellas de vidrio, recipientes de cristal&#8230;<br />
No se deposita: bombillas, espejos, objetos de cerámica&#8230;<br />
¿Sabías que el vidrio es la fracción con una mayor eficiencia y eficacia en la etapa de reciclaje, y que se aprovecha casi sin límites y sin perder ninguno de sus propiedades de origen?<br />
Font: MITECO.[/et_pb_text][et_pb_image src=»https://museros.org/wp-content/uploads/2022/02/cache_2488264354.jpg» title_text=»cache_2488264354&#8243; _builder_version=»4.16&#8243; _module_preset=»default» custom_margin=»40px||||false|false» custom_padding=»0px||40px||false|false» global_colors_info=»{}»][/et_pb_image][et_pb_divider color=»#999999&#8243; divider_style=»dotted» divider_weight=»7px» _builder_version=»4.16&#8243; _module_preset=»default» global_colors_info=»{}»][/et_pb_divider][et_pb_text _builder_version=»4.16&#8243; _module_preset=»default» global_colors_info=»{}»]</p>
<p><strong>Al contenedor del aceite:</strong><br />Se deposita: aceite usado de cocina en botellas de plástico.<br />No se deposita: otros líquidos o el aceite directamente sin botella.<br />Puntos de localización:<br />&#8211; Avenida de la Senyera, 2<br />&#8211; Avenida de la Cruz (junto a la estación)<br />&#8211; Calle de la Senda Hermana, 23 (parque de Mercadona)<br />¿Sabías que echar el aceite por la pica implica riesgo de atascos de cañerías y puede afectar el intercambio de oxígeno al crearse películas en las aguas de los ríos o lagos?<br />
Font: ITECO.</p>
<p>[/et_pb_text][et_pb_image src=»https://museros.org/wp-content/uploads/2022/02/cache_2488264359.jpg» title_text=»cache_2488264359&#8243; _builder_version=»4.16&#8243; _module_preset=»default» custom_margin=»40px||||false|false» custom_padding=»0px||40px||false|false» global_colors_info=»{}»][/et_pb_image][et_pb_text _builder_version=»4.16&#8243; _module_preset=»default» global_colors_info=»{}»]</p>
<p><strong>Al contenedor de ropa:</strong><br />Se deposita: ropa, complementos textiles, calzado&#8230;<br />Puntos de localización:<br />&#8211; Calle del Maestro Climent (garaje del señor rector) &#8211; Avenida de Blasco Ibáñez (rotonda de Verdolaga)<br />&#8211; Avenida de la Cruz (junto a la estación)<br />&#8211; Avenida de la Cruz (ante la ferretería)<br />¿Sabías que, en España, se generaron más de 900 millones de kilogramos de ropa usada en 2017, porque cada persona española compró 34 piezas, aproximadamente, en el año, y rechazó unos 14 kg anuales?<br />
Font: ASIRTEX[/et_pb_text][et_pb_divider color=»#999999&#8243; divider_style=»dotted» divider_weight=»7px» _builder_version=»4.16&#8243; _module_preset=»default» global_colors_info=»{}»][/et_pb_divider][et_pb_text _builder_version=»4.16&#8243; _module_preset=»default» global_colors_info=»{}»]</p>
<p><strong>Al contenedor de pilas</strong><br />Se deposita: alcalinas, de botón, prismáticas, cilíndricas de petaca o baterías de móvil o de ordenador&#8230;<br />¿Sabías que las pilas contienen diferentes metales pesados, como el mercurio o el plomo, y que son potencialmente peligrosos para la salud y el medio ambiente?<br />
Font: MITECO.[/et_pb_text][et_pb_image src=»https://museros.org/wp-content/uploads/2022/02/cache_2488264363.jpg» title_text=»cache_2488264363&#8243; _builder_version=»4.16&#8243; _module_preset=»default» custom_margin=»40px||||false|false» custom_padding=»0px||40px||false|false» global_colors_info=»{}»][/et_pb_image][et_pb_text _builder_version=»4.16&#8243; _module_preset=»default» global_colors_info=»{}»]</p>
<p><strong>Al contenedor de tubos fluorescentes</strong><br />Se deposita: bombillas, bombillas led, tubos&#8230;<br />¿Sabías que se pueden reciclar diferentes partes de estos objetos una vez finalizado su uso? El vidrio podrá ser utilizado para hacer nuevos envases y el mercurio muchas veces para maquinaria o electrónica.<br />
Font: ECOEMBES.</p>
<p>[/et_pb_text][et_pb_divider color=»#999999&#8243; divider_style=»dotted» divider_weight=»7px» _builder_version=»4.16&#8243; _module_preset=»default» global_colors_info=»{}»][/et_pb_divider][et_pb_text _builder_version=»4.16&#8243; _module_preset=»default» global_colors_info=»{}»]</p>
<p><strong>Puntos de localización:</strong><br />&#8211; Ayuntamiento de Museros<br />&#8211; Centro Social de Día<br />&#8211; Agencia de lectura</p>
<p>[/et_pb_text][/et_pb_column][/et_pb_row][et_pb_row _builder_version=»4.16&#8243; _module_preset=»default» global_colors_info=»{}»][et_pb_column type=»4_4&#8243; _builder_version=»4.16&#8243; _module_preset=»default» global_colors_info=»{}»][et_pb_divider color=»#E02B20&#8243; divider_weight=»4px» _builder_version=»4.16&#8243; _module_preset=»default» global_colors_info=»{}»][/et_pb_divider][/et_pb_column][/et_pb_row][/et_pb_section]</p>

<p>Museros recicla! #Campaña 3R Al contenedor marrón:Se deposita: servilletas o papel utilizado, cortezas de huevo, posos de café, restos de comer como fruta, verdura, carne, pez&#8230;No se deposita: envases, vidrio, papel, cartón, porcelana&#8230;¿Sabías que la fracción orgánica es de los residuos que más se produce en España, se consiguen valores sobre el 40% de residuo [&hellip;]</p>
