{"id":253372,"date":"2022-02-26T12:30:08","date_gmt":"2022-02-26T12:30:08","guid":{"rendered":"https:\/\/museros.org\/inici\/?page_id=253372"},"modified":"2025-04-25T16:28:06","modified_gmt":"2025-04-25T16:28:06","slug":"nidos-de-avion-comun","status":"publish","type":"page","link":"https:\/\/museros.org\/inici\/es\/nidos-de-avion-comun\/","title":{"rendered":"Nidos de avi\u00f3n com\u00fan"},"content":{"rendered":"<p>[et_pb_section fb_built=\u00bb1&#8243; _builder_version=\u00bb4.16&#8243; _module_preset=\u00bbdefault\u00bb custom_margin=\u00bb0px||||false|false\u00bb custom_padding=\u00bb||||false|false\u00bb locked=\u00bboff\u00bb global_colors_info=\u00bb{}\u00bb][et_pb_row column_structure=\u00bb1_4,3_4&#8243; _builder_version=\u00bb4.16&#8243; _module_preset=\u00bbdefault\u00bb custom_margin=\u00bb0px||||false|false\u00bb custom_padding=\u00bb0px||||false|false\u00bb global_colors_info=\u00bb{}\u00bb][et_pb_column type=\u00bb1_4&#8243; _builder_version=\u00bb4.16&#8243; _module_preset=\u00bbdefault\u00bb global_colors_info=\u00bb{}\u00bb][et_pb_image src=\u00bbhttps:\/\/museros.org\/wp-content\/uploads\/2023\/07\/logo-transicion-cl-230&#215;180-1.jpg\u00bb title_text=\u00bblogo-transicion-cl-230&#215;180&#8243; url=\u00bbhttps:\/\/museros.org\/inici\/es\/area-de-transicion-ecologica\/\u00bb use_overlay=\u00bbon\u00bb overlay_icon_color=\u00bb#E02B20&#8243; hover_overlay_color=\u00bbrgba(255,255,255,0.71)\u00bb hover_icon=\u00bb&#xe04d;||divi||400&#8243; _builder_version=\u00bb4.27.4&#8243; _module_preset=\u00bbdefault\u00bb hover_enabled=\u00bb0&#8243; global_colors_info=\u00bb{}\u00bb sticky_enabled=\u00bb0&#8243; locked=\u00bboff\u00bb][\/et_pb_image][\/et_pb_column][et_pb_column type=\u00bb3_4&#8243; _builder_version=\u00bb4.16&#8243; _module_preset=\u00bbdefault\u00bb global_colors_info=\u00bb{}\u00bb][et_pb_image src=\u00bbhttps:\/\/museros.org\/wp-content\/uploads\/2022\/02\/niu-oreneta-900&#215;500-1.jpg\u00bb title_text=\u00bbniu-oreneta-900&#215;500&#8243; _builder_version=\u00bb4.16&#8243; _module_preset=\u00bbdefault\u00bb custom_padding=\u00bb||30px||false|false\u00bb global_colors_info=\u00bb{}\u00bb][\/et_pb_image][et_pb_text _builder_version=\u00bb4.16&#8243; _module_preset=\u00bbdefault\u00bb custom_margin=\u00bb||40px||false|false\u00bb global_colors_info=\u00bb{}\u00bb]<\/p>\n<h1>Nidos de avi\u00f3n com\u00fan<\/h1>\n<p>Se ha realizado un inventario de los nidos de avi\u00f3n com\u00fan que existen al t\u00e9rmino de Museros, tanto al casco urbano como en el pol\u00edgono industrial.<\/p>\n<p>El documento est\u00e1 disponible en PDF:<br \/><a href=\"Informe_inventario_avion_comun_Museros.pdf\" target=\"_blank\" rel=\"noopener\">Informe inventario avi\u00f3n com\u00fan en Museros<\/a><\/p>\n<p>Si el vecindario detectara alg\u00fan nido que no se haya incluido en este inventario, agradecer\u00edamos que enviara la foto y la direcci\u00f3n de este al correo electr\u00f3nico:<br \/>tecnico.medioambiente@museros.es<br \/>Una vez conocido el enclave exacto de todos estos y con las fotos que demuestran su existencia, se comprobar\u00e1 anualmente, antes de la \u00e9poca de nidificaci\u00f3n y cr\u00eda que no se haya destruido ninguno. En caso contrario, al tratarse de una especie protegida en la legislaci\u00f3n vigente, se proceder\u00e1 a dar aviso a la autoridad competente.<\/p>\n<p>[\/et_pb_text][\/et_pb_column][\/et_pb_row][et_pb_row _builder_version=\u00bb4.16&#8243; _module_preset=\u00bbdefault\u00bb global_colors_info=\u00bb{}\u00bb][et_pb_column type=\u00bb4_4&#8243; _builder_version=\u00bb4.16&#8243; _module_preset=\u00bbdefault\u00bb global_colors_info=\u00bb{}\u00bb][et_pb_divider color=\u00bb#E02B20&#8243; divider_weight=\u00bb4px\u00bb _builder_version=\u00bb4.16&#8243; _module_preset=\u00bbdefault\u00bb global_colors_info=\u00bb{}\u00bb][\/et_pb_divider][\/et_pb_column][\/et_pb_row][\/et_pb_section]<\/p>\n","protected":false},"excerpt":{"rendered":"<p>Nidos de avi\u00f3n com\u00fan Se ha realizado un inventario de los nidos de avi\u00f3n com\u00fan que existen al t\u00e9rmino de Museros, tanto al casco urbano como en el pol\u00edgono industrial. El documento est\u00e1 disponible en PDF:Informe inventario avi\u00f3n com\u00fan en Museros Si el vecindario detectara alg\u00fan nido que no se haya incluido en este inventario, [&hellip;]<\/p>\n","protected":false},"author":8,"featured_media":0,"parent":0,"menu_order":0,"comment_status":"closed","ping_status":"closed","template":"","meta":{"_et_pb_use_builder":"on","_et_pb_old_content":"","_et_gb_content_width":"","_mc_calendar":[],"footnotes":""},"wf_page_folders":[299],"class_list":["post-253372","page","type-page","status-publish","hentry"],"_links":{"self":[{"href":"https:\/\/museros.org\/inici\/wp-json\/wp\/v2\/pages\/253372","targetHints":{"allow":["GET"]}}],"collection":[{"href":"https:\/\/museros.org\/inici\/wp-json\/wp\/v2\/pages"}],"about":[{"href":"https:\/\/museros.org\/inici\/wp-json\/wp\/v2\/types\/page"}],"author":[{"embeddable":true,"href":"https:\/\/museros.org\/inici\/wp-json\/wp\/v2\/users\/8"}],"replies":[{"embeddable":true,"href":"https:\/\/museros.org\/inici\/wp-json\/wp\/v2\/comments?post=253372"}],"version-history":[{"count":6,"href":"https:\/\/museros.org\/inici\/wp-json\/wp\/v2\/pages\/253372\/revisions"}],"predecessor-version":[{"id":273866,"href":"https:\/\/museros.org\/inici\/wp-json\/wp\/v2\/pages\/253372\/revisions\/273866"}],"wp:attachment":[{"href":"https:\/\/museros.org\/inici\/wp-json\/wp\/v2\/media?parent=253372"}],"wp:term":[{"taxonomy":"wf_page_folders","embeddable":true,"href":"https:\/\/museros.org\/inici\/wp-json\/wp\/v2\/wf_page_folders?post=253372"}],"curies":[{"name":"wp","href":"https:\/\/api.w.org\/{rel}","templated":true}]}}