{"id":253361,"date":"2022-02-26T12:25:06","date_gmt":"2022-02-26T12:25:06","guid":{"rendered":"https:\/\/museros.org\/inici\/?page_id=253361"},"modified":"2025-04-25T16:34:32","modified_gmt":"2025-04-25T16:34:32","slug":"nius-doroneta","status":"publish","type":"page","link":"https:\/\/museros.org\/inici\/nius-doroneta\/","title":{"rendered":"Nius d&#8217;oroneta"},"content":{"rendered":"<p>[et_pb_section fb_built=\u00bb1&#8243; _builder_version=\u00bb4.16&#8243; _module_preset=\u00bbdefault\u00bb custom_margin=\u00bb0px||||false|false\u00bb custom_padding=\u00bb||||false|false\u00bb locked=\u00bboff\u00bb global_colors_info=\u00bb{}\u00bb][et_pb_row column_structure=\u00bb1_4,3_4&#8243; _builder_version=\u00bb4.16&#8243; _module_preset=\u00bbdefault\u00bb custom_margin=\u00bb0px||||false|false\u00bb custom_padding=\u00bb0px||||false|false\u00bb global_colors_info=\u00bb{}\u00bb][et_pb_column type=\u00bb1_4&#8243; _builder_version=\u00bb4.16&#8243; _module_preset=\u00bbdefault\u00bb global_colors_info=\u00bb{}\u00bb][et_pb_image src=\u00bbhttps:\/\/museros.org\/wp-content\/uploads\/2023\/07\/logo-transicio-cl-230&#215;180-1.jpg\u00bb title_text=\u00bblogo-transicio-cl-230&#215;180&#8243; url=\u00bbhttps:\/\/museros.org\/inici\/area-de-transicio-ecologica\/\u00bb use_overlay=\u00bbon\u00bb overlay_icon_color=\u00bb#E02B20&#8243; hover_overlay_color=\u00bbrgba(255,255,255,0.71)\u00bb hover_icon=\u00bb&#xe04d;||divi||400&#8243; _builder_version=\u00bb4.27.4&#8243; _module_preset=\u00bbdefault\u00bb global_colors_info=\u00bb{}\u00bb locked=\u00bboff\u00bb][\/et_pb_image][\/et_pb_column][et_pb_column type=\u00bb3_4&#8243; _builder_version=\u00bb4.16&#8243; _module_preset=\u00bbdefault\u00bb global_colors_info=\u00bb{}\u00bb][et_pb_image src=\u00bbhttps:\/\/museros.org\/wp-content\/uploads\/2022\/02\/niu-oreneta-900&#215;500-1.jpg\u00bb title_text=\u00bbniu-oreneta-900&#215;500&#8243; _builder_version=\u00bb4.16&#8243; _module_preset=\u00bbdefault\u00bb custom_padding=\u00bb||30px||false|false\u00bb global_colors_info=\u00bb{}\u00bb][\/et_pb_image][et_pb_text _builder_version=\u00bb4.17.1&#8243; _module_preset=\u00bbdefault\u00bb custom_margin=\u00bb||40px||false|false\u00bb global_colors_info=\u00bb{}\u00bb]<\/p>\n<h1>Nius d\u2019oroneta cuablanca<\/h1>\n<p>S&#8217;ha realitzat un inventari dels nius d&#8217;oroneta que existeixen al terme de Museros, tant al nucli urb\u00e0 com al pol\u00edgon industrial.<\/p>\n<p>El document est\u00e0 disponible en PDF:<br \/><a href=\"https:\/\/museros.org\/wp-content\/uploads\/2022\/02\/Informe_inventari_Oroneta_cuablanca_Museros.pdf\" target=\"_blank\" rel=\"noopener\">Informe inventari Oroneta cuablanca a Museros<\/a><\/p>\n<p>Si el ve\u00efnat detectara algun niu que no s&#8217;haja incl\u00f2s en aquest inventari, agrair\u00edem que enviara la foto i l\u2019adre\u00e7a d\u2019aquest al correu electr\u00f2nic:<br \/>tecnico.medioambiente@museros.es<br \/>Una vegada conegut l&#8217;enclavament exacte de tots aquests i amb les fotos que demostren la seua exist\u00e8ncia, es comprovar\u00e0 anualment, abans de l&#8217;\u00e8poca de nidificaci\u00f3 i cria que no se n&#8217;haja destru\u00eft cap. En cas contrari, en tractar-se d&#8217;una esp\u00e8cie protegida en la legislaci\u00f3 vigent, es procedir\u00e0 a donar av\u00eds a l&#8217;autoritat competent.<\/p>\n<p>[\/et_pb_text][\/et_pb_column][\/et_pb_row][et_pb_row _builder_version=\u00bb4.16&#8243; _module_preset=\u00bbdefault\u00bb global_colors_info=\u00bb{}\u00bb][et_pb_column type=\u00bb4_4&#8243; _builder_version=\u00bb4.16&#8243; _module_preset=\u00bbdefault\u00bb global_colors_info=\u00bb{}\u00bb][et_pb_divider color=\u00bb#E02B20&#8243; divider_weight=\u00bb4px\u00bb _builder_version=\u00bb4.16&#8243; _module_preset=\u00bbdefault\u00bb global_colors_info=\u00bb{}\u00bb][\/et_pb_divider][\/et_pb_column][\/et_pb_row][\/et_pb_section]<\/p>\n","protected":false},"excerpt":{"rendered":"<p>Nius d\u2019oroneta cuablanca S&#8217;ha realitzat un inventari dels nius d&#8217;oroneta que existeixen al terme de Museros, tant al nucli urb\u00e0 com al pol\u00edgon industrial. El document est\u00e0 disponible en PDF:Informe inventari Oroneta cuablanca a Museros Si el ve\u00efnat detectara algun niu que no s&#8217;haja incl\u00f2s en aquest inventari, agrair\u00edem que enviara la foto i l\u2019adre\u00e7a [&hellip;]<\/p>\n","protected":false},"author":8,"featured_media":0,"parent":0,"menu_order":0,"comment_status":"closed","ping_status":"closed","template":"","meta":{"_et_pb_use_builder":"on","_et_pb_old_content":"","_et_gb_content_width":"","_mc_calendar":[],"footnotes":""},"wf_page_folders":[299],"class_list":["post-253361","page","type-page","status-publish","hentry"],"_links":{"self":[{"href":"https:\/\/museros.org\/inici\/wp-json\/wp\/v2\/pages\/253361","targetHints":{"allow":["GET"]}}],"collection":[{"href":"https:\/\/museros.org\/inici\/wp-json\/wp\/v2\/pages"}],"about":[{"href":"https:\/\/museros.org\/inici\/wp-json\/wp\/v2\/types\/page"}],"author":[{"embeddable":true,"href":"https:\/\/museros.org\/inici\/wp-json\/wp\/v2\/users\/8"}],"replies":[{"embeddable":true,"href":"https:\/\/museros.org\/inici\/wp-json\/wp\/v2\/comments?post=253361"}],"version-history":[{"count":8,"href":"https:\/\/museros.org\/inici\/wp-json\/wp\/v2\/pages\/253361\/revisions"}],"predecessor-version":[{"id":273877,"href":"https:\/\/museros.org\/inici\/wp-json\/wp\/v2\/pages\/253361\/revisions\/273877"}],"wp:attachment":[{"href":"https:\/\/museros.org\/inici\/wp-json\/wp\/v2\/media?parent=253361"}],"wp:term":[{"taxonomy":"wf_page_folders","embeddable":true,"href":"https:\/\/museros.org\/inici\/wp-json\/wp\/v2\/wf_page_folders?post=253361"}],"curies":[{"name":"wp","href":"https:\/\/api.w.org\/{rel}","templated":true}]}}

<p>[et_pb_section fb_built=»1&#8243; _builder_version=»4.16&#8243; _module_preset=»default» custom_margin=»0px||||false|false» custom_padding=»||||false|false» locked=»off» global_colors_info=»{}»][et_pb_row column_structure=»1_4,3_4&#8243; _builder_version=»4.16&#8243; _module_preset=»default» custom_margin=»0px||||false|false» custom_padding=»0px||||false|false» global_colors_info=»{}»][et_pb_column type=»1_4&#8243; _builder_version=»4.16&#8243; _module_preset=»default» global_colors_info=»{}»][et_pb_image src=»https://museros.org/wp-content/uploads/2023/07/logo-transicio-cl-230&#215;180-1.jpg» title_text=»logo-transicio-cl-230&#215;180&#8243; url=»https://museros.org/inici/area-de-transicio-ecologica/» use_overlay=»on» overlay_icon_color=»#E02B20&#8243; hover_overlay_color=»rgba(255,255,255,0.71)» hover_icon=»&#xe04d;||divi||400&#8243; _builder_version=»4.27.4&#8243; _module_preset=»default» global_colors_info=»{}» locked=»off»][/et_pb_image][/et_pb_column][et_pb_column type=»3_4&#8243; _builder_version=»4.16&#8243; _module_preset=»default» global_colors_info=»{}»][et_pb_image src=»https://museros.org/wp-content/uploads/2022/02/niu-oreneta-900&#215;500-1.jpg» title_text=»niu-oreneta-900&#215;500&#8243; _builder_version=»4.16&#8243; _module_preset=»default» custom_padding=»||30px||false|false» global_colors_info=»{}»][/et_pb_image][et_pb_text _builder_version=»4.17.1&#8243; _module_preset=»default» custom_margin=»||40px||false|false» global_colors_info=»{}»]</p>
<h1>Nius d’oroneta cuablanca</h1>
<p>S&#8217;ha realitzat un inventari dels nius d&#8217;oroneta que existeixen al terme de Museros, tant al nucli urbà com al polígon industrial.</p>
<p>El document està disponible en PDF:<br /><a href="https://museros.org/wp-content/uploads/2022/02/Informe_inventari_Oroneta_cuablanca_Museros.pdf" target="_blank" rel="noopener">Informe inventari Oroneta cuablanca a Museros</a></p>
<p>Si el veïnat detectara algun niu que no s&#8217;haja inclòs en aquest inventari, agrairíem que enviara la foto i l’adreça d’aquest al correu electrònic:<br />tecnico.medioambiente@museros.es<br />Una vegada conegut l&#8217;enclavament exacte de tots aquests i amb les fotos que demostren la seua existència, es comprovarà anualment, abans de l&#8217;època de nidificació i cria que no se n&#8217;haja destruït cap. En cas contrari, en tractar-se d&#8217;una espècie protegida en la legislació vigent, es procedirà a donar avís a l&#8217;autoritat competent.</p>
<p>[/et_pb_text][/et_pb_column][/et_pb_row][et_pb_row _builder_version=»4.16&#8243; _module_preset=»default» global_colors_info=»{}»][et_pb_column type=»4_4&#8243; _builder_version=»4.16&#8243; _module_preset=»default» global_colors_info=»{}»][et_pb_divider color=»#E02B20&#8243; divider_weight=»4px» _builder_version=»4.16&#8243; _module_preset=»default» global_colors_info=»{}»][/et_pb_divider][/et_pb_column][/et_pb_row][/et_pb_section]</p>

<p>Nius d’oroneta cuablanca S&#8217;ha realitzat un inventari dels nius d&#8217;oroneta que existeixen al terme de Museros, tant al nucli urbà com al polígon industrial. El document està disponible en PDF:Informe inventari Oroneta cuablanca a Museros Si el veïnat detectara algun niu que no s&#8217;haja inclòs en aquest inventari, agrairíem que enviara la foto i l’adreça [&hellip;]</p>
