{"id":253139,"date":"2022-02-24T13:06:29","date_gmt":"2022-02-24T13:06:29","guid":{"rendered":"https:\/\/museros.org\/inici\/?page_id=253139"},"modified":"2024-02-11T16:52:55","modified_gmt":"2024-02-11T16:52:55","slug":"programacio-cultural-2022","status":"publish","type":"page","link":"https:\/\/museros.org\/inici\/programacio-cultural-2022\/","title":{"rendered":"Programaci\u00f3 cultural 2022"},"content":{"rendered":"<p>[et_pb_section fb_built=\u00bb1&#8243; _builder_version=\u00bb4.16&#8243; _module_preset=\u00bbdefault\u00bb custom_margin=\u00bb0px||||false|false\u00bb custom_padding=\u00bb0px||||false|false\u00bb locked=\u00bboff\u00bb global_colors_info=\u00bb{}\u00bb][et_pb_row column_structure=\u00bb1_4,3_4&#8243; _builder_version=\u00bb4.16&#8243; _module_preset=\u00bbdefault\u00bb custom_margin=\u00bb0px||||false|false\u00bb custom_padding=\u00bb0px||||false|false\u00bb global_colors_info=\u00bb{}\u00bb][et_pb_column type=\u00bb1_4&#8243; _builder_version=\u00bb4.16&#8243; _module_preset=\u00bbdefault\u00bb global_colors_info=\u00bb{}\u00bb][et_pb_image src=\u00bbhttps:\/\/museros.org\/wp-content\/uploads\/2021\/08\/logo-casacultura-200&#215;160-1.jpg\u00bb title_text=\u00bblogo-casacultura-200&#215;160&#8243; url=\u00bbhttps:\/\/museros.org\/inici\/casa-de-cultura-vl\u00bb use_overlay=\u00bbon\u00bb overlay_icon_color=\u00bb#E02B20&#8243; hover_overlay_color=\u00bbrgba(219,219,219,0.66)\u00bb hover_icon=\u00bb&#xe04d;||divi||400&#8243; align=\u00bbcenter\u00bb _builder_version=\u00bb4.16&#8243; _module_preset=\u00bbdefault\u00bb global_colors_info=\u00bb{}\u00bb][\/et_pb_image][\/et_pb_column][et_pb_column type=\u00bb3_4&#8243; _builder_version=\u00bb4.16&#8243; _module_preset=\u00bbdefault\u00bb global_colors_info=\u00bb{}\u00bb][et_pb_text _builder_version=\u00bb4.16&#8243; _module_preset=\u00bbdefault\u00bb global_colors_info=\u00bb{}\u00bb]<\/p>\n<h1>PROGRAMACI\u00d3 CULTURAL<\/h1>\n<h3>CASA DE CULTURA DE MUSEROS 2022<\/h3>\n<h4>MAR\u00c7<\/h4>\n<p>5, dissabte, a les 20.00 h<br \/><strong>AGUA<\/strong><br \/>Espectacle juvenil i adult<br \/>SaludArte Teatre<\/p>\n<h4>ABRIL<\/h4>\n<p>2, dissabte, a les 19.00 h<br \/><strong>PA\u00dcRA<\/strong><br \/>Espectacle familiar<br \/>Companyia Lucas Escobedo<br \/>*Premi Millor Espectacle de Circ de les Arts Esc\u00e8niques Valencianes 2021<\/p>\n<p>10, diumenge, a les 12.00 h<br \/><strong>PERE I EL LLOP I LA SIMFONIA DELS JOGUETS<\/strong><br \/>Concert infantil teatralitzat Societat Uni\u00f3 Musical de Museros i Maria Colomer<\/p>\n<h4>MAIG<\/h4>\n<p>13, divendres, a les 22.30 h<br \/><strong>TENDUR MON AMOUR<\/strong><br \/>Mon\u00f2legs<br \/>Maria Juan i Toni de l\u2019Hostal<\/p>\n<p>21, dissabte, a les 20.00 h<br \/><strong>CONCERT DE CORDA BANDES SONORES<\/strong><br \/>Tots els p\u00fablics<br \/>Quartet de Corda Val\u00e8ncia<\/p>\n<p>29, diumenge, a les 12.00 h<br \/><strong>PINOTXO, UN MUSICAL D\u2019AVENTURES<\/strong><br \/>Espectacle infantil<br \/>Trencad\u00eds Teatre<\/p>\n<h4>JUNY<\/h4>\n<p>18, dissabte, a les 19.00 h<br \/><strong>REBEL\u00b7LI\u00d3<\/strong><br \/>Espectacle familiar<br \/>Marea Danza<br \/>*Premi Millor Espectacle per a Xiquetes i Xiquets de les Arts Esc\u00e8niques Valencianes 2021<\/p>\n<p>Entrades i informaci\u00f3 a la Casa de Cultura o al web<br \/><a href=\"http:\/\/www.agendamuseros.com%20\" target=\"_blank\" rel=\"noopener\">www.agendamuseros.com<\/a><\/p>\n<p>&nbsp;<\/p>\n<p>&nbsp;<\/p>\n<p>[\/et_pb_text][\/et_pb_column][\/et_pb_row][et_pb_row _builder_version=\u00bb4.16&#8243; _module_preset=\u00bbdefault\u00bb global_colors_info=\u00bb{}\u00bb][et_pb_column type=\u00bb4_4&#8243; _builder_version=\u00bb4.16&#8243; _module_preset=\u00bbdefault\u00bb global_colors_info=\u00bb{}\u00bb][et_pb_divider color=\u00bb#E02B20&#8243; divider_weight=\u00bb4px\u00bb _builder_version=\u00bb4.16&#8243; _module_preset=\u00bbdefault\u00bb global_colors_info=\u00bb{}\u00bb][\/et_pb_divider][\/et_pb_column][\/et_pb_row][\/et_pb_section]<\/p>\n","protected":false},"excerpt":{"rendered":"<p>PROGRAMACI\u00d3 CULTURAL CASA DE CULTURA DE MUSEROS 2022 MAR\u00c7 5, dissabte, a les 20.00 hAGUAEspectacle juvenil i adultSaludArte Teatre ABRIL 2, dissabte, a les 19.00 hPA\u00dcRAEspectacle familiarCompanyia Lucas Escobedo*Premi Millor Espectacle de Circ de les Arts Esc\u00e8niques Valencianes 2021 10, diumenge, a les 12.00 hPERE I EL LLOP I LA SIMFONIA DELS JOGUETSConcert infantil teatralitzat [&hellip;]<\/p>\n","protected":false},"author":8,"featured_media":0,"parent":0,"menu_order":0,"comment_status":"closed","ping_status":"closed","template":"","meta":{"_et_pb_use_builder":"on","_et_pb_old_content":"","_et_gb_content_width":"","_mc_calendar":[],"footnotes":""},"wf_page_folders":[382],"class_list":["post-253139","page","type-page","status-publish","hentry"],"_links":{"self":[{"href":"https:\/\/museros.org\/inici\/wp-json\/wp\/v2\/pages\/253139","targetHints":{"allow":["GET"]}}],"collection":[{"href":"https:\/\/museros.org\/inici\/wp-json\/wp\/v2\/pages"}],"about":[{"href":"https:\/\/museros.org\/inici\/wp-json\/wp\/v2\/types\/page"}],"author":[{"embeddable":true,"href":"https:\/\/museros.org\/inici\/wp-json\/wp\/v2\/users\/8"}],"replies":[{"embeddable":true,"href":"https:\/\/museros.org\/inici\/wp-json\/wp\/v2\/comments?post=253139"}],"version-history":[{"count":9,"href":"https:\/\/museros.org\/inici\/wp-json\/wp\/v2\/pages\/253139\/revisions"}],"predecessor-version":[{"id":267850,"href":"https:\/\/museros.org\/inici\/wp-json\/wp\/v2\/pages\/253139\/revisions\/267850"}],"wp:attachment":[{"href":"https:\/\/museros.org\/inici\/wp-json\/wp\/v2\/media?parent=253139"}],"wp:term":[{"taxonomy":"wf_page_folders","embeddable":true,"href":"https:\/\/museros.org\/inici\/wp-json\/wp\/v2\/wf_page_folders?post=253139"}],"curies":[{"name":"wp","href":"https:\/\/api.w.org\/{rel}","templated":true}]}}