{"id":252999,"date":"2022-02-22T06:14:41","date_gmt":"2022-02-22T06:14:41","guid":{"rendered":"https:\/\/museros.org\/inici\/?page_id=252999"},"modified":"2022-04-17T13:56:02","modified_gmt":"2022-04-17T13:56:02","slug":"consells-esports","status":"publish","type":"page","link":"https:\/\/museros.org\/inici\/consells-esports\/","title":{"rendered":"Consells esports"},"content":{"rendered":"<p>[et_pb_section fb_built=\u00bb1&#8243; _builder_version=\u00bb4.16&#8243; _module_preset=\u00bbdefault\u00bb locked=\u00bboff\u00bb global_colors_info=\u00bb{}\u00bb][et_pb_row column_structure=\u00bb1_4,3_4&#8243; _builder_version=\u00bb4.16&#8243; _module_preset=\u00bbdefault\u00bb custom_margin=\u00bb0px||0px||false|false\u00bb custom_padding=\u00bb0px||0px||false|false\u00bb global_colors_info=\u00bb{}\u00bb][et_pb_column type=\u00bb1_4&#8243; _builder_version=\u00bb4.16&#8243; _module_preset=\u00bbdefault\u00bb global_colors_info=\u00bb{}\u00bb][et_pb_image src=\u00bbhttps:\/\/museros.org\/wp-content\/uploads\/2021\/08\/logo-esports-cl-230&#215;180-1.jpg\u00bb title_text=\u00bblogo-esports-cl-230&#215;180&#8243; url=\u00bbhttps:\/\/museros.org\/inici\/area-desports\u00bb use_overlay=\u00bbon\u00bb overlay_icon_color=\u00bb#E02B20&#8243; hover_overlay_color=\u00bbrgba(255,255,255,0.69)\u00bb hover_icon=\u00bb&#xe04d;||divi||400&#8243; align=\u00bbcenter\u00bb _builder_version=\u00bb4.16&#8243; _module_preset=\u00bbdefault\u00bb width=\u00bb100%\u00bb module_alignment=\u00bbcenter\u00bb global_colors_info=\u00bb{}\u00bb][\/et_pb_image][\/et_pb_column][et_pb_column type=\u00bb3_4&#8243; _builder_version=\u00bb4.16&#8243; _module_preset=\u00bbdefault\u00bb global_colors_info=\u00bb{}\u00bb][et_pb_text _builder_version=\u00bb4.16&#8243; _module_preset=\u00bbdefault\u00bb global_colors_info=\u00bb{}\u00bb]<\/p>\n<h1>Consells<\/h1>\n<p>Caminar 30 minuts al dia \u00e9s suficient activitat f\u00edsica per a una persona?<br \/>Realment NO. Caminar \u00e9s un exercici amb una efici\u00e8ncia molt alta per al cos hum\u00e0, per la qual cosa no genera suficient activitat per a portar-nos beneficis. No obstant aix\u00f2, \u00e9s millor caminar 30 minuts al dia que no caminar res. El que \u00e9s interessant \u00e9s elevar les pulsacions i mantindre-les durant un per\u00edode de temps per a afectar-nos positivament. A continuaci\u00f3, tenim una imatge que explica la quantitat m\u00ednima d&#8217;exercici que haur\u00edem de practicar segons l\u2019edat:<\/p>\n<h3>Guia d&#8217;activitat f\u00edsica<\/h3>\n<p>Font: Public Health England<\/p>\n<p>[\/et_pb_text][\/et_pb_column][\/et_pb_row][et_pb_row column_structure=\u00bb1_3,1_3,1_3&#8243; _builder_version=\u00bb4.16&#8243; _module_preset=\u00bbdefault\u00bb custom_margin=\u00bb0px||0px||false|false\u00bb custom_padding=\u00bb0px||0px||false|false\u00bb global_colors_info=\u00bb{}\u00bb][et_pb_column type=\u00bb1_3&#8243; _builder_version=\u00bb4.16&#8243; _module_preset=\u00bbdefault\u00bb global_colors_info=\u00bb{}\u00bb][et_pb_image src=\u00bbhttps:\/\/museros.org\/wp-content\/uploads\/2022\/02\/consells-01-vl.jpg\u00bb title_text=\u00bbconsells-01-vl\u00bb align=\u00bbcenter\u00bb _builder_version=\u00bb4.16&#8243; _module_preset=\u00bbdefault\u00bb global_colors_info=\u00bb{}\u00bb][\/et_pb_image][\/et_pb_column][et_pb_column type=\u00bb1_3&#8243; _builder_version=\u00bb4.16&#8243; _module_preset=\u00bbdefault\u00bb global_colors_info=\u00bb{}\u00bb][et_pb_image src=\u00bbhttps:\/\/museros.org\/wp-content\/uploads\/2022\/02\/consells-02-vl.jpg\u00bb title_text=\u00bbconsells-02-vl\u00bb align=\u00bbcenter\u00bb _builder_version=\u00bb4.16&#8243; _module_preset=\u00bbdefault\u00bb global_colors_info=\u00bb{}\u00bb][\/et_pb_image][\/et_pb_column][et_pb_column type=\u00bb1_3&#8243; _builder_version=\u00bb4.16&#8243; _module_preset=\u00bbdefault\u00bb global_colors_info=\u00bb{}\u00bb][et_pb_image src=\u00bbhttps:\/\/museros.org\/wp-content\/uploads\/2022\/02\/consells-03-vl.jpg\u00bb title_text=\u00bbconsells-03-vl\u00bb align=\u00bbcenter\u00bb _builder_version=\u00bb4.16&#8243; _module_preset=\u00bbdefault\u00bb global_colors_info=\u00bb{}\u00bb][\/et_pb_image][\/et_pb_column][\/et_pb_row][et_pb_row column_structure=\u00bb1_4,3_4&#8243; _builder_version=\u00bb4.16&#8243; _module_preset=\u00bbdefault\u00bb global_colors_info=\u00bb{}\u00bb][et_pb_column type=\u00bb1_4&#8243; _builder_version=\u00bb4.16&#8243; _module_preset=\u00bbdefault\u00bb global_colors_info=\u00bb{}\u00bb][\/et_pb_column][et_pb_column type=\u00bb3_4&#8243; _builder_version=\u00bb4.16&#8243; _module_preset=\u00bbdefault\u00bb global_colors_info=\u00bb{}\u00bb][et_pb_text _builder_version=\u00bb4.17.1&#8243; _module_preset=\u00bbdefault\u00bb hover_enabled=\u00bb0&#8243; global_colors_info=\u00bb{}\u00bb sticky_enabled=\u00bb0&#8243;]<\/p>\n<p>CANSAR-SE PRACTICANT UNA ACTIVITAT QUOTIDIANA \u00c9S SENYAL DE FER ACTIVITAT F\u00cdSICA?<br \/>Tasques com netejar, treballar dempeus, conduir, etc. encara que siguen activitats que cansen, no pugen les nostres pulsacions suficientment com per a considerar-se activitat f\u00edsica i, per tant, no tenen els beneficis associats a l&#8217;esport; fins i tot, poden contraproduents (mala posici\u00f3 corporal, massa temps dempeus o assegut\u2026).<\/p>\n<p>QU\u00c8 CONSTITUEIX ACTIVITAT AER\u00d2BICA MODERADA?<br \/>Caminar r\u00e0pidament, fer exercicis aer\u00f2bics en l&#8217;aigua, muntar amb bicicleta en terrenys plans o amb lleus costeres, jugar al tenis en dobles, espentar un tallagespa, fer senderisme, patinar o anar amb monopat\u00ed, jugar al voleibol o al b\u00e0squet.<\/p>\n<p>QU\u00c8 CONSTITUEIX ACTIVITAT DE GRAN INTENSITAT?<br \/>C\u00f3rrer, nadar de pressa, fer ciclisme de muntanya o a gran velocitat, jugar al tenis individualment, al futbol, al rugbi, a l&#8217;hoquei, saltar a la corda, fer exercici aer\u00f2bic, gimn\u00e0stica i arts marcials.<\/p>\n<p>Per aix\u00f2, els exercicis de gran intensitat s\u00f3n una bona soluci\u00f3 per a aquella gent que no dispose de molt de temps lliure o que preferisca resultats m\u00e9s r\u00e0pidament.<\/p>\n<p>[\/et_pb_text][\/et_pb_column][\/et_pb_row][et_pb_row _builder_version=\u00bb4.16&#8243; _module_preset=\u00bbdefault\u00bb global_colors_info=\u00bb{}\u00bb][et_pb_column type=\u00bb4_4&#8243; _builder_version=\u00bb4.16&#8243; _module_preset=\u00bbdefault\u00bb global_colors_info=\u00bb{}\u00bb][et_pb_divider color=\u00bb#E02B20&#8243; divider_weight=\u00bb4px\u00bb _builder_version=\u00bb4.16&#8243; _module_preset=\u00bbdefault\u00bb global_colors_info=\u00bb{}\u00bb][\/et_pb_divider][\/et_pb_column][\/et_pb_row][\/et_pb_section]<\/p>\n","protected":false},"excerpt":{"rendered":"<p>Consells Caminar 30 minuts al dia \u00e9s suficient activitat f\u00edsica per a una persona?Realment NO. Caminar \u00e9s un exercici amb una efici\u00e8ncia molt alta per al cos hum\u00e0, per la qual cosa no genera suficient activitat per a portar-nos beneficis. No obstant aix\u00f2, \u00e9s millor caminar 30 minuts al dia que no caminar res. El [&hellip;]<\/p>\n","protected":false},"author":8,"featured_media":0,"parent":0,"menu_order":0,"comment_status":"closed","ping_status":"closed","template":"","meta":{"_et_pb_use_builder":"on","_et_pb_old_content":"","_et_gb_content_width":"","_mc_calendar":[],"footnotes":""},"wf_page_folders":[297],"class_list":["post-252999","page","type-page","status-publish","hentry"],"_links":{"self":[{"href":"https:\/\/museros.org\/inici\/wp-json\/wp\/v2\/pages\/252999","targetHints":{"allow":["GET"]}}],"collection":[{"href":"https:\/\/museros.org\/inici\/wp-json\/wp\/v2\/pages"}],"about":[{"href":"https:\/\/museros.org\/inici\/wp-json\/wp\/v2\/types\/page"}],"author":[{"embeddable":true,"href":"https:\/\/museros.org\/inici\/wp-json\/wp\/v2\/users\/8"}],"replies":[{"embeddable":true,"href":"https:\/\/museros.org\/inici\/wp-json\/wp\/v2\/comments?post=252999"}],"version-history":[{"count":6,"href":"https:\/\/museros.org\/inici\/wp-json\/wp\/v2\/pages\/252999\/revisions"}],"predecessor-version":[{"id":258196,"href":"https:\/\/museros.org\/inici\/wp-json\/wp\/v2\/pages\/252999\/revisions\/258196"}],"wp:attachment":[{"href":"https:\/\/museros.org\/inici\/wp-json\/wp\/v2\/media?parent=252999"}],"wp:term":[{"taxonomy":"wf_page_folders","embeddable":true,"href":"https:\/\/museros.org\/inici\/wp-json\/wp\/v2\/wf_page_folders?post=252999"}],"curies":[{"name":"wp","href":"https:\/\/api.w.org\/{rel}","templated":true}]}}