{"id":252990,"date":"2022-02-22T05:41:47","date_gmt":"2022-02-22T05:41:47","guid":{"rendered":"https:\/\/museros.org\/inici\/?page_id=252990"},"modified":"2022-04-17T14:25:48","modified_gmt":"2022-04-17T14:25:48","slug":"forum-del-deporte","status":"publish","type":"page","link":"https:\/\/museros.org\/inici\/es\/forum-del-deporte\/","title":{"rendered":"For\u00fam del deporte"},"content":{"rendered":"<p>[et_pb_section fb_built=\u00bb1&#8243; _builder_version=\u00bb4.16&#8243; _module_preset=\u00bbdefault\u00bb locked=\u00bboff\u00bb global_colors_info=\u00bb{}\u00bb][et_pb_row column_structure=\u00bb1_4,3_4&#8243; _builder_version=\u00bb4.16&#8243; _module_preset=\u00bbdefault\u00bb custom_margin=\u00bb1px|auto||auto|false|false\u00bb custom_padding=\u00bb0px||||false|false\u00bb global_colors_info=\u00bb{}\u00bb][et_pb_column type=\u00bb1_4&#8243; _builder_version=\u00bb4.16&#8243; _module_preset=\u00bbdefault\u00bb global_colors_info=\u00bb{}\u00bb][et_pb_image src=\u00bbhttps:\/\/museros.org\/wp-content\/uploads\/2022\/03\/forum-esport-230&#215;180-1.jpg\u00bb title_text=\u00bbforum-esport-230&#215;180&#8243; url=\u00bbhttps:\/\/museros.org\/inici\/area-de-deportes\u00bb use_overlay=\u00bbon\u00bb overlay_icon_color=\u00bb#E02B20&#8243; hover_overlay_color=\u00bbrgba(255,255,255,0.69)\u00bb hover_icon=\u00bb&#xe04d;||divi||400&#8243; _builder_version=\u00bb4.16&#8243; _module_preset=\u00bbdefault\u00bb width=\u00bb70%\u00bb module_alignment=\u00bbcenter\u00bb global_colors_info=\u00bb{}\u00bb][\/et_pb_image][\/et_pb_column][et_pb_column type=\u00bb3_4&#8243; _builder_version=\u00bb4.16&#8243; _module_preset=\u00bbdefault\u00bb global_colors_info=\u00bb{}\u00bb][et_pb_text _builder_version=\u00bb4.16&#8243; _module_preset=\u00bbdefault\u00bb global_colors_info=\u00bb{}\u00bb]<\/p>\n<h1>F\u00f2rum de l\u2019Esport<\/h1>\n<p>Con el objetivo de estructurar, planificar, potenciar e impulsar el deporte en el municipio de Museros, se cre\u00f3 en abril de 2021 el F\u00f3rum de l\u2019Esport de Museros.<br \/>La finalidad de este \u00f3rgano es dar voz, participaci\u00f3n y opini\u00f3n a todos los agentes deportivos locales para construir, hacer crecer e implantar medidas deportivas locales en todos los \u00e1mbitos y edades, haciendo un especial \u00e9nfasis en la poblaci\u00f3n infantil y escolar, y con la colaboraci\u00f3n de los clubes y asociaciones deportivas locales como generadores y desarrolladores de la pr\u00e1ctica deportiva.<br \/>Las l\u00edneas b\u00e1sicas de trabajo del F\u00f3rum de l\u2019Esport son las siguientes:<br \/>&#8211; Espacio multi deportivo, variado y diverso.<br \/>&#8211; Accesibilidad total a todos los ciudadanos, para llegar a la mayor parte de la poblaci\u00f3n.<br \/>&#8211; Transparencia y cumplimiento de la normativa y aspectos legales.<br \/>&#8211; Cohesi\u00f3n, uni\u00f3n y actuaci\u00f3n conjunta del deporte local.<br \/>&#8211; Tener voz en las decisiones que se adopten a nivel deportivo.<br \/>Clubs, asociaciones y agentes deportivos locales que forman parte del F\u00f3rum de l\u2019Esport de Museros:<br \/>\u2022 \u00c1rea de Deportes del Ayuntamiento de Museros.<br \/>\u2022 A.M.P.A del C.E.I.P. Blasco Ib\u00e1\u00f1ez.<br \/>\u2022 Asociaci\u00f3n de Seguridad y Autodefensa de Valencia (ASAV).<br \/>\u2022 Club Ciclista Pascual Bolea.<br \/>\u2022 CB Estudiantes de Museros.<br \/>\u2022 Club de Pelota Valenciana Museros.<br \/>\u2022 Museros CF.<br \/>\u2022 Grupo recreativo deportivo &#8216;Grup de C\u00f3rrer&#8217; Museros.<br \/>\u2022 Pe\u00f1a Ciclista Museros.<br \/>\u2022 &#8216;Xiques-Bici&#8217; Museros.<br \/>\u2022 &#8216;Boix Team&#8217;.<\/p>\n<p>[\/et_pb_text][\/et_pb_column][\/et_pb_row][et_pb_row _builder_version=\u00bb4.16&#8243; _module_preset=\u00bbdefault\u00bb global_colors_info=\u00bb{}\u00bb][et_pb_column type=\u00bb4_4&#8243; _builder_version=\u00bb4.16&#8243; _module_preset=\u00bbdefault\u00bb global_colors_info=\u00bb{}\u00bb][et_pb_divider color=\u00bb#E02B20&#8243; divider_weight=\u00bb4px\u00bb _builder_version=\u00bb4.16&#8243; _module_preset=\u00bbdefault\u00bb global_colors_info=\u00bb{}\u00bb][\/et_pb_divider][\/et_pb_column][\/et_pb_row][\/et_pb_section]<\/p>\n","protected":false},"excerpt":{"rendered":"<p>F\u00f2rum de l\u2019Esport Con el objetivo de estructurar, planificar, potenciar e impulsar el deporte en el municipio de Museros, se cre\u00f3 en abril de 2021 el F\u00f3rum de l\u2019Esport de Museros.La finalidad de este \u00f3rgano es dar voz, participaci\u00f3n y opini\u00f3n a todos los agentes deportivos locales para construir, hacer crecer e implantar medidas deportivas [&hellip;]<\/p>\n","protected":false},"author":8,"featured_media":0,"parent":0,"menu_order":0,"comment_status":"closed","ping_status":"closed","template":"","meta":{"_et_pb_use_builder":"on","_et_pb_old_content":"","_et_gb_content_width":"","_mc_calendar":[],"footnotes":""},"wf_page_folders":[297],"class_list":["post-252990","page","type-page","status-publish","hentry"],"_links":{"self":[{"href":"https:\/\/museros.org\/inici\/wp-json\/wp\/v2\/pages\/252990","targetHints":{"allow":["GET"]}}],"collection":[{"href":"https:\/\/museros.org\/inici\/wp-json\/wp\/v2\/pages"}],"about":[{"href":"https:\/\/museros.org\/inici\/wp-json\/wp\/v2\/types\/page"}],"author":[{"embeddable":true,"href":"https:\/\/museros.org\/inici\/wp-json\/wp\/v2\/users\/8"}],"replies":[{"embeddable":true,"href":"https:\/\/museros.org\/inici\/wp-json\/wp\/v2\/comments?post=252990"}],"version-history":[{"count":7,"href":"https:\/\/museros.org\/inici\/wp-json\/wp\/v2\/pages\/252990\/revisions"}],"predecessor-version":[{"id":258210,"href":"https:\/\/museros.org\/inici\/wp-json\/wp\/v2\/pages\/252990\/revisions\/258210"}],"wp:attachment":[{"href":"https:\/\/museros.org\/inici\/wp-json\/wp\/v2\/media?parent=252990"}],"wp:term":[{"taxonomy":"wf_page_folders","embeddable":true,"href":"https:\/\/museros.org\/inici\/wp-json\/wp\/v2\/wf_page_folders?post=252990"}],"curies":[{"name":"wp","href":"https:\/\/api.w.org\/{rel}","templated":true}]}}

Forúm del deporte

<p>[et_pb_section fb_built=»1&#8243; _builder_version=»4.16&#8243; _module_preset=»default» locked=»off» global_colors_info=»{}»][et_pb_row column_structure=»1_4,3_4&#8243; _builder_version=»4.16&#8243; _module_preset=»default» custom_margin=»1px|auto||auto|false|false» custom_padding=»0px||||false|false» global_colors_info=»{}»][et_pb_column type=»1_4&#8243; _builder_version=»4.16&#8243; _module_preset=»default» global_colors_info=»{}»][et_pb_image src=»https://museros.org/wp-content/uploads/2022/03/forum-esport-230&#215;180-1.jpg» title_text=»forum-esport-230&#215;180&#8243; url=»https://museros.org/inici/area-de-deportes» use_overlay=»on» overlay_icon_color=»#E02B20&#8243; hover_overlay_color=»rgba(255,255,255,0.69)» hover_icon=»&#xe04d;||divi||400&#8243; _builder_version=»4.16&#8243; _module_preset=»default» width=»70%» module_alignment=»center» global_colors_info=»{}»][/et_pb_image][/et_pb_column][et_pb_column type=»3_4&#8243; _builder_version=»4.16&#8243; _module_preset=»default» global_colors_info=»{}»][et_pb_text _builder_version=»4.16&#8243; _module_preset=»default» global_colors_info=»{}»]</p>
<h1>Fòrum de l’Esport</h1>
<p>Con el objetivo de estructurar, planificar, potenciar e impulsar el deporte en el municipio de Museros, se creó en abril de 2021 el Fórum de l’Esport de Museros.<br />La finalidad de este órgano es dar voz, participación y opinión a todos los agentes deportivos locales para construir, hacer crecer e implantar medidas deportivas locales en todos los ámbitos y edades, haciendo un especial énfasis en la población infantil y escolar, y con la colaboración de los clubes y asociaciones deportivas locales como generadores y desarrolladores de la práctica deportiva.<br />Las líneas básicas de trabajo del Fórum de l’Esport son las siguientes:<br />&#8211; Espacio multi deportivo, variado y diverso.<br />&#8211; Accesibilidad total a todos los ciudadanos, para llegar a la mayor parte de la población.<br />&#8211; Transparencia y cumplimiento de la normativa y aspectos legales.<br />&#8211; Cohesión, unión y actuación conjunta del deporte local.<br />&#8211; Tener voz en las decisiones que se adopten a nivel deportivo.<br />Clubs, asociaciones y agentes deportivos locales que forman parte del Fórum de l’Esport de Museros:<br />• Área de Deportes del Ayuntamiento de Museros.<br />• A.M.P.A del C.E.I.P. Blasco Ibáñez.<br />• Asociación de Seguridad y Autodefensa de Valencia (ASAV).<br />• Club Ciclista Pascual Bolea.<br />• CB Estudiantes de Museros.<br />• Club de Pelota Valenciana Museros.<br />• Museros CF.<br />• Grupo recreativo deportivo &#8216;Grup de Córrer&#8217; Museros.<br />• Peña Ciclista Museros.<br />• &#8216;Xiques-Bici&#8217; Museros.<br />• &#8216;Boix Team&#8217;.</p>
<p>[/et_pb_text][/et_pb_column][/et_pb_row][et_pb_row _builder_version=»4.16&#8243; _module_preset=»default» global_colors_info=»{}»][et_pb_column type=»4_4&#8243; _builder_version=»4.16&#8243; _module_preset=»default» global_colors_info=»{}»][et_pb_divider color=»#E02B20&#8243; divider_weight=»4px» _builder_version=»4.16&#8243; _module_preset=»default» global_colors_info=»{}»][/et_pb_divider][/et_pb_column][/et_pb_row][/et_pb_section]</p>

<p>Fòrum de l’Esport Con el objetivo de estructurar, planificar, potenciar e impulsar el deporte en el municipio de Museros, se creó en abril de 2021 el Fórum de l’Esport de Museros.La finalidad de este órgano es dar voz, participación y opinión a todos los agentes deportivos locales para construir, hacer crecer e implantar medidas deportivas [&hellip;]</p>
