{"id":251757,"date":"2021-12-26T12:49:33","date_gmt":"2021-12-26T12:49:33","guid":{"rendered":"https:\/\/museros.org\/inici\/?page_id=251757"},"modified":"2022-01-27T17:11:08","modified_gmt":"2022-01-27T17:11:08","slug":"2e-cinquena-reunio","status":"publish","type":"page","link":"https:\/\/museros.org\/inici\/2e-cinquena-reunio\/","title":{"rendered":"2e Cinquena reuni\u00f3"},"content":{"rendered":"<p>[et_pb_section fb_built=\u00bb1&#8243; _builder_version=\u00bb4.10.4&#8243; _module_preset=\u00bbdefault\u00bb custom_margin=\u00bb0px||||false|false\u00bb custom_padding=\u00bb0px||||false|false\u00bb locked=\u00bboff\u00bb global_colors_info=\u00bb{}\u00bb][et_pb_row column_structure=\u00bb1_3,2_3&#8243; _builder_version=\u00bb4.10.4&#8243; _module_preset=\u00bbdefault\u00bb custom_margin=\u00bb0px||||false|false\u00bb custom_padding=\u00bb0px||||false|false\u00bb global_colors_info=\u00bb{}\u00bb][et_pb_column type=\u00bb1_3&#8243; _builder_version=\u00bb4.6.5&#8243; _module_preset=\u00bbdefault\u00bb global_colors_info=\u00bb{}\u00bb][et_pb_image src=\u00bbhttps:\/\/museros.org\/wp-content\/uploads\/2021\/06\/logo-forumvecinal-230&#215;180-1.jpg\u00bb title_text=\u00bblogo-forumvecinal-230&#215;180&#8243; url=\u00bbhttps:\/\/museros.org\/inici\/forum-veinal\/\u00bb use_overlay=\u00bbon\u00bb overlay_icon_color=\u00bb#E02B20&#8243; hover_overlay_color=\u00bbrgba(255,255,255,0.7)\u00bb hover_icon=\u00bb&#xe04d;||divi||400&#8243; align=\u00bbcenter\u00bb admin_label=\u00bblogo forum vecinal\u00bb _builder_version=\u00bb4.14.4&#8243; _module_preset=\u00bbdefault\u00bb width_tablet=\u00bb\u00bb width_phone=\u00bb100%\u00bb width_last_edited=\u00bbon|desktop\u00bb custom_margin=\u00bb60px||||false|false\u00bb custom_margin_tablet=\u00bb\u00bb custom_margin_phone=\u00bb0px||||false|false\u00bb custom_margin_last_edited=\u00bbon|desktop\u00bb locked=\u00bboff\u00bb global_colors_info=\u00bb{}\u00bb src__hover_enabled=\u00bbon|desktop\u00bb src__hover=\u00bbhttps:\/\/museros.org\/wp-content\/uploads\/2021\/06\/logo-forumvecinal-230&#215;180-1.jpg\u00bb][\/et_pb_image][\/et_pb_column][et_pb_column type=\u00bb2_3&#8243; _builder_version=\u00bb4.6.5&#8243; _module_preset=\u00bbdefault\u00bb global_colors_info=\u00bb{}\u00bb][et_pb_text _builder_version=\u00bb4.14.4&#8243; _module_preset=\u00bbdefault\u00bb global_colors_info=\u00bb{}\u00bb]<\/p>\n<h3>Segona edici\u00f3<\/h3>\n<h1>Cinquena reuni\u00f3<\/h1>\n<h5>2021<\/h5>\n<p>[\/et_pb_text][et_pb_image src=\u00bbhttps:\/\/museros.org\/wp-content\/uploads\/2021\/12\/2e-5a-reunio-forum.jpg\u00bb title_text=\u00bb2e-5a-reunio-forum\u00bb _builder_version=\u00bb4.14.4&#8243; _module_preset=\u00bbdefault\u00bb custom_margin=\u00bb30px||30px||false|false\u00bb global_colors_info=\u00bb{}\u00bb][\/et_pb_image][et_pb_text _builder_version=\u00bb4.14.7&#8243; _module_preset=\u00bbdefault\u00bb hover_enabled=\u00bb0&#8243; sticky_enabled=\u00bb0&#8243;]<\/p>\n<p>El passat dilluns, 13 de desembre de 2021, a les 19.00 h de la vesprada, va tindre lloc la cinquena reuni\u00f3 del II F\u00f2rum Ve\u00efnal de Museros a la Casa de Cultura, tot acomplint les mesures sociosanit\u00e0ries de dist\u00e0ncia interpersonal i d\u2019\u00fas de mascareta.<br \/>Els objectius de la sessi\u00f3 van ser:<br \/>1. Fer seguiment del comprom\u00eds de l\u2019Equip de Govern sobre les necessitats detectades en el proc\u00e9s de diagn\u00f2stic de salut pel F\u00f2rum Ve\u00efnal i l\u2019equip t\u00e8cnic.<br \/>2. Refermar el marc conceptual i la l\u00ednia de comunicaci\u00f3 gr\u00e0fica de l\u2019acci\u00f3 p\u00fablica que impulsar\u00e0 el F\u00f2rum Ve\u00efnal en la primavera de 2022: la xarxa d\u2019espais acollidors.<br \/>1. Devoluci\u00f3 de l\u2019Equip de Govern pel que fa al diagn\u00f2stic<br \/>Les dinamitzadores van recordar, als i les membres del F\u00f2rum, que s\u2019havia portat a terme una reuni\u00f3 amb l\u2019Equip de Govern en la qual es va exposar el diagn\u00f2stic desenvolupat pel F\u00f2rum i de la Mesa T\u00e8cnica Intersectorial al llarg de 2022, i llavors les persones representants de cada regidoria van informar sobre les q\u00fcestions que ja els constaven i de les previsions o opcions d\u2019actuaci\u00f3 en cada \u00e0mbit.<br \/>A partir d\u2019aquest retorn, el F\u00f2rum Ve\u00efnal va proposar, en la sessi\u00f3, que l\u2019Ajuntament es comprometa en l\u2019any 2022 a:<br \/>1. Continuar amb la millora de l&#8217;accessibilitat dels espais p\u00fablics de la localitat, prioritzant la connexi\u00f3 entre Museros i la Venta, i els entorns d&#8217;equipaments p\u00fablics transitats quotidianament, com ara el Centre de Salut o els centres escolars.<br \/>2. Organitzar un curs o taller sobre algun tema d&#8217;actualitat vinculat a la salut mental (com reduir o controlar l&#8217;ansietat, com gestionar la incertesa i la por arran la COVID-19&#8230;).<br \/>3. Incloure en el Pla jove municipal alguna acci\u00f3 relacionada amb la promoci\u00f3 de l&#8217;educaci\u00f3 sexoafectiva amb perspectiva de g\u00e8nere.<br \/>4. Impulsar accions que fomenten la sociabilitat i l&#8217;autonomia de la gent gran (xarxa d&#8217;espais acollidors, activitats i trobades&#8230;).<br \/>En \u00faltim terme, es va fer esment a un altre tipus d\u2019accions que es podrien desenvolupar a mitj\u00e0 o llarg terminis, com ara emetre una campanya sobre la contaminaci\u00f3 ac\u00fastica i com afecta a la salut.<br \/>2. Espais acollidors<br \/>El F\u00f2rum Ve\u00efnal va rebre la segona proposta gr\u00e0fica de la campanya, que esbossa juntament amb l\u2019estudi gr\u00e0fic El Gos Pigall, en un expedient de comunicaci\u00f3 cont\u00ednua mitjan\u00e7ant les dinamitzadores del F\u00f2rum.<br \/>En aquesta ocasi\u00f3, el F\u00f2rum va valorar molt positivament les variacions de l\u2019esb\u00f3s basades en els \u00faltims consensos (color, tipografia, simbologia&#8230;) i es va seguir la reflexi\u00f3 proposada per El Gos Pigall sobre qu\u00e8 comporta d\u2019inclusiu-exclusiu fer \u00fas d\u2019icones, de manera que el disseny final continua en proc\u00e9s col\u00b7lectivitzat.<br \/>Finalment, l\u2019equip dinamitzador va recordar el calendari de preparaci\u00f3 de l\u2019acci\u00f3 que contempla una sessi\u00f3 m\u00e9s de treball amb el F\u00f2rum i una reuni\u00f3 amb els comer\u00e7os muserencs i associacions amb seu f\u00edsica per a despr\u00e9s de Nadal. Paral\u00b7lelament, es mantindran reunions t\u00e8cniques per avan\u00e7ar q\u00fcestions log\u00edstiques i fer sinergia amb altres agents del poble que puguen enriquir la proposta.<\/p>\n<p>[\/et_pb_text][\/et_pb_column][\/et_pb_row][et_pb_row _builder_version=\u00bb4.6.5&#8243; _module_preset=\u00bbdefault\u00bb global_colors_info=\u00bb{}\u00bb][et_pb_column type=\u00bb4_4&#8243; _builder_version=\u00bb4.6.5&#8243; _module_preset=\u00bbdefault\u00bb global_colors_info=\u00bb{}\u00bb][et_pb_divider color=\u00bb#cc0000&#8243; divider_weight=\u00bb4px\u00bb _builder_version=\u00bb4.6.5&#8243; _module_preset=\u00bbdefault\u00bb global_colors_info=\u00bb{}\u00bb][\/et_pb_divider][\/et_pb_column][\/et_pb_row][\/et_pb_section]<\/p>\n","protected":false},"excerpt":{"rendered":"<p>Segona edici\u00f3 Cinquena reuni\u00f3 2021El passat dilluns, 13 de desembre de 2021, a les 19.00 h de la vesprada, va tindre lloc la cinquena reuni\u00f3 del II F\u00f2rum Ve\u00efnal de Museros a la Casa de Cultura, tot acomplint les mesures sociosanit\u00e0ries de dist\u00e0ncia interpersonal i d\u2019\u00fas de mascareta.Els objectius de la sessi\u00f3 van ser:1. Fer [&hellip;]<\/p>\n","protected":false},"author":8,"featured_media":0,"parent":0,"menu_order":0,"comment_status":"closed","ping_status":"closed","template":"","meta":{"_et_pb_use_builder":"on","_et_pb_old_content":"","_et_gb_content_width":"","_mc_calendar":[],"footnotes":""},"wf_page_folders":[1066],"class_list":["post-251757","page","type-page","status-publish","hentry"],"_links":{"self":[{"href":"https:\/\/museros.org\/inici\/wp-json\/wp\/v2\/pages\/251757","targetHints":{"allow":["GET"]}}],"collection":[{"href":"https:\/\/museros.org\/inici\/wp-json\/wp\/v2\/pages"}],"about":[{"href":"https:\/\/museros.org\/inici\/wp-json\/wp\/v2\/types\/page"}],"author":[{"embeddable":true,"href":"https:\/\/museros.org\/inici\/wp-json\/wp\/v2\/users\/8"}],"replies":[{"embeddable":true,"href":"https:\/\/museros.org\/inici\/wp-json\/wp\/v2\/comments?post=251757"}],"version-history":[{"count":3,"href":"https:\/\/museros.org\/inici\/wp-json\/wp\/v2\/pages\/251757\/revisions"}],"predecessor-version":[{"id":252042,"href":"https:\/\/museros.org\/inici\/wp-json\/wp\/v2\/pages\/251757\/revisions\/252042"}],"wp:attachment":[{"href":"https:\/\/museros.org\/inici\/wp-json\/wp\/v2\/media?parent=251757"}],"wp:term":[{"taxonomy":"wf_page_folders","embeddable":true,"href":"https:\/\/museros.org\/inici\/wp-json\/wp\/v2\/wf_page_folders?post=251757"}],"curies":[{"name":"wp","href":"https:\/\/api.w.org\/{rel}","templated":true}]}}

2e Cinquena reunió

<p>[et_pb_section fb_built=»1&#8243; _builder_version=»4.10.4&#8243; _module_preset=»default» custom_margin=»0px||||false|false» custom_padding=»0px||||false|false» locked=»off» global_colors_info=»{}»][et_pb_row column_structure=»1_3,2_3&#8243; _builder_version=»4.10.4&#8243; _module_preset=»default» custom_margin=»0px||||false|false» custom_padding=»0px||||false|false» global_colors_info=»{}»][et_pb_column type=»1_3&#8243; _builder_version=»4.6.5&#8243; _module_preset=»default» global_colors_info=»{}»][et_pb_image src=»https://museros.org/wp-content/uploads/2021/06/logo-forumvecinal-230&#215;180-1.jpg» title_text=»logo-forumvecinal-230&#215;180&#8243; url=»https://museros.org/inici/forum-veinal/» use_overlay=»on» overlay_icon_color=»#E02B20&#8243; hover_overlay_color=»rgba(255,255,255,0.7)» hover_icon=»&#xe04d;||divi||400&#8243; align=»center» admin_label=»logo forum vecinal» _builder_version=»4.14.4&#8243; _module_preset=»default» width_tablet=»» width_phone=»100%» width_last_edited=»on|desktop» custom_margin=»60px||||false|false» custom_margin_tablet=»» custom_margin_phone=»0px||||false|false» custom_margin_last_edited=»on|desktop» locked=»off» global_colors_info=»{}» src__hover_enabled=»on|desktop» src__hover=»https://museros.org/wp-content/uploads/2021/06/logo-forumvecinal-230&#215;180-1.jpg»][/et_pb_image][/et_pb_column][et_pb_column type=»2_3&#8243; _builder_version=»4.6.5&#8243; _module_preset=»default» global_colors_info=»{}»][et_pb_text _builder_version=»4.14.4&#8243; _module_preset=»default» global_colors_info=»{}»]</p>
<h3>Segona edició</h3>
<h1>Cinquena reunió</h1>
<h5>2021</h5>
<p>[/et_pb_text][et_pb_image src=»https://museros.org/wp-content/uploads/2021/12/2e-5a-reunio-forum.jpg» title_text=»2e-5a-reunio-forum» _builder_version=»4.14.4&#8243; _module_preset=»default» custom_margin=»30px||30px||false|false» global_colors_info=»{}»][/et_pb_image][et_pb_text _builder_version=»4.14.7&#8243; _module_preset=»default» hover_enabled=»0&#8243; sticky_enabled=»0&#8243;]</p>
<p>El passat dilluns, 13 de desembre de 2021, a les 19.00 h de la vesprada, va tindre lloc la cinquena reunió del II Fòrum Veïnal de Museros a la Casa de Cultura, tot acomplint les mesures sociosanitàries de distància interpersonal i d’ús de mascareta.<br />Els objectius de la sessió van ser:<br />1. Fer seguiment del compromís de l’Equip de Govern sobre les necessitats detectades en el procés de diagnòstic de salut pel Fòrum Veïnal i l’equip tècnic.<br />2. Refermar el marc conceptual i la línia de comunicació gràfica de l’acció pública que impulsarà el Fòrum Veïnal en la primavera de 2022: la xarxa d’espais acollidors.<br />1. Devolució de l’Equip de Govern pel que fa al diagnòstic<br />Les dinamitzadores van recordar, als i les membres del Fòrum, que s’havia portat a terme una reunió amb l’Equip de Govern en la qual es va exposar el diagnòstic desenvolupat pel Fòrum i de la Mesa Tècnica Intersectorial al llarg de 2022, i llavors les persones representants de cada regidoria van informar sobre les qüestions que ja els constaven i de les previsions o opcions d’actuació en cada àmbit.<br />A partir d’aquest retorn, el Fòrum Veïnal va proposar, en la sessió, que l’Ajuntament es comprometa en l’any 2022 a:<br />1. Continuar amb la millora de l&#8217;accessibilitat dels espais públics de la localitat, prioritzant la connexió entre Museros i la Venta, i els entorns d&#8217;equipaments públics transitats quotidianament, com ara el Centre de Salut o els centres escolars.<br />2. Organitzar un curs o taller sobre algun tema d&#8217;actualitat vinculat a la salut mental (com reduir o controlar l&#8217;ansietat, com gestionar la incertesa i la por arran la COVID-19&#8230;).<br />3. Incloure en el Pla jove municipal alguna acció relacionada amb la promoció de l&#8217;educació sexoafectiva amb perspectiva de gènere.<br />4. Impulsar accions que fomenten la sociabilitat i l&#8217;autonomia de la gent gran (xarxa d&#8217;espais acollidors, activitats i trobades&#8230;).<br />En últim terme, es va fer esment a un altre tipus d’accions que es podrien desenvolupar a mitjà o llarg terminis, com ara emetre una campanya sobre la contaminació acústica i com afecta a la salut.<br />2. Espais acollidors<br />El Fòrum Veïnal va rebre la segona proposta gràfica de la campanya, que esbossa juntament amb l’estudi gràfic El Gos Pigall, en un expedient de comunicació contínua mitjançant les dinamitzadores del Fòrum.<br />En aquesta ocasió, el Fòrum va valorar molt positivament les variacions de l’esbós basades en els últims consensos (color, tipografia, simbologia&#8230;) i es va seguir la reflexió proposada per El Gos Pigall sobre què comporta d’inclusiu-exclusiu fer ús d’icones, de manera que el disseny final continua en procés col·lectivitzat.<br />Finalment, l’equip dinamitzador va recordar el calendari de preparació de l’acció que contempla una sessió més de treball amb el Fòrum i una reunió amb els comerços muserencs i associacions amb seu física per a després de Nadal. Paral·lelament, es mantindran reunions tècniques per avançar qüestions logístiques i fer sinergia amb altres agents del poble que puguen enriquir la proposta.</p>
<p>[/et_pb_text][/et_pb_column][/et_pb_row][et_pb_row _builder_version=»4.6.5&#8243; _module_preset=»default» global_colors_info=»{}»][et_pb_column type=»4_4&#8243; _builder_version=»4.6.5&#8243; _module_preset=»default» global_colors_info=»{}»][et_pb_divider color=»#cc0000&#8243; divider_weight=»4px» _builder_version=»4.6.5&#8243; _module_preset=»default» global_colors_info=»{}»][/et_pb_divider][/et_pb_column][/et_pb_row][/et_pb_section]</p>

<p>Segona edició Cinquena reunió 2021El passat dilluns, 13 de desembre de 2021, a les 19.00 h de la vesprada, va tindre lloc la cinquena reunió del II Fòrum Veïnal de Museros a la Casa de Cultura, tot acomplint les mesures sociosanitàries de distància interpersonal i d’ús de mascareta.Els objectius de la sessió van ser:1. Fer [&hellip;]</p>
