{"id":251656,"date":"2021-12-26T08:42:55","date_gmt":"2021-12-26T08:42:55","guid":{"rendered":"https:\/\/museros.org\/inici\/?page_id=251656"},"modified":"2021-12-26T12:12:15","modified_gmt":"2021-12-26T12:12:15","slug":"2e-quarta-reunio","status":"publish","type":"page","link":"https:\/\/museros.org\/inici\/2e-quarta-reunio\/","title":{"rendered":"2e Quarta reuni\u00f3"},"content":{"rendered":"<p>[et_pb_section fb_built=\u00bb1&#8243; _builder_version=\u00bb4.10.4&#8243; _module_preset=\u00bbdefault\u00bb custom_margin=\u00bb0px||||false|false\u00bb custom_padding=\u00bb0px||||false|false\u00bb locked=\u00bboff\u00bb global_colors_info=\u00bb{}\u00bb][et_pb_row column_structure=\u00bb1_3,2_3&#8243; _builder_version=\u00bb4.10.4&#8243; _module_preset=\u00bbdefault\u00bb custom_margin=\u00bb0px||||false|false\u00bb custom_padding=\u00bb0px||||false|false\u00bb global_colors_info=\u00bb{}\u00bb][et_pb_column type=\u00bb1_3&#8243; _builder_version=\u00bb4.6.5&#8243; _module_preset=\u00bbdefault\u00bb global_colors_info=\u00bb{}\u00bb][et_pb_image src=\u00bbhttps:\/\/museros.org\/wp-content\/uploads\/2021\/06\/logo-forumvecinal-230&#215;180-1.jpg\u00bb title_text=\u00bblogo-forumvecinal-230&#215;180&#8243; url=\u00bbhttps:\/\/museros.org\/inici\/forum-veinal\/\u00bb use_overlay=\u00bbon\u00bb overlay_icon_color=\u00bb#E02B20&#8243; hover_overlay_color=\u00bbrgba(255,255,255,0.7)\u00bb hover_icon=\u00bb&#xe04d;||divi||400&#8243; align=\u00bbcenter\u00bb admin_label=\u00bblogo forum vecinal\u00bb _builder_version=\u00bb4.14.4&#8243; _module_preset=\u00bbdefault\u00bb width_tablet=\u00bb\u00bb width_phone=\u00bb100%\u00bb width_last_edited=\u00bbon|desktop\u00bb custom_margin=\u00bb60px||||false|false\u00bb custom_margin_tablet=\u00bb\u00bb custom_margin_phone=\u00bb0px||||false|false\u00bb custom_margin_last_edited=\u00bbon|desktop\u00bb hover_enabled=\u00bb0&#8243; locked=\u00bboff\u00bb global_colors_info=\u00bb{}\u00bb src__hover_enabled=\u00bbon|desktop\u00bb src__hover=\u00bbhttps:\/\/museros.org\/wp-content\/uploads\/2021\/06\/logo-forumvecinal-230&#215;180-1.jpg\u00bb sticky_enabled=\u00bb0&#8243;][\/et_pb_image][\/et_pb_column][et_pb_column type=\u00bb2_3&#8243; _builder_version=\u00bb4.6.5&#8243; _module_preset=\u00bbdefault\u00bb global_colors_info=\u00bb{}\u00bb][et_pb_text _builder_version=\u00bb4.14.4&#8243; _module_preset=\u00bbdefault\u00bb global_colors_info=\u00bb{}\u00bb]<\/p>\n<h3>Segona edici\u00f3<\/h3>\n<h1>Quarta reuni\u00f3<\/h1>\n<h5>8 de novembre de 2021<\/h5>\n<p>[\/et_pb_text][et_pb_image src=\u00bbhttps:\/\/museros.org\/wp-content\/uploads\/2021\/12\/2e-4a-reunio-forum.jpg\u00bb title_text=\u00bb2e-4a-reunio-forum\u00bb _builder_version=\u00bb4.14.4&#8243; _module_preset=\u00bbdefault\u00bb custom_margin=\u00bb30px||30px||false|false\u00bb global_colors_info=\u00bb{}\u00bb][\/et_pb_image][et_pb_text _builder_version=\u00bb4.14.4&#8243; _module_preset=\u00bbdefault\u00bb global_colors_info=\u00bb{}\u00bb]<\/p>\n<p>El dilluns 08 de novembre, a les 19.00 h, es va convocar un taller presencial en la sala polivalent de la Casa de Cultura de Museros, a la qual van assistir les persones membres del F\u00f2rum que responen a aquestes categories sociodemogr\u00e0fiques: 1 representant de l\u2019associaci\u00f3 Comer\u00e7os Associats de Museros CAMU, 1 representant de l\u2019Associaci\u00f3 de Ve\u00efnes i Ve\u00efns de Museros, 2 representants de l\u2019Associaci\u00f3 de Jubilats i Pensionistes, 1 representant de l&#8217;Institut Secular d&#8217;Obreras de la Cruz, 1 home adult, 3 dones adultes.<br \/>L\u2019objectiu principal de la reuni\u00f3 va ser comen\u00e7ar el disseny de la pr\u00f2xima acci\u00f3 comunit\u00e0ria que desenvolupar\u00e0 el II F\u00f2rum Ve\u00efnal en la primavera de 2022. Aquesta, va ser esbossada per la primera edici\u00f3 l\u2019any passat com una ampliaci\u00f3 de la l\u00ednia de treball dels entorns escolars segurs, i ara, n\u2019\u00e9s la segona la que recull el testimoni.<br \/>Mitjan\u00e7ant unes din\u00e0miques participatives, de treball en grups xicotets i consens en plenari, es va decidir que:<br \/>\u2022 La iniciativa consistir\u00e0 a impulsar una xarxa amb el distintiu: ESPAI ACOLLIDOR.<br \/>\u2022 La imatge gr\u00e0fica de la iniciativa s\u2019ha encomanat a un estudi d\u2019arts gr\u00e0fiques extern a l\u2019Ajuntament, qui ha presentat ja una proposta sobre la qual el F\u00f2rum aporta: emprar tipografies i tonalitats \u00abacollidores\u00bb, \u00e9s a dir, verd, groc o taronja pastels (que, a m\u00e9s, poden remetre als conreus de l\u2019horta de la carxofa, o la carabassa, per exemple); que el logo jugue amb la lletra \u00aba\u00bb de la paraula \u00abacollidor\u00bb i la imatge d\u2019una abra\u00e7ada; a m\u00e9s de l\u2019adhesiu amb el logo com a distintiu, generar un d\u00edptic amb el mapa dels espais acollidors i una llegenda amb icones o pictogrames dels recursos que es poden oferir (bany, aigua&#8230;).<br \/>\u2022 Podran ser \u00abespais acollidors\u00bb el xicotet comer\u00e7 local i els locals de les associacions del poble. Se sobreent\u00e9n que qualsevol equipament municipal tamb\u00e9 ha de ser un espai acollidor.<br \/>\u2022 Els requisits m\u00ednims per obtenir el distintiu s\u00f3n: que el personal hi estiga sensibilitzat i tinga empatia per atendre qualsevol persona que es trobe en una situaci\u00f3 d\u2019urg\u00e8ncia especial (mareig, canviar o alletar un beb\u00e9, desorientaci\u00f3, necessitat d\u2019utilitzar el bany, etc.), comptar\u00e0 amb una llista amb els tel\u00e8fons de tots els recursos municipals per telefonar a qui convinga en cada cas (policia, Centre de Salut, ambul\u00e0ncia&#8230;), ser\u00e0 accessible en termes de mobilitat i dificultats visuals o ling\u00fc\u00edstiques i procurar\u00e0 un recer d\u2019intimitat (amb una cadira, o en la rebotiga, al bany&#8230;) a la persona que ho necessite.<br \/>\u2022 Es valoren com a extres poder oferir un got d\u2019aigua, anar al bany i facilitar fer la comanda per tel\u00e8fon. A llarg termini convindria que pogueren ser tamb\u00e9 punts violeta per a detectar, sense posar en risc ning\u00fa, v\u00edctimes de viol\u00e8ncia (aquesta mesura comportaria passar per un proc\u00e9s de sensibilitzaci\u00f3 i formaci\u00f3).<br \/>\u2022 Els comer\u00e7os que es vulguen adherir firmaran un comprom\u00eds d\u2019acompliment dels requisits establerts i regularment se\u2019n far\u00e0 una revisi\u00f3. M\u00e9s endavant, l\u2019Ajuntament podria considerar un reconeixement p\u00fablic a la xarxa a m\u00e9s de facilitar ajudes econ\u00f2miques o recursos per millorar l\u2019accessibilitat o els mitjans de cures en aqueixos espais.<br \/>\u2022 Quan els criteris sobre qu\u00e8 \u00e9s un espai acollidor estiguen consensuats i s\u2019hagen acomplert les adhesions, el F\u00f2rum impulsar\u00e0 una acci\u00f3 de presentaci\u00f3 p\u00fablica, la qual podria consistir en una cercavila amb l\u2019animaci\u00f3 de m\u00fasics del poble.<\/p>\n<p>[\/et_pb_text][\/et_pb_column][\/et_pb_row][et_pb_row _builder_version=\u00bb4.6.5&#8243; _module_preset=\u00bbdefault\u00bb global_colors_info=\u00bb{}\u00bb][et_pb_column type=\u00bb4_4&#8243; _builder_version=\u00bb4.6.5&#8243; _module_preset=\u00bbdefault\u00bb global_colors_info=\u00bb{}\u00bb][et_pb_divider color=\u00bb#cc0000&#8243; divider_weight=\u00bb4px\u00bb _builder_version=\u00bb4.6.5&#8243; _module_preset=\u00bbdefault\u00bb global_colors_info=\u00bb{}\u00bb][\/et_pb_divider][\/et_pb_column][\/et_pb_row][\/et_pb_section]<\/p>\n","protected":false},"excerpt":{"rendered":"<p>Segona edici\u00f3 Quarta reuni\u00f3 8 de novembre de 2021El dilluns 08 de novembre, a les 19.00 h, es va convocar un taller presencial en la sala polivalent de la Casa de Cultura de Museros, a la qual van assistir les persones membres del F\u00f2rum que responen a aquestes categories sociodemogr\u00e0fiques: 1 representant de l\u2019associaci\u00f3 Comer\u00e7os [&hellip;]<\/p>\n","protected":false},"author":8,"featured_media":0,"parent":0,"menu_order":0,"comment_status":"closed","ping_status":"closed","template":"","meta":{"_et_pb_use_builder":"on","_et_pb_old_content":"","_et_gb_content_width":"","_mc_calendar":[],"footnotes":""},"wf_page_folders":[1066],"class_list":["post-251656","page","type-page","status-publish","hentry"],"_links":{"self":[{"href":"https:\/\/museros.org\/inici\/wp-json\/wp\/v2\/pages\/251656","targetHints":{"allow":["GET"]}}],"collection":[{"href":"https:\/\/museros.org\/inici\/wp-json\/wp\/v2\/pages"}],"about":[{"href":"https:\/\/museros.org\/inici\/wp-json\/wp\/v2\/types\/page"}],"author":[{"embeddable":true,"href":"https:\/\/museros.org\/inici\/wp-json\/wp\/v2\/users\/8"}],"replies":[{"embeddable":true,"href":"https:\/\/museros.org\/inici\/wp-json\/wp\/v2\/comments?post=251656"}],"version-history":[{"count":4,"href":"https:\/\/museros.org\/inici\/wp-json\/wp\/v2\/pages\/251656\/revisions"}],"predecessor-version":[{"id":251731,"href":"https:\/\/museros.org\/inici\/wp-json\/wp\/v2\/pages\/251656\/revisions\/251731"}],"wp:attachment":[{"href":"https:\/\/museros.org\/inici\/wp-json\/wp\/v2\/media?parent=251656"}],"wp:term":[{"taxonomy":"wf_page_folders","embeddable":true,"href":"https:\/\/museros.org\/inici\/wp-json\/wp\/v2\/wf_page_folders?post=251656"}],"curies":[{"name":"wp","href":"https:\/\/api.w.org\/{rel}","templated":true}]}}

2e Quarta reunió

<p>[et_pb_section fb_built=»1&#8243; _builder_version=»4.10.4&#8243; _module_preset=»default» custom_margin=»0px||||false|false» custom_padding=»0px||||false|false» locked=»off» global_colors_info=»{}»][et_pb_row column_structure=»1_3,2_3&#8243; _builder_version=»4.10.4&#8243; _module_preset=»default» custom_margin=»0px||||false|false» custom_padding=»0px||||false|false» global_colors_info=»{}»][et_pb_column type=»1_3&#8243; _builder_version=»4.6.5&#8243; _module_preset=»default» global_colors_info=»{}»][et_pb_image src=»https://museros.org/wp-content/uploads/2021/06/logo-forumvecinal-230&#215;180-1.jpg» title_text=»logo-forumvecinal-230&#215;180&#8243; url=»https://museros.org/inici/forum-veinal/» use_overlay=»on» overlay_icon_color=»#E02B20&#8243; hover_overlay_color=»rgba(255,255,255,0.7)» hover_icon=»&#xe04d;||divi||400&#8243; align=»center» admin_label=»logo forum vecinal» _builder_version=»4.14.4&#8243; _module_preset=»default» width_tablet=»» width_phone=»100%» width_last_edited=»on|desktop» custom_margin=»60px||||false|false» custom_margin_tablet=»» custom_margin_phone=»0px||||false|false» custom_margin_last_edited=»on|desktop» hover_enabled=»0&#8243; locked=»off» global_colors_info=»{}» src__hover_enabled=»on|desktop» src__hover=»https://museros.org/wp-content/uploads/2021/06/logo-forumvecinal-230&#215;180-1.jpg» sticky_enabled=»0&#8243;][/et_pb_image][/et_pb_column][et_pb_column type=»2_3&#8243; _builder_version=»4.6.5&#8243; _module_preset=»default» global_colors_info=»{}»][et_pb_text _builder_version=»4.14.4&#8243; _module_preset=»default» global_colors_info=»{}»]</p>
<h3>Segona edició</h3>
<h1>Quarta reunió</h1>
<h5>8 de novembre de 2021</h5>
<p>[/et_pb_text][et_pb_image src=»https://museros.org/wp-content/uploads/2021/12/2e-4a-reunio-forum.jpg» title_text=»2e-4a-reunio-forum» _builder_version=»4.14.4&#8243; _module_preset=»default» custom_margin=»30px||30px||false|false» global_colors_info=»{}»][/et_pb_image][et_pb_text _builder_version=»4.14.4&#8243; _module_preset=»default» global_colors_info=»{}»]</p>
<p>El dilluns 08 de novembre, a les 19.00 h, es va convocar un taller presencial en la sala polivalent de la Casa de Cultura de Museros, a la qual van assistir les persones membres del Fòrum que responen a aquestes categories sociodemogràfiques: 1 representant de l’associació Comerços Associats de Museros CAMU, 1 representant de l’Associació de Veïnes i Veïns de Museros, 2 representants de l’Associació de Jubilats i Pensionistes, 1 representant de l&#8217;Institut Secular d&#8217;Obreras de la Cruz, 1 home adult, 3 dones adultes.<br />L’objectiu principal de la reunió va ser començar el disseny de la pròxima acció comunitària que desenvoluparà el II Fòrum Veïnal en la primavera de 2022. Aquesta, va ser esbossada per la primera edició l’any passat com una ampliació de la línia de treball dels entorns escolars segurs, i ara, n’és la segona la que recull el testimoni.<br />Mitjançant unes dinàmiques participatives, de treball en grups xicotets i consens en plenari, es va decidir que:<br />• La iniciativa consistirà a impulsar una xarxa amb el distintiu: ESPAI ACOLLIDOR.<br />• La imatge gràfica de la iniciativa s’ha encomanat a un estudi d’arts gràfiques extern a l’Ajuntament, qui ha presentat ja una proposta sobre la qual el Fòrum aporta: emprar tipografies i tonalitats «acollidores», és a dir, verd, groc o taronja pastels (que, a més, poden remetre als conreus de l’horta de la carxofa, o la carabassa, per exemple); que el logo jugue amb la lletra «a» de la paraula «acollidor» i la imatge d’una abraçada; a més de l’adhesiu amb el logo com a distintiu, generar un díptic amb el mapa dels espais acollidors i una llegenda amb icones o pictogrames dels recursos que es poden oferir (bany, aigua&#8230;).<br />• Podran ser «espais acollidors» el xicotet comerç local i els locals de les associacions del poble. Se sobreentén que qualsevol equipament municipal també ha de ser un espai acollidor.<br />• Els requisits mínims per obtenir el distintiu són: que el personal hi estiga sensibilitzat i tinga empatia per atendre qualsevol persona que es trobe en una situació d’urgència especial (mareig, canviar o alletar un bebé, desorientació, necessitat d’utilitzar el bany, etc.), comptarà amb una llista amb els telèfons de tots els recursos municipals per telefonar a qui convinga en cada cas (policia, Centre de Salut, ambulància&#8230;), serà accessible en termes de mobilitat i dificultats visuals o lingüístiques i procurarà un recer d’intimitat (amb una cadira, o en la rebotiga, al bany&#8230;) a la persona que ho necessite.<br />• Es valoren com a extres poder oferir un got d’aigua, anar al bany i facilitar fer la comanda per telèfon. A llarg termini convindria que pogueren ser també punts violeta per a detectar, sense posar en risc ningú, víctimes de violència (aquesta mesura comportaria passar per un procés de sensibilització i formació).<br />• Els comerços que es vulguen adherir firmaran un compromís d’acompliment dels requisits establerts i regularment se’n farà una revisió. Més endavant, l’Ajuntament podria considerar un reconeixement públic a la xarxa a més de facilitar ajudes econòmiques o recursos per millorar l’accessibilitat o els mitjans de cures en aqueixos espais.<br />• Quan els criteris sobre què és un espai acollidor estiguen consensuats i s’hagen acomplert les adhesions, el Fòrum impulsarà una acció de presentació pública, la qual podria consistir en una cercavila amb l’animació de músics del poble.</p>
<p>[/et_pb_text][/et_pb_column][/et_pb_row][et_pb_row _builder_version=»4.6.5&#8243; _module_preset=»default» global_colors_info=»{}»][et_pb_column type=»4_4&#8243; _builder_version=»4.6.5&#8243; _module_preset=»default» global_colors_info=»{}»][et_pb_divider color=»#cc0000&#8243; divider_weight=»4px» _builder_version=»4.6.5&#8243; _module_preset=»default» global_colors_info=»{}»][/et_pb_divider][/et_pb_column][/et_pb_row][/et_pb_section]</p>

<p>Segona edició Quarta reunió 8 de novembre de 2021El dilluns 08 de novembre, a les 19.00 h, es va convocar un taller presencial en la sala polivalent de la Casa de Cultura de Museros, a la qual van assistir les persones membres del Fòrum que responen a aquestes categories sociodemogràfiques: 1 representant de l’associació Comerços [&hellip;]</p>
