{"id":251623,"date":"2021-12-25T18:33:19","date_gmt":"2021-12-25T18:33:19","guid":{"rendered":"https:\/\/museros.org\/inici\/?page_id=251623"},"modified":"2021-12-26T12:14:55","modified_gmt":"2021-12-26T12:14:55","slug":"1e-octava-reunion","status":"publish","type":"page","link":"https:\/\/museros.org\/inici\/es\/1e-octava-reunion\/","title":{"rendered":"1e Octava reuni\u00f3n"},"content":{"rendered":"<p>[et_pb_section fb_built=\u00bb1&#8243; _builder_version=\u00bb4.10.4&#8243; _module_preset=\u00bbdefault\u00bb custom_margin=\u00bb0px||||false|false\u00bb custom_padding=\u00bb0px||||false|false\u00bb locked=\u00bboff\u00bb global_colors_info=\u00bb{}\u00bb][et_pb_row column_structure=\u00bb1_3,2_3&#8243; _builder_version=\u00bb4.10.4&#8243; _module_preset=\u00bbdefault\u00bb custom_margin=\u00bb0px||||false|false\u00bb custom_padding=\u00bb0px||||false|false\u00bb global_colors_info=\u00bb{}\u00bb][et_pb_column type=\u00bb1_3&#8243; _builder_version=\u00bb4.6.5&#8243; _module_preset=\u00bbdefault\u00bb global_colors_info=\u00bb{}\u00bb][et_pb_image src=\u00bbhttps:\/\/museros.org\/wp-content\/uploads\/2021\/06\/logo-forumvecinal-230&#215;180-1.jpg\u00bb title_text=\u00bblogo-forumvecinal-230&#215;180&#8243; url=\u00bbhttps:\/\/museros.org\/inici\/es\/foro-vecinal\/\u00bb use_overlay=\u00bbon\u00bb overlay_icon_color=\u00bb#E02B20&#8243; hover_overlay_color=\u00bbrgba(255,255,255,0.7)\u00bb hover_icon=\u00bb&#xe04d;||divi||400&#8243; align=\u00bbcenter\u00bb admin_label=\u00bblogo forum vecinal\u00bb _builder_version=\u00bb4.14.4&#8243; _module_preset=\u00bbdefault\u00bb width_tablet=\u00bb\u00bb width_phone=\u00bb100%\u00bb width_last_edited=\u00bbon|desktop\u00bb custom_margin=\u00bb60px||||false|false\u00bb custom_margin_tablet=\u00bb\u00bb custom_margin_phone=\u00bb0px||||false|false\u00bb custom_margin_last_edited=\u00bbon|desktop\u00bb locked=\u00bboff\u00bb global_colors_info=\u00bb{}\u00bb src__hover_enabled=\u00bbon|desktop\u00bb src__hover=\u00bbhttps:\/\/museros.org\/wp-content\/uploads\/2021\/06\/logo-forumvecinal-230&#215;180-1.jpg\u00bb][\/et_pb_image][\/et_pb_column][et_pb_column type=\u00bb2_3&#8243; _builder_version=\u00bb4.6.5&#8243; _module_preset=\u00bbdefault\u00bb global_colors_info=\u00bb{}\u00bb][et_pb_text _builder_version=\u00bb4.14.4&#8243; _module_preset=\u00bbdefault\u00bb global_colors_info=\u00bb{}\u00bb]<\/p>\n<h3>Primera edici\u00f3n<\/h3>\n<h1>Octava reuni\u00f3n<\/h1>\n<h5>26 de enero de 2021<\/h5>\n<p>[\/et_pb_text][et_pb_text _builder_version=\u00bb4.14.4&#8243; _module_preset=\u00bbdefault\u00bb global_colors_info=\u00bb{}\u00bb]<\/p>\n<p>A causa de la agravaci\u00f3n de los contagios por Covid-19, se convoca nuevamente la sesi\u00f3n a trav\u00e9s del canal GoogleMeet. asisten 7 personas.<br \/>El objetivo de la misma es emprender el \u00faltimo bloque tem\u00e1tico de la Y edici\u00f3n del Foro Vecinal: la identificaci\u00f3n de activos para la salud.<br \/>As\u00ed pues, las dinamizadoras del proyecto explican en el encuentro, con el apoyo de diapositivas compartidas en pantalla, qu\u00e9 son los activos de salud y por qu\u00e9 es importante detectarlos, en coherencia con el despliegue del IV Plan de Salud en Museros. A continuaci\u00f3n, han mostrado el cuestionario en l\u00ednea que pasar\u00e1n a los y las miembros del Foro para identificarlos, incidiendo en la relevancia de justificar por qu\u00e9 se considera que aportan salud y bienestar en el pueblo en el momento presente.<br \/>A fin de que el trabajo de detecci\u00f3n de activos sea lo m\u00e1s amplio y representativo posible, las dinamizadoras pasar\u00e1n un *videotutorial a las personas miembros del Foro que no han podido asistir a la sesi\u00f3n, de forma que tambi\u00e9n respondan al cuestionario en l\u00ednea con conocimiento de causa.<br \/>Por otro lado, se comenta que la Mesa T\u00e9cnica Intersectorial, configurada por el personal t\u00e9cnico del Ayuntamiento de varias \u00e1reas relacionadas con la salud integral (cultura, bienestar, educaci\u00f3n, desarrollo local, centro de salud&#8230;) tambi\u00e9n recibir\u00e1 la formaci\u00f3n sobre los activos de salud y rellenar\u00e1 el cuestionario. As\u00ed se obtendr\u00e1 un mapa m\u00e1s completo de los factores y recursos disponibles para prescribir. Entonces, se intentar\u00e1 programar una sesi\u00f3n de devoluci\u00f3n conjunta, es decir, un encuentro en l\u00ednea con el personal t\u00e9cnico y el Foro Vecinal, para compartir el resultados del formulario y validar de manera colectiva la informaci\u00f3n generada.<br \/>Finalmente, se agradece el compromiso y la disponibilidad, y se informa que pr\u00f3ximamente se har\u00e1 una reuni\u00f3n con el equipo directivo de los centros escolares, alcald\u00eda, concejal\u00edas de Infancia, Movilidad y de Educaci\u00f3n, ninguno de polic\u00eda y AMPEs para valorar el desarrollo de la acci\u00f3n p\u00fablica por la movilidad sostenible, impulsada por el Foro el pasado 18 de diciembre de 2020. A prop\u00f3sito de esto, varias personas recuerdan de nuevo que el Foro mismo la consider\u00f3 exitosa y manifest\u00f3 la necesidad de replicarla peri\u00f3dicamente hasta que se pueda consolidar el proyecto de los entornos escolares seguros y la urgencia de facilitar el trayecto desde el barrio de la Abanica.<\/p>\n<p>[\/et_pb_text][\/et_pb_column][\/et_pb_row][et_pb_row _builder_version=\u00bb4.6.5&#8243; _module_preset=\u00bbdefault\u00bb global_colors_info=\u00bb{}\u00bb][et_pb_column type=\u00bb4_4&#8243; _builder_version=\u00bb4.6.5&#8243; _module_preset=\u00bbdefault\u00bb global_colors_info=\u00bb{}\u00bb][et_pb_divider color=\u00bb#cc0000&#8243; divider_weight=\u00bb4px\u00bb _builder_version=\u00bb4.6.5&#8243; _module_preset=\u00bbdefault\u00bb global_colors_info=\u00bb{}\u00bb][\/et_pb_divider][\/et_pb_column][\/et_pb_row][\/et_pb_section]<\/p>\n","protected":false},"excerpt":{"rendered":"<p>Primera edici\u00f3n Octava reuni\u00f3n 26 de enero de 2021A causa de la agravaci\u00f3n de los contagios por Covid-19, se convoca nuevamente la sesi\u00f3n a trav\u00e9s del canal GoogleMeet. asisten 7 personas.El objetivo de la misma es emprender el \u00faltimo bloque tem\u00e1tico de la Y edici\u00f3n del Foro Vecinal: la identificaci\u00f3n de activos para la salud.As\u00ed [&hellip;]<\/p>\n","protected":false},"author":8,"featured_media":0,"parent":0,"menu_order":0,"comment_status":"closed","ping_status":"closed","template":"","meta":{"_et_pb_use_builder":"on","_et_pb_old_content":"","_et_gb_content_width":"","_mc_calendar":[],"footnotes":""},"wf_page_folders":[1065],"class_list":["post-251623","page","type-page","status-publish","hentry"],"_links":{"self":[{"href":"https:\/\/museros.org\/inici\/wp-json\/wp\/v2\/pages\/251623","targetHints":{"allow":["GET"]}}],"collection":[{"href":"https:\/\/museros.org\/inici\/wp-json\/wp\/v2\/pages"}],"about":[{"href":"https:\/\/museros.org\/inici\/wp-json\/wp\/v2\/types\/page"}],"author":[{"embeddable":true,"href":"https:\/\/museros.org\/inici\/wp-json\/wp\/v2\/users\/8"}],"replies":[{"embeddable":true,"href":"https:\/\/museros.org\/inici\/wp-json\/wp\/v2\/comments?post=251623"}],"version-history":[{"count":5,"href":"https:\/\/museros.org\/inici\/wp-json\/wp\/v2\/pages\/251623\/revisions"}],"predecessor-version":[{"id":251736,"href":"https:\/\/museros.org\/inici\/wp-json\/wp\/v2\/pages\/251623\/revisions\/251736"}],"wp:attachment":[{"href":"https:\/\/museros.org\/inici\/wp-json\/wp\/v2\/media?parent=251623"}],"wp:term":[{"taxonomy":"wf_page_folders","embeddable":true,"href":"https:\/\/museros.org\/inici\/wp-json\/wp\/v2\/wf_page_folders?post=251623"}],"curies":[{"name":"wp","href":"https:\/\/api.w.org\/{rel}","templated":true}]}}

1e Octava reunión

<p>[et_pb_section fb_built=»1&#8243; _builder_version=»4.10.4&#8243; _module_preset=»default» custom_margin=»0px||||false|false» custom_padding=»0px||||false|false» locked=»off» global_colors_info=»{}»][et_pb_row column_structure=»1_3,2_3&#8243; _builder_version=»4.10.4&#8243; _module_preset=»default» custom_margin=»0px||||false|false» custom_padding=»0px||||false|false» global_colors_info=»{}»][et_pb_column type=»1_3&#8243; _builder_version=»4.6.5&#8243; _module_preset=»default» global_colors_info=»{}»][et_pb_image src=»https://museros.org/wp-content/uploads/2021/06/logo-forumvecinal-230&#215;180-1.jpg» title_text=»logo-forumvecinal-230&#215;180&#8243; url=»https://museros.org/inici/es/foro-vecinal/» use_overlay=»on» overlay_icon_color=»#E02B20&#8243; hover_overlay_color=»rgba(255,255,255,0.7)» hover_icon=»&#xe04d;||divi||400&#8243; align=»center» admin_label=»logo forum vecinal» _builder_version=»4.14.4&#8243; _module_preset=»default» width_tablet=»» width_phone=»100%» width_last_edited=»on|desktop» custom_margin=»60px||||false|false» custom_margin_tablet=»» custom_margin_phone=»0px||||false|false» custom_margin_last_edited=»on|desktop» locked=»off» global_colors_info=»{}» src__hover_enabled=»on|desktop» src__hover=»https://museros.org/wp-content/uploads/2021/06/logo-forumvecinal-230&#215;180-1.jpg»][/et_pb_image][/et_pb_column][et_pb_column type=»2_3&#8243; _builder_version=»4.6.5&#8243; _module_preset=»default» global_colors_info=»{}»][et_pb_text _builder_version=»4.14.4&#8243; _module_preset=»default» global_colors_info=»{}»]</p>
<h3>Primera edición</h3>
<h1>Octava reunión</h1>
<h5>26 de enero de 2021</h5>
<p>[/et_pb_text][et_pb_text _builder_version=»4.14.4&#8243; _module_preset=»default» global_colors_info=»{}»]</p>
<p>A causa de la agravación de los contagios por Covid-19, se convoca nuevamente la sesión a través del canal GoogleMeet. asisten 7 personas.<br />El objetivo de la misma es emprender el último bloque temático de la Y edición del Foro Vecinal: la identificación de activos para la salud.<br />Así pues, las dinamizadoras del proyecto explican en el encuentro, con el apoyo de diapositivas compartidas en pantalla, qué son los activos de salud y por qué es importante detectarlos, en coherencia con el despliegue del IV Plan de Salud en Museros. A continuación, han mostrado el cuestionario en línea que pasarán a los y las miembros del Foro para identificarlos, incidiendo en la relevancia de justificar por qué se considera que aportan salud y bienestar en el pueblo en el momento presente.<br />A fin de que el trabajo de detección de activos sea lo más amplio y representativo posible, las dinamizadoras pasarán un *videotutorial a las personas miembros del Foro que no han podido asistir a la sesión, de forma que también respondan al cuestionario en línea con conocimiento de causa.<br />Por otro lado, se comenta que la Mesa Técnica Intersectorial, configurada por el personal técnico del Ayuntamiento de varias áreas relacionadas con la salud integral (cultura, bienestar, educación, desarrollo local, centro de salud&#8230;) también recibirá la formación sobre los activos de salud y rellenará el cuestionario. Así se obtendrá un mapa más completo de los factores y recursos disponibles para prescribir. Entonces, se intentará programar una sesión de devolución conjunta, es decir, un encuentro en línea con el personal técnico y el Foro Vecinal, para compartir el resultados del formulario y validar de manera colectiva la información generada.<br />Finalmente, se agradece el compromiso y la disponibilidad, y se informa que próximamente se hará una reunión con el equipo directivo de los centros escolares, alcaldía, concejalías de Infancia, Movilidad y de Educación, ninguno de policía y AMPEs para valorar el desarrollo de la acción pública por la movilidad sostenible, impulsada por el Foro el pasado 18 de diciembre de 2020. A propósito de esto, varias personas recuerdan de nuevo que el Foro mismo la consideró exitosa y manifestó la necesidad de replicarla periódicamente hasta que se pueda consolidar el proyecto de los entornos escolares seguros y la urgencia de facilitar el trayecto desde el barrio de la Abanica.</p>
<p>[/et_pb_text][/et_pb_column][/et_pb_row][et_pb_row _builder_version=»4.6.5&#8243; _module_preset=»default» global_colors_info=»{}»][et_pb_column type=»4_4&#8243; _builder_version=»4.6.5&#8243; _module_preset=»default» global_colors_info=»{}»][et_pb_divider color=»#cc0000&#8243; divider_weight=»4px» _builder_version=»4.6.5&#8243; _module_preset=»default» global_colors_info=»{}»][/et_pb_divider][/et_pb_column][/et_pb_row][/et_pb_section]</p>

<p>Primera edición Octava reunión 26 de enero de 2021A causa de la agravación de los contagios por Covid-19, se convoca nuevamente la sesión a través del canal GoogleMeet. asisten 7 personas.El objetivo de la misma es emprender el último bloque temático de la Y edición del Foro Vecinal: la identificación de activos para la salud.Así [&hellip;]</p>
