{"id":251619,"date":"2021-12-25T18:30:01","date_gmt":"2021-12-25T18:30:01","guid":{"rendered":"https:\/\/museros.org\/inici\/?page_id=251619"},"modified":"2021-12-26T12:05:27","modified_gmt":"2021-12-26T12:05:27","slug":"1e-octava-reunio","status":"publish","type":"page","link":"https:\/\/museros.org\/inici\/1e-octava-reunio\/","title":{"rendered":"1e Octava reuni\u00f3"},"content":{"rendered":"<p>[et_pb_section fb_built=\u00bb1&#8243; _builder_version=\u00bb4.10.4&#8243; _module_preset=\u00bbdefault\u00bb custom_margin=\u00bb0px||||false|false\u00bb custom_padding=\u00bb0px||||false|false\u00bb locked=\u00bboff\u00bb global_colors_info=\u00bb{}\u00bb][et_pb_row column_structure=\u00bb1_3,2_3&#8243; _builder_version=\u00bb4.10.4&#8243; _module_preset=\u00bbdefault\u00bb custom_margin=\u00bb0px||||false|false\u00bb custom_padding=\u00bb0px||||false|false\u00bb global_colors_info=\u00bb{}\u00bb][et_pb_column type=\u00bb1_3&#8243; _builder_version=\u00bb4.6.5&#8243; _module_preset=\u00bbdefault\u00bb global_colors_info=\u00bb{}\u00bb][et_pb_image src=\u00bbhttps:\/\/museros.org\/wp-content\/uploads\/2021\/06\/logo-forumvecinal-230&#215;180-1.jpg\u00bb title_text=\u00bblogo-forumvecinal-230&#215;180&#8243; url=\u00bbhttps:\/\/museros.org\/inici\/forum-veinal\/\u00bb use_overlay=\u00bbon\u00bb overlay_icon_color=\u00bb#E02B20&#8243; hover_overlay_color=\u00bbrgba(255,255,255,0.7)\u00bb hover_icon=\u00bb&#xe04d;||divi||400&#8243; align=\u00bbcenter\u00bb admin_label=\u00bblogo forum vecinal\u00bb _builder_version=\u00bb4.14.4&#8243; _module_preset=\u00bbdefault\u00bb width_tablet=\u00bb\u00bb width_phone=\u00bb100%\u00bb width_last_edited=\u00bbon|desktop\u00bb custom_margin=\u00bb60px||||false|false\u00bb custom_margin_tablet=\u00bb\u00bb custom_margin_phone=\u00bb0px||||false|false\u00bb custom_margin_last_edited=\u00bbon|desktop\u00bb hover_enabled=\u00bb0&#8243; locked=\u00bboff\u00bb global_colors_info=\u00bb{}\u00bb src__hover_enabled=\u00bbon|desktop\u00bb src__hover=\u00bbhttps:\/\/museros.org\/wp-content\/uploads\/2021\/06\/logo-forumvecinal-230&#215;180-1.jpg\u00bb sticky_enabled=\u00bb0&#8243;][\/et_pb_image][\/et_pb_column][et_pb_column type=\u00bb2_3&#8243; _builder_version=\u00bb4.6.5&#8243; _module_preset=\u00bbdefault\u00bb global_colors_info=\u00bb{}\u00bb][et_pb_text _builder_version=\u00bb4.14.4&#8243; _module_preset=\u00bbdefault\u00bb global_colors_info=\u00bb{}\u00bb]<\/p>\n<h3>Primera edici\u00f3<\/h3>\n<h1>Octava reuni\u00f3<\/h1>\n<h5>26 de gener de 2021<\/h5>\n<p>[\/et_pb_text][et_pb_text _builder_version=\u00bb4.14.4&#8243; _module_preset=\u00bbdefault\u00bb global_colors_info=\u00bb{}\u00bb]<\/p>\n<p>A causa de l\u2019agreujament dels contagis per Covid-19, es convoca novament la sessi\u00f3 a trav\u00e9s del canal GoogleMeet. Hi assisteixen 7 persones.<br \/>L\u2019objectiu de la mateixa \u00e9s mamprendre l\u2019\u00faltim bloc tem\u00e0tic de la I edici\u00f3 del F\u00f2rum Ve\u00efnal: la identificaci\u00f3 d\u2019actius per a la salut.<br \/>Aix\u00ed doncs, les dinamitzadores del projecte expliquen en l\u2019encontre, amb el suport de diapositives compartides en pantalla, qu\u00e8 s\u00f3n els actius de salut i per qu\u00e8 \u00e9s important detectar-los, en coher\u00e8ncia amb el desplegament del IV Pla de Salut en Museros. Tot seguit, han mostrat el q\u00fcestionari en l\u00ednia que passaran als i les membres del F\u00f2rum per tal d\u2019identificar-los, incidint en la rellev\u00e0ncia de justificar per qu\u00e8 es considera que aporten salut i benestar al poble en el moment present.<br \/>A fi que el treball de detecci\u00f3 d\u2019actius siga el m\u00e9s ampli i representatiu possible, les dinamitzadores passaran un videotutorial a les persones membres del F\u00f2rum que no han pogut assistir a la sessi\u00f3, de manera que tamb\u00e9 responguen al q\u00fcestionari en l\u00ednia amb coneixement de causa.<br \/>D\u2019una altra banda, es comenta que la Mesa T\u00e8cnica Intersectorial, configurada pel personal t\u00e8cnic de l\u2019Ajuntament de diverses \u00e0rees relacionades amb la salut integral (cultura, benestar, educaci\u00f3, desenvolupament local, centre de salut&#8230;) tamb\u00e9 rebr\u00e0 la formaci\u00f3 sobre els actius de salut i emplenar\u00e0 el q\u00fcestionari. Aix\u00ed s\u2019obtindr\u00e0 un mapa m\u00e9s complet dels factors i recursos disponibles per prescriure. Llavors, s\u2019intentar\u00e0 programar una sessi\u00f3 de devoluci\u00f3 conjunta, \u00e9s a dir, un encontre en l\u00ednia amb el personal t\u00e8cnic i el F\u00f2rum Ve\u00efnal, per tal de compartir el resultats del formulari i validar de manera col\u00b7lectiva la informaci\u00f3 generada.<br \/>Finalment, s\u2019agraeix el comprom\u00eds i la disponibilitat, i s\u2019informa que pr\u00f2ximament es far\u00e0 una reuni\u00f3 amb l\u2019equip directiu dels centres escolars, alcaldia, regidories d\u2019Inf\u00e0ncia, Mobilitat i d\u2019Educaci\u00f3, cap de policia i AMPEs per valorar el desenvolupament de l\u2019acci\u00f3 p\u00fablica per la mobilitat sostenible, impulsada pel F\u00f2rum el passat 18 de desembre de 2020. A prop\u00f2sit d\u2019a\u00e7\u00f2, diverses persones recorden de nou que el F\u00f2rum mateix la consider\u00e0 exitosa i manifest\u00e0 la necessitat de replicar-la peri\u00f2dicament fins que es puga consolidar el projecte dels entorns escolars segurs i la urg\u00e8ncia de facilitar el trajecte des del barri de la Venta.<\/p>\n<p>[\/et_pb_text][\/et_pb_column][\/et_pb_row][et_pb_row _builder_version=\u00bb4.6.5&#8243; _module_preset=\u00bbdefault\u00bb global_colors_info=\u00bb{}\u00bb][et_pb_column type=\u00bb4_4&#8243; _builder_version=\u00bb4.6.5&#8243; _module_preset=\u00bbdefault\u00bb global_colors_info=\u00bb{}\u00bb][et_pb_divider color=\u00bb#cc0000&#8243; divider_weight=\u00bb4px\u00bb _builder_version=\u00bb4.6.5&#8243; _module_preset=\u00bbdefault\u00bb global_colors_info=\u00bb{}\u00bb][\/et_pb_divider][\/et_pb_column][\/et_pb_row][\/et_pb_section]<\/p>\n","protected":false},"excerpt":{"rendered":"<p>Primera edici\u00f3 Octava reuni\u00f3 26 de gener de 2021A causa de l\u2019agreujament dels contagis per Covid-19, es convoca novament la sessi\u00f3 a trav\u00e9s del canal GoogleMeet. Hi assisteixen 7 persones.L\u2019objectiu de la mateixa \u00e9s mamprendre l\u2019\u00faltim bloc tem\u00e0tic de la I edici\u00f3 del F\u00f2rum Ve\u00efnal: la identificaci\u00f3 d\u2019actius per a la salut.Aix\u00ed doncs, les dinamitzadores [&hellip;]<\/p>\n","protected":false},"author":8,"featured_media":0,"parent":0,"menu_order":0,"comment_status":"closed","ping_status":"closed","template":"","meta":{"_et_pb_use_builder":"on","_et_pb_old_content":"","_et_gb_content_width":"","_mc_calendar":[],"footnotes":""},"wf_page_folders":[1065],"class_list":["post-251619","page","type-page","status-publish","hentry"],"_links":{"self":[{"href":"https:\/\/museros.org\/inici\/wp-json\/wp\/v2\/pages\/251619","targetHints":{"allow":["GET"]}}],"collection":[{"href":"https:\/\/museros.org\/inici\/wp-json\/wp\/v2\/pages"}],"about":[{"href":"https:\/\/museros.org\/inici\/wp-json\/wp\/v2\/types\/page"}],"author":[{"embeddable":true,"href":"https:\/\/museros.org\/inici\/wp-json\/wp\/v2\/users\/8"}],"replies":[{"embeddable":true,"href":"https:\/\/museros.org\/inici\/wp-json\/wp\/v2\/comments?post=251619"}],"version-history":[{"count":3,"href":"https:\/\/museros.org\/inici\/wp-json\/wp\/v2\/pages\/251619\/revisions"}],"predecessor-version":[{"id":251719,"href":"https:\/\/museros.org\/inici\/wp-json\/wp\/v2\/pages\/251619\/revisions\/251719"}],"wp:attachment":[{"href":"https:\/\/museros.org\/inici\/wp-json\/wp\/v2\/media?parent=251619"}],"wp:term":[{"taxonomy":"wf_page_folders","embeddable":true,"href":"https:\/\/museros.org\/inici\/wp-json\/wp\/v2\/wf_page_folders?post=251619"}],"curies":[{"name":"wp","href":"https:\/\/api.w.org\/{rel}","templated":true}]}}

1e Octava reunió

<p>[et_pb_section fb_built=»1&#8243; _builder_version=»4.10.4&#8243; _module_preset=»default» custom_margin=»0px||||false|false» custom_padding=»0px||||false|false» locked=»off» global_colors_info=»{}»][et_pb_row column_structure=»1_3,2_3&#8243; _builder_version=»4.10.4&#8243; _module_preset=»default» custom_margin=»0px||||false|false» custom_padding=»0px||||false|false» global_colors_info=»{}»][et_pb_column type=»1_3&#8243; _builder_version=»4.6.5&#8243; _module_preset=»default» global_colors_info=»{}»][et_pb_image src=»https://museros.org/wp-content/uploads/2021/06/logo-forumvecinal-230&#215;180-1.jpg» title_text=»logo-forumvecinal-230&#215;180&#8243; url=»https://museros.org/inici/forum-veinal/» use_overlay=»on» overlay_icon_color=»#E02B20&#8243; hover_overlay_color=»rgba(255,255,255,0.7)» hover_icon=»&#xe04d;||divi||400&#8243; align=»center» admin_label=»logo forum vecinal» _builder_version=»4.14.4&#8243; _module_preset=»default» width_tablet=»» width_phone=»100%» width_last_edited=»on|desktop» custom_margin=»60px||||false|false» custom_margin_tablet=»» custom_margin_phone=»0px||||false|false» custom_margin_last_edited=»on|desktop» hover_enabled=»0&#8243; locked=»off» global_colors_info=»{}» src__hover_enabled=»on|desktop» src__hover=»https://museros.org/wp-content/uploads/2021/06/logo-forumvecinal-230&#215;180-1.jpg» sticky_enabled=»0&#8243;][/et_pb_image][/et_pb_column][et_pb_column type=»2_3&#8243; _builder_version=»4.6.5&#8243; _module_preset=»default» global_colors_info=»{}»][et_pb_text _builder_version=»4.14.4&#8243; _module_preset=»default» global_colors_info=»{}»]</p>
<h3>Primera edició</h3>
<h1>Octava reunió</h1>
<h5>26 de gener de 2021</h5>
<p>[/et_pb_text][et_pb_text _builder_version=»4.14.4&#8243; _module_preset=»default» global_colors_info=»{}»]</p>
<p>A causa de l’agreujament dels contagis per Covid-19, es convoca novament la sessió a través del canal GoogleMeet. Hi assisteixen 7 persones.<br />L’objectiu de la mateixa és mamprendre l’últim bloc temàtic de la I edició del Fòrum Veïnal: la identificació d’actius per a la salut.<br />Així doncs, les dinamitzadores del projecte expliquen en l’encontre, amb el suport de diapositives compartides en pantalla, què són els actius de salut i per què és important detectar-los, en coherència amb el desplegament del IV Pla de Salut en Museros. Tot seguit, han mostrat el qüestionari en línia que passaran als i les membres del Fòrum per tal d’identificar-los, incidint en la rellevància de justificar per què es considera que aporten salut i benestar al poble en el moment present.<br />A fi que el treball de detecció d’actius siga el més ampli i representatiu possible, les dinamitzadores passaran un videotutorial a les persones membres del Fòrum que no han pogut assistir a la sessió, de manera que també responguen al qüestionari en línia amb coneixement de causa.<br />D’una altra banda, es comenta que la Mesa Tècnica Intersectorial, configurada pel personal tècnic de l’Ajuntament de diverses àrees relacionades amb la salut integral (cultura, benestar, educació, desenvolupament local, centre de salut&#8230;) també rebrà la formació sobre els actius de salut i emplenarà el qüestionari. Així s’obtindrà un mapa més complet dels factors i recursos disponibles per prescriure. Llavors, s’intentarà programar una sessió de devolució conjunta, és a dir, un encontre en línia amb el personal tècnic i el Fòrum Veïnal, per tal de compartir el resultats del formulari i validar de manera col·lectiva la informació generada.<br />Finalment, s’agraeix el compromís i la disponibilitat, i s’informa que pròximament es farà una reunió amb l’equip directiu dels centres escolars, alcaldia, regidories d’Infància, Mobilitat i d’Educació, cap de policia i AMPEs per valorar el desenvolupament de l’acció pública per la mobilitat sostenible, impulsada pel Fòrum el passat 18 de desembre de 2020. A propòsit d’açò, diverses persones recorden de nou que el Fòrum mateix la considerà exitosa i manifestà la necessitat de replicar-la periòdicament fins que es puga consolidar el projecte dels entorns escolars segurs i la urgència de facilitar el trajecte des del barri de la Venta.</p>
<p>[/et_pb_text][/et_pb_column][/et_pb_row][et_pb_row _builder_version=»4.6.5&#8243; _module_preset=»default» global_colors_info=»{}»][et_pb_column type=»4_4&#8243; _builder_version=»4.6.5&#8243; _module_preset=»default» global_colors_info=»{}»][et_pb_divider color=»#cc0000&#8243; divider_weight=»4px» _builder_version=»4.6.5&#8243; _module_preset=»default» global_colors_info=»{}»][/et_pb_divider][/et_pb_column][/et_pb_row][/et_pb_section]</p>

<p>Primera edició Octava reunió 26 de gener de 2021A causa de l’agreujament dels contagis per Covid-19, es convoca novament la sessió a través del canal GoogleMeet. Hi assisteixen 7 persones.L’objectiu de la mateixa és mamprendre l’últim bloc temàtic de la I edició del Fòrum Veïnal: la identificació d’actius per a la salut.Així doncs, les dinamitzadores [&hellip;]</p>
