{"id":251580,"date":"2021-12-25T17:46:32","date_gmt":"2021-12-25T17:46:32","guid":{"rendered":"https:\/\/museros.org\/inici\/?page_id=251580"},"modified":"2021-12-26T12:10:22","modified_gmt":"2021-12-26T12:10:22","slug":"1e-sisena-reunio","status":"publish","type":"page","link":"https:\/\/museros.org\/inici\/1e-sisena-reunio\/","title":{"rendered":"1e Sisena reuni\u00f3"},"content":{"rendered":"<p>[et_pb_section fb_built=\u00bb1&#8243; _builder_version=\u00bb4.10.4&#8243; _module_preset=\u00bbdefault\u00bb custom_margin=\u00bb0px||||false|false\u00bb custom_padding=\u00bb0px||||false|false\u00bb locked=\u00bboff\u00bb global_colors_info=\u00bb{}\u00bb][et_pb_row column_structure=\u00bb1_3,2_3&#8243; _builder_version=\u00bb4.10.4&#8243; _module_preset=\u00bbdefault\u00bb custom_margin=\u00bb0px||||false|false\u00bb custom_padding=\u00bb0px||||false|false\u00bb global_colors_info=\u00bb{}\u00bb][et_pb_column type=\u00bb1_3&#8243; _builder_version=\u00bb4.6.5&#8243; _module_preset=\u00bbdefault\u00bb global_colors_info=\u00bb{}\u00bb][et_pb_image src=\u00bbhttps:\/\/museros.org\/wp-content\/uploads\/2021\/06\/logo-forumvecinal-230&#215;180-1.jpg\u00bb title_text=\u00bblogo-forumvecinal-230&#215;180&#8243; url=\u00bbhttps:\/\/museros.org\/inici\/forum-veinal\/\u00bb use_overlay=\u00bbon\u00bb overlay_icon_color=\u00bb#E02B20&#8243; hover_overlay_color=\u00bbrgba(255,255,255,0.7)\u00bb hover_icon=\u00bb&#xe04d;||divi||400&#8243; align=\u00bbcenter\u00bb admin_label=\u00bblogo forum vecinal\u00bb _builder_version=\u00bb4.14.4&#8243; _module_preset=\u00bbdefault\u00bb width_tablet=\u00bb\u00bb width_phone=\u00bb100%\u00bb width_last_edited=\u00bbon|desktop\u00bb custom_margin=\u00bb60px||||false|false\u00bb custom_margin_tablet=\u00bb\u00bb custom_margin_phone=\u00bb0px||||false|false\u00bb custom_margin_last_edited=\u00bbon|desktop\u00bb hover_enabled=\u00bb0&#8243; locked=\u00bboff\u00bb global_colors_info=\u00bb{}\u00bb src__hover_enabled=\u00bbon|desktop\u00bb src__hover=\u00bbhttps:\/\/museros.org\/wp-content\/uploads\/2021\/06\/logo-forumvecinal-230&#215;180-1.jpg\u00bb sticky_enabled=\u00bb0&#8243;][\/et_pb_image][\/et_pb_column][et_pb_column type=\u00bb2_3&#8243; _builder_version=\u00bb4.6.5&#8243; _module_preset=\u00bbdefault\u00bb global_colors_info=\u00bb{}\u00bb][et_pb_text _builder_version=\u00bb4.14.4&#8243; _module_preset=\u00bbdefault\u00bb global_colors_info=\u00bb{}\u00bb]<\/p>\n<h3>Primera edici\u00f3<\/h3>\n<h1>Sisena reuni\u00f3<\/h1>\n<h5>24 de novembre de 2020<\/h5>\n<p>[\/et_pb_text][et_pb_image src=\u00bbhttps:\/\/museros.org\/wp-content\/uploads\/2021\/12\/6a-reunio-forum.jpg\u00bb title_text=\u00bb6a-reunio-forum\u00bb _builder_version=\u00bb4.14.4&#8243; _module_preset=\u00bbdefault\u00bb global_colors_info=\u00bb{}\u00bb][\/et_pb_image][et_pb_text _builder_version=\u00bb4.14.4&#8243; _module_preset=\u00bbdefault\u00bb global_colors_info=\u00bb{}\u00bb]<\/p>\n<p>Sisena reuni\u00f3 del F\u00f2rum Ve\u00efnal 24 de novembre de 2020<br \/>El dimarts 24 de novembre, a les 19.00 h, es van convocar dues reunions digitals amb les persones membres del F\u00f2rum Ve\u00efnal i amb les dinamitzadores mitjan\u00e7ant la plataforma en l\u00ednia Google Meet.<br \/>Els encontres van ser simultanis, amb l\u2019objectiu d\u2019abordar el disseny de l\u2019acci\u00f3 de promoci\u00f3 de mobilitat de manera m\u00e9s eficient. Aix\u00ed doncs, durant 45 minuts, un grup es va centrar en la log\u00edstica de la jornada i l\u2019altre en la comunicaci\u00f3 d\u2019aquesta. Tot seguit, es van trobar cinc persones d\u2019ambd\u00f3s equips per fer una posada en com\u00fa.<\/p>\n<p>[\/et_pb_text][et_pb_button button_url=\u00bbhttps:\/\/museros.org\/wp-content\/uploads\/2021\/12\/6a-reunio-Forum-Veinal.pdf\u00bb url_new_window=\u00bbon\u00bb button_text=\u00bbDocument PDF\u00bb _builder_version=\u00bb4.14.4&#8243; _module_preset=\u00bbdefault\u00bb hover_enabled=\u00bb0&#8243; global_colors_info=\u00bb{}\u00bb sticky_enabled=\u00bb0&#8243;][\/et_pb_button][\/et_pb_column][\/et_pb_row][et_pb_row _builder_version=\u00bb4.6.5&#8243; _module_preset=\u00bbdefault\u00bb global_colors_info=\u00bb{}\u00bb][et_pb_column type=\u00bb4_4&#8243; _builder_version=\u00bb4.6.5&#8243; _module_preset=\u00bbdefault\u00bb global_colors_info=\u00bb{}\u00bb][et_pb_divider color=\u00bb#cc0000&#8243; divider_weight=\u00bb4px\u00bb _builder_version=\u00bb4.6.5&#8243; _module_preset=\u00bbdefault\u00bb global_colors_info=\u00bb{}\u00bb][\/et_pb_divider][\/et_pb_column][\/et_pb_row][\/et_pb_section]<\/p>\n","protected":false},"excerpt":{"rendered":"<p>Primera edici\u00f3 Sisena reuni\u00f3 24 de novembre de 2020Sisena reuni\u00f3 del F\u00f2rum Ve\u00efnal 24 de novembre de 2020El dimarts 24 de novembre, a les 19.00 h, es van convocar dues reunions digitals amb les persones membres del F\u00f2rum Ve\u00efnal i amb les dinamitzadores mitjan\u00e7ant la plataforma en l\u00ednia Google Meet.Els encontres van ser simultanis, amb [&hellip;]<\/p>\n","protected":false},"author":8,"featured_media":0,"parent":0,"menu_order":0,"comment_status":"closed","ping_status":"closed","template":"","meta":{"_et_pb_use_builder":"on","_et_pb_old_content":"","_et_gb_content_width":"","_mc_calendar":[],"footnotes":""},"wf_page_folders":[1065],"class_list":["post-251580","page","type-page","status-publish","hentry"],"_links":{"self":[{"href":"https:\/\/museros.org\/inici\/wp-json\/wp\/v2\/pages\/251580","targetHints":{"allow":["GET"]}}],"collection":[{"href":"https:\/\/museros.org\/inici\/wp-json\/wp\/v2\/pages"}],"about":[{"href":"https:\/\/museros.org\/inici\/wp-json\/wp\/v2\/types\/page"}],"author":[{"embeddable":true,"href":"https:\/\/museros.org\/inici\/wp-json\/wp\/v2\/users\/8"}],"replies":[{"embeddable":true,"href":"https:\/\/museros.org\/inici\/wp-json\/wp\/v2\/comments?post=251580"}],"version-history":[{"count":6,"href":"https:\/\/museros.org\/inici\/wp-json\/wp\/v2\/pages\/251580\/revisions"}],"predecessor-version":[{"id":251728,"href":"https:\/\/museros.org\/inici\/wp-json\/wp\/v2\/pages\/251580\/revisions\/251728"}],"wp:attachment":[{"href":"https:\/\/museros.org\/inici\/wp-json\/wp\/v2\/media?parent=251580"}],"wp:term":[{"taxonomy":"wf_page_folders","embeddable":true,"href":"https:\/\/museros.org\/inici\/wp-json\/wp\/v2\/wf_page_folders?post=251580"}],"curies":[{"name":"wp","href":"https:\/\/api.w.org\/{rel}","templated":true}]}}

1e Sisena reunió

<p>[et_pb_section fb_built=»1&#8243; _builder_version=»4.10.4&#8243; _module_preset=»default» custom_margin=»0px||||false|false» custom_padding=»0px||||false|false» locked=»off» global_colors_info=»{}»][et_pb_row column_structure=»1_3,2_3&#8243; _builder_version=»4.10.4&#8243; _module_preset=»default» custom_margin=»0px||||false|false» custom_padding=»0px||||false|false» global_colors_info=»{}»][et_pb_column type=»1_3&#8243; _builder_version=»4.6.5&#8243; _module_preset=»default» global_colors_info=»{}»][et_pb_image src=»https://museros.org/wp-content/uploads/2021/06/logo-forumvecinal-230&#215;180-1.jpg» title_text=»logo-forumvecinal-230&#215;180&#8243; url=»https://museros.org/inici/forum-veinal/» use_overlay=»on» overlay_icon_color=»#E02B20&#8243; hover_overlay_color=»rgba(255,255,255,0.7)» hover_icon=»&#xe04d;||divi||400&#8243; align=»center» admin_label=»logo forum vecinal» _builder_version=»4.14.4&#8243; _module_preset=»default» width_tablet=»» width_phone=»100%» width_last_edited=»on|desktop» custom_margin=»60px||||false|false» custom_margin_tablet=»» custom_margin_phone=»0px||||false|false» custom_margin_last_edited=»on|desktop» hover_enabled=»0&#8243; locked=»off» global_colors_info=»{}» src__hover_enabled=»on|desktop» src__hover=»https://museros.org/wp-content/uploads/2021/06/logo-forumvecinal-230&#215;180-1.jpg» sticky_enabled=»0&#8243;][/et_pb_image][/et_pb_column][et_pb_column type=»2_3&#8243; _builder_version=»4.6.5&#8243; _module_preset=»default» global_colors_info=»{}»][et_pb_text _builder_version=»4.14.4&#8243; _module_preset=»default» global_colors_info=»{}»]</p>
<h3>Primera edició</h3>
<h1>Sisena reunió</h1>
<h5>24 de novembre de 2020</h5>
<p>[/et_pb_text][et_pb_image src=»https://museros.org/wp-content/uploads/2021/12/6a-reunio-forum.jpg» title_text=»6a-reunio-forum» _builder_version=»4.14.4&#8243; _module_preset=»default» global_colors_info=»{}»][/et_pb_image][et_pb_text _builder_version=»4.14.4&#8243; _module_preset=»default» global_colors_info=»{}»]</p>
<p>Sisena reunió del Fòrum Veïnal 24 de novembre de 2020<br />El dimarts 24 de novembre, a les 19.00 h, es van convocar dues reunions digitals amb les persones membres del Fòrum Veïnal i amb les dinamitzadores mitjançant la plataforma en línia Google Meet.<br />Els encontres van ser simultanis, amb l’objectiu d’abordar el disseny de l’acció de promoció de mobilitat de manera més eficient. Així doncs, durant 45 minuts, un grup es va centrar en la logística de la jornada i l’altre en la comunicació d’aquesta. Tot seguit, es van trobar cinc persones d’ambdós equips per fer una posada en comú.</p>
<p>[/et_pb_text][et_pb_button button_url=»https://museros.org/wp-content/uploads/2021/12/6a-reunio-Forum-Veinal.pdf» url_new_window=»on» button_text=»Document PDF» _builder_version=»4.14.4&#8243; _module_preset=»default» hover_enabled=»0&#8243; global_colors_info=»{}» sticky_enabled=»0&#8243;][/et_pb_button][/et_pb_column][/et_pb_row][et_pb_row _builder_version=»4.6.5&#8243; _module_preset=»default» global_colors_info=»{}»][et_pb_column type=»4_4&#8243; _builder_version=»4.6.5&#8243; _module_preset=»default» global_colors_info=»{}»][et_pb_divider color=»#cc0000&#8243; divider_weight=»4px» _builder_version=»4.6.5&#8243; _module_preset=»default» global_colors_info=»{}»][/et_pb_divider][/et_pb_column][/et_pb_row][/et_pb_section]</p>

<p>Primera edició Sisena reunió 24 de novembre de 2020Sisena reunió del Fòrum Veïnal 24 de novembre de 2020El dimarts 24 de novembre, a les 19.00 h, es van convocar dues reunions digitals amb les persones membres del Fòrum Veïnal i amb les dinamitzadores mitjançant la plataforma en línia Google Meet.Els encontres van ser simultanis, amb [&hellip;]</p>
