{"id":251575,"date":"2021-12-25T13:19:29","date_gmt":"2021-12-25T13:19:29","guid":{"rendered":"https:\/\/museros.org\/inici\/?page_id=251575"},"modified":"2021-12-26T12:40:18","modified_gmt":"2021-12-26T12:40:18","slug":"1e-quinta-reunion","status":"publish","type":"page","link":"https:\/\/museros.org\/inici\/es\/1e-quinta-reunion\/","title":{"rendered":"1e Quinta reuni\u00f3n"},"content":{"rendered":"<p>[et_pb_section fb_built=\u00bb1&#8243; _builder_version=\u00bb4.10.4&#8243; _module_preset=\u00bbdefault\u00bb custom_margin=\u00bb0px||||false|false\u00bb custom_padding=\u00bb0px||||false|false\u00bb locked=\u00bboff\u00bb global_colors_info=\u00bb{}\u00bb][et_pb_row column_structure=\u00bb1_3,2_3&#8243; _builder_version=\u00bb4.10.4&#8243; _module_preset=\u00bbdefault\u00bb custom_margin=\u00bb0px||||false|false\u00bb custom_padding=\u00bb0px||||false|false\u00bb global_colors_info=\u00bb{}\u00bb][et_pb_column type=\u00bb1_3&#8243; _builder_version=\u00bb4.6.5&#8243; _module_preset=\u00bbdefault\u00bb global_colors_info=\u00bb{}\u00bb][et_pb_image src=\u00bbhttps:\/\/museros.org\/wp-content\/uploads\/2021\/06\/logo-forumvecinal-230&#215;180-1.jpg\u00bb title_text=\u00bblogo-forumvecinal-230&#215;180&#8243; url=\u00bbhttps:\/\/museros.org\/inici\/es\/foro-vecinal\/\u00bb use_overlay=\u00bbon\u00bb overlay_icon_color=\u00bb#E02B20&#8243; hover_overlay_color=\u00bbrgba(255,255,255,0.7)\u00bb hover_icon=\u00bb&#xe04d;||divi||400&#8243; align=\u00bbcenter\u00bb admin_label=\u00bblogo forum vecinal\u00bb _builder_version=\u00bb4.14.4&#8243; _module_preset=\u00bbdefault\u00bb width_tablet=\u00bb\u00bb width_phone=\u00bb100%\u00bb width_last_edited=\u00bbon|desktop\u00bb custom_margin=\u00bb60px||||false|false\u00bb custom_margin_tablet=\u00bb\u00bb custom_margin_phone=\u00bb0px||||false|false\u00bb custom_margin_last_edited=\u00bbon|desktop\u00bb locked=\u00bboff\u00bb global_colors_info=\u00bb{}\u00bb src__hover_enabled=\u00bbon|desktop\u00bb src__hover=\u00bbhttps:\/\/museros.org\/wp-content\/uploads\/2021\/06\/logo-forumvecinal-230&#215;180-1.jpg\u00bb][\/et_pb_image][\/et_pb_column][et_pb_column type=\u00bb2_3&#8243; _builder_version=\u00bb4.6.5&#8243; _module_preset=\u00bbdefault\u00bb global_colors_info=\u00bb{}\u00bb][et_pb_text _builder_version=\u00bb4.14.4&#8243; _module_preset=\u00bbdefault\u00bb global_colors_info=\u00bb{}\u00bb]<\/p>\n<h3>Primera edici\u00f3n<\/h3>\n<h1>Quinta reuni\u00f3n<\/h1>\n<h5>3 de noviembre de 2020<\/h5>\n<p>[\/et_pb_text][et_pb_text _builder_version=\u00bb4.14.4&#8243; _module_preset=\u00bbdefault\u00bb global_colors_info=\u00bb{}\u00bb]<\/p>\n<p>El jueves 3 de noviembre, a las 19.00 h, se reunieron siete persones miembros del Foro Vecinal y las dos dinamizadoras mediante la plataforma en l\u00ednea Jitsi.<br \/>La conversaci\u00f3n sirvi\u00f3 para comprobar la comodidad de ese canal y tantear los \u00e1nimos del Foro. Todas las persones asistentes convinieron la importancia de darle continuidad a todo el que ya se ha trabajado y en la asunci\u00f3n que, dadas las circunstancias de excepcionalidad sanitaria, las reuniones virtuales son hoy por hoy la manera m\u00e1s segura de hacerlo.<br \/>Sin embargo, se destac\u00f3 que muchas personas quiz\u00e1s todav\u00eda no se han habituado a este medio y, por lo tanto, habr\u00e1 que resolver como incluirlas. Visto lo cual, se ha valorado que:<\/p>\n<p><strong>CANAL<\/strong><br \/>\u2022 JITSI es una buena plataforma para encontrarse, a pesar de que se tiene que tener en cuenta que hay horas en las cuales Internet se satura de videotelefonadas y va m\u00e1s lento.<br \/>\u2022 Andrea y Neus telefonearon personalmente a las personas que no se han presentado, a pesar de haber confirmado la asistencia, para atender sus dificultades y pensar qu\u00e9 plataforma (Jitsi, Hangout, WhatsApp, Zoom&#8230;) y qu\u00e9 horarios los resultar\u00eda m\u00e1s sencillo de utilizar.<br \/>\u2022 El pr\u00f3ximo videoencuentro ser\u00e1 digital tambi\u00e9n atendiendo a estos criterios, y quiz\u00e1s en grupos de ocho o diez personas, de aqu\u00ed a 3 semanas (fecha para confirmar).<br \/>\u2022 Las personas con m\u00e1s habilidad digital pueden ayudar o aconsejar las personas con menos facilidades. Tambi\u00e9n se puede considerar habilitar un espacio municipal con Wifi (como el Espacio Joven o la biblioteca) para quien no se pueda conectar desde casa.<br \/>\u2022 Se acuerda crear un grupo de WhatsApp, con unas pautas y normas de uso exclusivo para temas del Foro, para agilizar la comunicaci\u00f3n y apoyarse y acompa\u00f1amiento en estos momentos.<\/p>\n<p><strong>CONTENIDO<\/strong><br \/>\u2022 En la pr\u00f3xima sesi\u00f3n, se idear\u00e1 de manera colectiva la acci\u00f3n p\u00fablica del Foro, que estar\u00e1 relacionada con el entorno escolar seguro, dado el consenso y la urgencia con la cual se ha tratado el tema en los diversos talleres y reuniones del Foro.<br \/>\u2022 Se plantear\u00e1 como un reto para el pueblo: conseguir que un d\u00eda concreto el m\u00e1ximo n\u00famero de vecinos y vecinas vayan a pie, en bicicleta o con patinete a trabajar y en la escuela o en el instituto. Para hacer el recuento, si las condiciones sanitarias lo permiten, se pondr\u00eda una tableta (o dos o tres) en alg\u00fan punto estrat\u00e9gico porque la gente paso y se beba un chocolate caliente y recoja un obsequio (por ejemplo, unas mochilas promocionales del Foro).<br \/>\u2022 La planificaci\u00f3n de los trayectos tendr\u00e1 que tener en cuenta la Abanica y el pol\u00edgono. Ese d\u00eda habr\u00e1 que reforzar la regulaci\u00f3n del tr\u00e1fico y cortar calles.<br \/>\u2022 El tono de la campa\u00f1a comunicativa ser\u00e1 en positivo, se recoger\u00e1n los incentivos que el Foro ha expresado en varios talleres (mejor calidad ambiental, mejor estado de \u00e1nimo antes de entrar a clase o al trabajo, interrelaciones sociales durante el trayecto&#8230;).<br \/>\u2022 La acci\u00f3n se programar\u00e1 en la misma semana que se presente p\u00fablicamente lo PMUS (el Plan de movilidad urbana sostenible). Ser\u00e1n unos d\u00edas de apostar por la movilidad sostenible y de dar a conocer todas las aportaciones del Foro a lo largo de este a\u00f1o.<\/p>\n<p>[\/et_pb_text][\/et_pb_column][\/et_pb_row][et_pb_row _builder_version=\u00bb4.6.5&#8243; _module_preset=\u00bbdefault\u00bb global_colors_info=\u00bb{}\u00bb][et_pb_column type=\u00bb4_4&#8243; _builder_version=\u00bb4.6.5&#8243; _module_preset=\u00bbdefault\u00bb global_colors_info=\u00bb{}\u00bb][et_pb_divider color=\u00bb#cc0000&#8243; divider_weight=\u00bb4px\u00bb _builder_version=\u00bb4.6.5&#8243; _module_preset=\u00bbdefault\u00bb global_colors_info=\u00bb{}\u00bb][\/et_pb_divider][\/et_pb_column][\/et_pb_row][\/et_pb_section]<\/p>\n","protected":false},"excerpt":{"rendered":"<p>Primera edici\u00f3n Quinta reuni\u00f3n 3 de noviembre de 2020El jueves 3 de noviembre, a las 19.00 h, se reunieron siete persones miembros del Foro Vecinal y las dos dinamizadoras mediante la plataforma en l\u00ednea Jitsi.La conversaci\u00f3n sirvi\u00f3 para comprobar la comodidad de ese canal y tantear los \u00e1nimos del Foro. Todas las persones asistentes convinieron [&hellip;]<\/p>\n","protected":false},"author":8,"featured_media":0,"parent":0,"menu_order":0,"comment_status":"closed","ping_status":"closed","template":"","meta":{"_et_pb_use_builder":"on","_et_pb_old_content":"","_et_gb_content_width":"","_mc_calendar":[],"footnotes":""},"wf_page_folders":[1065],"class_list":["post-251575","page","type-page","status-publish","hentry"],"_links":{"self":[{"href":"https:\/\/museros.org\/inici\/wp-json\/wp\/v2\/pages\/251575","targetHints":{"allow":["GET"]}}],"collection":[{"href":"https:\/\/museros.org\/inici\/wp-json\/wp\/v2\/pages"}],"about":[{"href":"https:\/\/museros.org\/inici\/wp-json\/wp\/v2\/types\/page"}],"author":[{"embeddable":true,"href":"https:\/\/museros.org\/inici\/wp-json\/wp\/v2\/users\/8"}],"replies":[{"embeddable":true,"href":"https:\/\/museros.org\/inici\/wp-json\/wp\/v2\/comments?post=251575"}],"version-history":[{"count":3,"href":"https:\/\/museros.org\/inici\/wp-json\/wp\/v2\/pages\/251575\/revisions"}],"predecessor-version":[{"id":251737,"href":"https:\/\/museros.org\/inici\/wp-json\/wp\/v2\/pages\/251575\/revisions\/251737"}],"wp:attachment":[{"href":"https:\/\/museros.org\/inici\/wp-json\/wp\/v2\/media?parent=251575"}],"wp:term":[{"taxonomy":"wf_page_folders","embeddable":true,"href":"https:\/\/museros.org\/inici\/wp-json\/wp\/v2\/wf_page_folders?post=251575"}],"curies":[{"name":"wp","href":"https:\/\/api.w.org\/{rel}","templated":true}]}}

1e Quinta reunión

<p>[et_pb_section fb_built=»1&#8243; _builder_version=»4.10.4&#8243; _module_preset=»default» custom_margin=»0px||||false|false» custom_padding=»0px||||false|false» locked=»off» global_colors_info=»{}»][et_pb_row column_structure=»1_3,2_3&#8243; _builder_version=»4.10.4&#8243; _module_preset=»default» custom_margin=»0px||||false|false» custom_padding=»0px||||false|false» global_colors_info=»{}»][et_pb_column type=»1_3&#8243; _builder_version=»4.6.5&#8243; _module_preset=»default» global_colors_info=»{}»][et_pb_image src=»https://museros.org/wp-content/uploads/2021/06/logo-forumvecinal-230&#215;180-1.jpg» title_text=»logo-forumvecinal-230&#215;180&#8243; url=»https://museros.org/inici/es/foro-vecinal/» use_overlay=»on» overlay_icon_color=»#E02B20&#8243; hover_overlay_color=»rgba(255,255,255,0.7)» hover_icon=»&#xe04d;||divi||400&#8243; align=»center» admin_label=»logo forum vecinal» _builder_version=»4.14.4&#8243; _module_preset=»default» width_tablet=»» width_phone=»100%» width_last_edited=»on|desktop» custom_margin=»60px||||false|false» custom_margin_tablet=»» custom_margin_phone=»0px||||false|false» custom_margin_last_edited=»on|desktop» locked=»off» global_colors_info=»{}» src__hover_enabled=»on|desktop» src__hover=»https://museros.org/wp-content/uploads/2021/06/logo-forumvecinal-230&#215;180-1.jpg»][/et_pb_image][/et_pb_column][et_pb_column type=»2_3&#8243; _builder_version=»4.6.5&#8243; _module_preset=»default» global_colors_info=»{}»][et_pb_text _builder_version=»4.14.4&#8243; _module_preset=»default» global_colors_info=»{}»]</p>
<h3>Primera edición</h3>
<h1>Quinta reunión</h1>
<h5>3 de noviembre de 2020</h5>
<p>[/et_pb_text][et_pb_text _builder_version=»4.14.4&#8243; _module_preset=»default» global_colors_info=»{}»]</p>
<p>El jueves 3 de noviembre, a las 19.00 h, se reunieron siete persones miembros del Foro Vecinal y las dos dinamizadoras mediante la plataforma en línea Jitsi.<br />La conversación sirvió para comprobar la comodidad de ese canal y tantear los ánimos del Foro. Todas las persones asistentes convinieron la importancia de darle continuidad a todo el que ya se ha trabajado y en la asunción que, dadas las circunstancias de excepcionalidad sanitaria, las reuniones virtuales son hoy por hoy la manera más segura de hacerlo.<br />Sin embargo, se destacó que muchas personas quizás todavía no se han habituado a este medio y, por lo tanto, habrá que resolver como incluirlas. Visto lo cual, se ha valorado que:</p>
<p><strong>CANAL</strong><br />• JITSI es una buena plataforma para encontrarse, a pesar de que se tiene que tener en cuenta que hay horas en las cuales Internet se satura de videotelefonadas y va más lento.<br />• Andrea y Neus telefonearon personalmente a las personas que no se han presentado, a pesar de haber confirmado la asistencia, para atender sus dificultades y pensar qué plataforma (Jitsi, Hangout, WhatsApp, Zoom&#8230;) y qué horarios los resultaría más sencillo de utilizar.<br />• El próximo videoencuentro será digital también atendiendo a estos criterios, y quizás en grupos de ocho o diez personas, de aquí a 3 semanas (fecha para confirmar).<br />• Las personas con más habilidad digital pueden ayudar o aconsejar las personas con menos facilidades. También se puede considerar habilitar un espacio municipal con Wifi (como el Espacio Joven o la biblioteca) para quien no se pueda conectar desde casa.<br />• Se acuerda crear un grupo de WhatsApp, con unas pautas y normas de uso exclusivo para temas del Foro, para agilizar la comunicación y apoyarse y acompañamiento en estos momentos.</p>
<p><strong>CONTENIDO</strong><br />• En la próxima sesión, se ideará de manera colectiva la acción pública del Foro, que estará relacionada con el entorno escolar seguro, dado el consenso y la urgencia con la cual se ha tratado el tema en los diversos talleres y reuniones del Foro.<br />• Se planteará como un reto para el pueblo: conseguir que un día concreto el máximo número de vecinos y vecinas vayan a pie, en bicicleta o con patinete a trabajar y en la escuela o en el instituto. Para hacer el recuento, si las condiciones sanitarias lo permiten, se pondría una tableta (o dos o tres) en algún punto estratégico porque la gente paso y se beba un chocolate caliente y recoja un obsequio (por ejemplo, unas mochilas promocionales del Foro).<br />• La planificación de los trayectos tendrá que tener en cuenta la Abanica y el polígono. Ese día habrá que reforzar la regulación del tráfico y cortar calles.<br />• El tono de la campaña comunicativa será en positivo, se recogerán los incentivos que el Foro ha expresado en varios talleres (mejor calidad ambiental, mejor estado de ánimo antes de entrar a clase o al trabajo, interrelaciones sociales durante el trayecto&#8230;).<br />• La acción se programará en la misma semana que se presente públicamente lo PMUS (el Plan de movilidad urbana sostenible). Serán unos días de apostar por la movilidad sostenible y de dar a conocer todas las aportaciones del Foro a lo largo de este año.</p>
<p>[/et_pb_text][/et_pb_column][/et_pb_row][et_pb_row _builder_version=»4.6.5&#8243; _module_preset=»default» global_colors_info=»{}»][et_pb_column type=»4_4&#8243; _builder_version=»4.6.5&#8243; _module_preset=»default» global_colors_info=»{}»][et_pb_divider color=»#cc0000&#8243; divider_weight=»4px» _builder_version=»4.6.5&#8243; _module_preset=»default» global_colors_info=»{}»][/et_pb_divider][/et_pb_column][/et_pb_row][/et_pb_section]</p>

<p>Primera edición Quinta reunión 3 de noviembre de 2020El jueves 3 de noviembre, a las 19.00 h, se reunieron siete persones miembros del Foro Vecinal y las dos dinamizadoras mediante la plataforma en línea Jitsi.La conversación sirvió para comprobar la comodidad de ese canal y tantear los ánimos del Foro. Todas las persones asistentes convinieron [&hellip;]</p>
