{"id":251570,"date":"2021-12-25T13:12:57","date_gmt":"2021-12-25T13:12:57","guid":{"rendered":"https:\/\/museros.org\/inici\/?page_id=251570"},"modified":"2021-12-26T12:39:50","modified_gmt":"2021-12-26T12:39:50","slug":"1e-cinquena-reunio","status":"publish","type":"page","link":"https:\/\/museros.org\/inici\/1e-cinquena-reunio\/","title":{"rendered":"1e Cinquena reuni\u00f3"},"content":{"rendered":"<p>[et_pb_section fb_built=\u00bb1&#8243; _builder_version=\u00bb4.10.4&#8243; _module_preset=\u00bbdefault\u00bb custom_margin=\u00bb0px||||false|false\u00bb custom_padding=\u00bb0px||||false|false\u00bb locked=\u00bboff\u00bb global_colors_info=\u00bb{}\u00bb][et_pb_row column_structure=\u00bb1_3,2_3&#8243; _builder_version=\u00bb4.10.4&#8243; _module_preset=\u00bbdefault\u00bb custom_margin=\u00bb0px||||false|false\u00bb custom_padding=\u00bb0px||||false|false\u00bb global_colors_info=\u00bb{}\u00bb][et_pb_column type=\u00bb1_3&#8243; _builder_version=\u00bb4.6.5&#8243; _module_preset=\u00bbdefault\u00bb global_colors_info=\u00bb{}\u00bb][et_pb_image src=\u00bbhttps:\/\/museros.org\/wp-content\/uploads\/2021\/06\/logo-forumvecinal-230&#215;180-1.jpg\u00bb title_text=\u00bblogo-forumvecinal-230&#215;180&#8243; url=\u00bbhttps:\/\/museros.org\/inici\/forum-veinal\/\u00bb use_overlay=\u00bbon\u00bb overlay_icon_color=\u00bb#E02B20&#8243; hover_overlay_color=\u00bbrgba(255,255,255,0.7)\u00bb hover_icon=\u00bb&#xe04d;||divi||400&#8243; align=\u00bbcenter\u00bb admin_label=\u00bblogo forum vecinal\u00bb _builder_version=\u00bb4.14.4&#8243; _module_preset=\u00bbdefault\u00bb width_tablet=\u00bb\u00bb width_phone=\u00bb100%\u00bb width_last_edited=\u00bbon|desktop\u00bb custom_margin=\u00bb60px||||false|false\u00bb custom_margin_tablet=\u00bb\u00bb custom_margin_phone=\u00bb0px||||false|false\u00bb custom_margin_last_edited=\u00bbon|desktop\u00bb hover_enabled=\u00bb0&#8243; locked=\u00bboff\u00bb global_colors_info=\u00bb{}\u00bb src__hover_enabled=\u00bbon|desktop\u00bb src__hover=\u00bbhttps:\/\/museros.org\/wp-content\/uploads\/2021\/06\/logo-forumvecinal-230&#215;180-1.jpg\u00bb sticky_enabled=\u00bb0&#8243;][\/et_pb_image][\/et_pb_column][et_pb_column type=\u00bb2_3&#8243; _builder_version=\u00bb4.6.5&#8243; _module_preset=\u00bbdefault\u00bb global_colors_info=\u00bb{}\u00bb][et_pb_text _builder_version=\u00bb4.14.4&#8243; _module_preset=\u00bbdefault\u00bb global_colors_info=\u00bb{}\u00bb]<\/p>\n<h3>Primera edici\u00f3<\/h3>\n<h1>Cinquena reuni\u00f3<\/h1>\n<h5>3 de novembre de 2020<\/h5>\n<p>[\/et_pb_text][et_pb_text _builder_version=\u00bb4.14.4&#8243; _module_preset=\u00bbdefault\u00bb global_colors_info=\u00bb{}\u00bb]<\/p>\n<p>El dijous 3 de novembre, a les 19.00 h, es van reunir set persones membres del F\u00f2rum Ve\u00efnal i les dos dinamitzadores mitjan\u00e7ant la plataforma en l\u00ednia Jitsi.<br \/>La conversa va servir per comprovar la comoditat d\u2019aqueix canal i temptejar els \u00e0nims del F\u00f2rum. Totes les persones assistents van convindre la import\u00e0ncia de donar-li continu\u00eftat a tot el que ja s\u2019ha treballat i a l\u2019assumpci\u00f3 que, donades les circumst\u00e0ncies d\u2019excepcionalitat sanit\u00e0ria, les reunions virtuals s\u00f3n ara per ara la manera m\u00e9s segura de fer-ho.<br \/>No obstant aix\u00f2, es va destacar que moltes persones potser encara no s\u2019han habituat a aquest mitj\u00e0 i, per tant, caldr\u00e0 resoldre com incloure-les. Vist aix\u00f2, s\u2019ha valorat que:<\/p>\n<p><strong>CANAL<\/strong><br \/>\u2022 JITSI \u00e9s una bona plataforma per trobar-se, tot i que s\u2019ha de tindre en compte que hi ha hores en les quals Internet se satura de videotelefonades i va m\u00e9s lent.<br \/>\u2022 Andrea i Neus telefonaren personalment a les persones que no s\u2019han presentat, tot i haver confirmat l&#8217;assist\u00e8ncia, per atendre les seues dificultats i pensar quina plataforma (Jitsi, Hangout, WhatsApp, Zoom&#8230;) i quins horaris els resultaria m\u00e9s senzill d\u2019utilitzar.<br \/>\u2022 El pr\u00f2xim videoencontre ser\u00e0 digital tamb\u00e9 atenent a aquests criteris, i potser en grups de vuit o deu persones, d\u2019ac\u00ed a 3 setmanes (data per confirmar).<br \/>\u2022 Les persones amb m\u00e9s habilitat digital poden ajudar o aconsellar les persones amb menys facilitats. Tamb\u00e9 es pot considerar habilitar un espai municipal amb Wifi (com l\u2019Espai Jove o la biblioteca) per a qui no es puga connectar des de casa.<br \/>\u2022 S\u2019acorda crear un grup de WhatsApp, amb unes pautes i normes d\u2019\u00fas exclusiu per a temes del F\u00f2rum, per agilitzar la comunicaci\u00f3 i donar-se suport i acompanyament en aquests moments.<\/p>\n<p><strong>CONTINGUT<\/strong><br \/>\u2022 En la pr\u00f2xima sessi\u00f3, s\u2019idear\u00e0 de manera col\u00b7lectiva l\u2019acci\u00f3 p\u00fablica del F\u00f2rum, que estar\u00e0 relacionada amb l\u2019entorn escolar segur, donat el consens i la urg\u00e8ncia amb la qual s\u2019ha tractat el tema en els diversos tallers i reunions del F\u00f2rum.<br \/>\u2022 Es plantejar\u00e0 com un repte per al poble: aconseguir que un dia concret el m\u00e0xim n\u00famero de ve\u00efns i ve\u00efnes vagen a peu, amb bicicleta o amb patinet a treballar i a l\u2019escola o a l\u2019institut. Per fer el recompte, si les condicions sanit\u00e0ries ho permeten, es posaria una tauleta (o dos o tres) en algun punt estrat\u00e8gic perqu\u00e8 la gent hi passe i es bega un xocolate calent i reculla un obsequi (per exemple, unes motxilles promocionals del F\u00f2rum).<br \/>\u2022 La planificaci\u00f3 dels trajectes haur\u00e0 de tindre en compte la Venta i el pol\u00edgon. Aqueix dia caldr\u00e0 refor\u00e7ar la regulaci\u00f3 del tr\u00e0nsit i tallar carrers.<br \/>\u2022 El to de la campanya comunicativa ser\u00e0 en positiu, es recolliran els incentius que el F\u00f2rum ha expressat en diversos tallers (millor qualitat ambiental, millor estat d\u2019\u00e0nim abans d\u2019entrar a classe o al treball, interrelacions socials durant el trajecte&#8230;).<br \/>\u2022 L\u2019acci\u00f3 es programar\u00e0 en la mateixa setmana que es presente p\u00fablicament el PMUS (el Pla de mobilitat urbana sostenible). Seran uns dies d\u2019apostar per la mobilitat sostenible i de donar a con\u00e9ixer totes les aportacions del F\u00f2rum al llarg d\u2019aquest any.<\/p>\n<p>[\/et_pb_text][\/et_pb_column][\/et_pb_row][et_pb_row _builder_version=\u00bb4.6.5&#8243; _module_preset=\u00bbdefault\u00bb global_colors_info=\u00bb{}\u00bb][et_pb_column type=\u00bb4_4&#8243; _builder_version=\u00bb4.6.5&#8243; _module_preset=\u00bbdefault\u00bb global_colors_info=\u00bb{}\u00bb][et_pb_divider color=\u00bb#cc0000&#8243; divider_weight=\u00bb4px\u00bb _builder_version=\u00bb4.6.5&#8243; _module_preset=\u00bbdefault\u00bb global_colors_info=\u00bb{}\u00bb][\/et_pb_divider][\/et_pb_column][\/et_pb_row][\/et_pb_section]<\/p>\n","protected":false},"excerpt":{"rendered":"<p>Primera edici\u00f3 Cinquena reuni\u00f3 3 de novembre de 2020El dijous 3 de novembre, a les 19.00 h, es van reunir set persones membres del F\u00f2rum Ve\u00efnal i les dos dinamitzadores mitjan\u00e7ant la plataforma en l\u00ednia Jitsi.La conversa va servir per comprovar la comoditat d\u2019aqueix canal i temptejar els \u00e0nims del F\u00f2rum. Totes les persones assistents [&hellip;]<\/p>\n","protected":false},"author":8,"featured_media":0,"parent":0,"menu_order":0,"comment_status":"closed","ping_status":"closed","template":"","meta":{"_et_pb_use_builder":"on","_et_pb_old_content":"","_et_gb_content_width":"","_mc_calendar":[],"footnotes":""},"wf_page_folders":[1065],"class_list":["post-251570","page","type-page","status-publish","hentry"],"_links":{"self":[{"href":"https:\/\/museros.org\/inici\/wp-json\/wp\/v2\/pages\/251570","targetHints":{"allow":["GET"]}}],"collection":[{"href":"https:\/\/museros.org\/inici\/wp-json\/wp\/v2\/pages"}],"about":[{"href":"https:\/\/museros.org\/inici\/wp-json\/wp\/v2\/types\/page"}],"author":[{"embeddable":true,"href":"https:\/\/museros.org\/inici\/wp-json\/wp\/v2\/users\/8"}],"replies":[{"embeddable":true,"href":"https:\/\/museros.org\/inici\/wp-json\/wp\/v2\/comments?post=251570"}],"version-history":[{"count":8,"href":"https:\/\/museros.org\/inici\/wp-json\/wp\/v2\/pages\/251570\/revisions"}],"predecessor-version":[{"id":251714,"href":"https:\/\/museros.org\/inici\/wp-json\/wp\/v2\/pages\/251570\/revisions\/251714"}],"wp:attachment":[{"href":"https:\/\/museros.org\/inici\/wp-json\/wp\/v2\/media?parent=251570"}],"wp:term":[{"taxonomy":"wf_page_folders","embeddable":true,"href":"https:\/\/museros.org\/inici\/wp-json\/wp\/v2\/wf_page_folders?post=251570"}],"curies":[{"name":"wp","href":"https:\/\/api.w.org\/{rel}","templated":true}]}}

1e Cinquena reunió

<p>[et_pb_section fb_built=»1&#8243; _builder_version=»4.10.4&#8243; _module_preset=»default» custom_margin=»0px||||false|false» custom_padding=»0px||||false|false» locked=»off» global_colors_info=»{}»][et_pb_row column_structure=»1_3,2_3&#8243; _builder_version=»4.10.4&#8243; _module_preset=»default» custom_margin=»0px||||false|false» custom_padding=»0px||||false|false» global_colors_info=»{}»][et_pb_column type=»1_3&#8243; _builder_version=»4.6.5&#8243; _module_preset=»default» global_colors_info=»{}»][et_pb_image src=»https://museros.org/wp-content/uploads/2021/06/logo-forumvecinal-230&#215;180-1.jpg» title_text=»logo-forumvecinal-230&#215;180&#8243; url=»https://museros.org/inici/forum-veinal/» use_overlay=»on» overlay_icon_color=»#E02B20&#8243; hover_overlay_color=»rgba(255,255,255,0.7)» hover_icon=»&#xe04d;||divi||400&#8243; align=»center» admin_label=»logo forum vecinal» _builder_version=»4.14.4&#8243; _module_preset=»default» width_tablet=»» width_phone=»100%» width_last_edited=»on|desktop» custom_margin=»60px||||false|false» custom_margin_tablet=»» custom_margin_phone=»0px||||false|false» custom_margin_last_edited=»on|desktop» hover_enabled=»0&#8243; locked=»off» global_colors_info=»{}» src__hover_enabled=»on|desktop» src__hover=»https://museros.org/wp-content/uploads/2021/06/logo-forumvecinal-230&#215;180-1.jpg» sticky_enabled=»0&#8243;][/et_pb_image][/et_pb_column][et_pb_column type=»2_3&#8243; _builder_version=»4.6.5&#8243; _module_preset=»default» global_colors_info=»{}»][et_pb_text _builder_version=»4.14.4&#8243; _module_preset=»default» global_colors_info=»{}»]</p>
<h3>Primera edició</h3>
<h1>Cinquena reunió</h1>
<h5>3 de novembre de 2020</h5>
<p>[/et_pb_text][et_pb_text _builder_version=»4.14.4&#8243; _module_preset=»default» global_colors_info=»{}»]</p>
<p>El dijous 3 de novembre, a les 19.00 h, es van reunir set persones membres del Fòrum Veïnal i les dos dinamitzadores mitjançant la plataforma en línia Jitsi.<br />La conversa va servir per comprovar la comoditat d’aqueix canal i temptejar els ànims del Fòrum. Totes les persones assistents van convindre la importància de donar-li continuïtat a tot el que ja s’ha treballat i a l’assumpció que, donades les circumstàncies d’excepcionalitat sanitària, les reunions virtuals són ara per ara la manera més segura de fer-ho.<br />No obstant això, es va destacar que moltes persones potser encara no s’han habituat a aquest mitjà i, per tant, caldrà resoldre com incloure-les. Vist això, s’ha valorat que:</p>
<p><strong>CANAL</strong><br />• JITSI és una bona plataforma per trobar-se, tot i que s’ha de tindre en compte que hi ha hores en les quals Internet se satura de videotelefonades i va més lent.<br />• Andrea i Neus telefonaren personalment a les persones que no s’han presentat, tot i haver confirmat l&#8217;assistència, per atendre les seues dificultats i pensar quina plataforma (Jitsi, Hangout, WhatsApp, Zoom&#8230;) i quins horaris els resultaria més senzill d’utilitzar.<br />• El pròxim videoencontre serà digital també atenent a aquests criteris, i potser en grups de vuit o deu persones, d’ací a 3 setmanes (data per confirmar).<br />• Les persones amb més habilitat digital poden ajudar o aconsellar les persones amb menys facilitats. També es pot considerar habilitar un espai municipal amb Wifi (com l’Espai Jove o la biblioteca) per a qui no es puga connectar des de casa.<br />• S’acorda crear un grup de WhatsApp, amb unes pautes i normes d’ús exclusiu per a temes del Fòrum, per agilitzar la comunicació i donar-se suport i acompanyament en aquests moments.</p>
<p><strong>CONTINGUT</strong><br />• En la pròxima sessió, s’idearà de manera col·lectiva l’acció pública del Fòrum, que estarà relacionada amb l’entorn escolar segur, donat el consens i la urgència amb la qual s’ha tractat el tema en els diversos tallers i reunions del Fòrum.<br />• Es plantejarà com un repte per al poble: aconseguir que un dia concret el màxim número de veïns i veïnes vagen a peu, amb bicicleta o amb patinet a treballar i a l’escola o a l’institut. Per fer el recompte, si les condicions sanitàries ho permeten, es posaria una tauleta (o dos o tres) en algun punt estratègic perquè la gent hi passe i es bega un xocolate calent i reculla un obsequi (per exemple, unes motxilles promocionals del Fòrum).<br />• La planificació dels trajectes haurà de tindre en compte la Venta i el polígon. Aqueix dia caldrà reforçar la regulació del trànsit i tallar carrers.<br />• El to de la campanya comunicativa serà en positiu, es recolliran els incentius que el Fòrum ha expressat en diversos tallers (millor qualitat ambiental, millor estat d’ànim abans d’entrar a classe o al treball, interrelacions socials durant el trajecte&#8230;).<br />• L’acció es programarà en la mateixa setmana que es presente públicament el PMUS (el Pla de mobilitat urbana sostenible). Seran uns dies d’apostar per la mobilitat sostenible i de donar a conéixer totes les aportacions del Fòrum al llarg d’aquest any.</p>
<p>[/et_pb_text][/et_pb_column][/et_pb_row][et_pb_row _builder_version=»4.6.5&#8243; _module_preset=»default» global_colors_info=»{}»][et_pb_column type=»4_4&#8243; _builder_version=»4.6.5&#8243; _module_preset=»default» global_colors_info=»{}»][et_pb_divider color=»#cc0000&#8243; divider_weight=»4px» _builder_version=»4.6.5&#8243; _module_preset=»default» global_colors_info=»{}»][/et_pb_divider][/et_pb_column][/et_pb_row][/et_pb_section]</p>

<p>Primera edició Cinquena reunió 3 de novembre de 2020El dijous 3 de novembre, a les 19.00 h, es van reunir set persones membres del Fòrum Veïnal i les dos dinamitzadores mitjançant la plataforma en línia Jitsi.La conversa va servir per comprovar la comoditat d’aqueix canal i temptejar els ànims del Fòrum. Totes les persones assistents [&hellip;]</p>
