{"id":251533,"date":"2021-12-25T12:11:07","date_gmt":"2021-12-25T12:11:07","guid":{"rendered":"https:\/\/museros.org\/inici\/?page_id=251533"},"modified":"2021-12-26T12:46:24","modified_gmt":"2021-12-26T12:46:24","slug":"1e-tercera-reunion","status":"publish","type":"page","link":"https:\/\/museros.org\/inici\/es\/1e-tercera-reunion\/","title":{"rendered":"1e Tercera reuni\u00f3n"},"content":{"rendered":"\n[et_pb_section fb_built=\u00bb1&#8243; _builder_version=\u00bb4.10.4&#8243; _module_preset=\u00bbdefault\u00bb custom_margin=\u00bb0px||||false|false\u00bb custom_padding=\u00bb0px||||false|false\u00bb locked=\u00bboff\u00bb global_colors_info=\u00bb{}\u00bb][et_pb_row column_structure=\u00bb1_3,2_3&#8243; _builder_version=\u00bb4.10.4&#8243; _module_preset=\u00bbdefault\u00bb custom_margin=\u00bb0px||||false|false\u00bb custom_padding=\u00bb0px||||false|false\u00bb global_colors_info=\u00bb{}\u00bb][et_pb_column type=\u00bb1_3&#8243; _builder_version=\u00bb4.6.5&#8243; _module_preset=\u00bbdefault\u00bb global_colors_info=\u00bb{}\u00bb][et_pb_image src=\u00bbhttps:\/\/museros.org\/wp-content\/uploads\/2021\/06\/logo-forumvecinal-230&#215;180-1.jpg\u00bb title_text=\u00bblogo-forumvecinal-230&#215;180&#8243; url=\u00bbhttps:\/\/museros.org\/inici\/es\/foro-vecinal\/\u00bb use_overlay=\u00bbon\u00bb overlay_icon_color=\u00bb#E02B20&#8243; hover_overlay_color=\u00bbrgba(255,255,255,0.7)\u00bb hover_icon=\u00bb&#xe04d;||divi||400&#8243; align=\u00bbcenter\u00bb admin_label=\u00bblogo forum vecinal\u00bb _builder_version=\u00bb4.14.4&#8243; _module_preset=\u00bbdefault\u00bb width_tablet=\u00bb\u00bb width_phone=\u00bb100%\u00bb width_last_edited=\u00bbon|desktop\u00bb custom_margin=\u00bb60px||||false|false\u00bb custom_margin_tablet=\u00bb\u00bb custom_margin_phone=\u00bb0px||||false|false\u00bb custom_margin_last_edited=\u00bbon|desktop\u00bb locked=\u00bboff\u00bb global_colors_info=\u00bb{}\u00bb src__hover_enabled=\u00bbon|desktop\u00bb src__hover=\u00bbhttps:\/\/museros.org\/wp-content\/uploads\/2021\/06\/logo-forumvecinal-230&#215;180-1.jpg\u00bb][\/et_pb_image][\/et_pb_column][et_pb_column type=\u00bb2_3&#8243; _builder_version=\u00bb4.6.5&#8243; _module_preset=\u00bbdefault\u00bb global_colors_info=\u00bb{}\u00bb][et_pb_text _builder_version=\u00bb4.14.4&#8243; _module_preset=\u00bbdefault\u00bb global_colors_info=\u00bb{}\u00bb]<h3>Primera edici\u00f3n<\/h3>\n<h1>Tercera reuni\u00f3n<\/h1>\n<h5>21 de julio de 2020<\/h5>[\/et_pb_text][et_pb_image src=\u00bbhttps:\/\/museros.org\/wp-content\/uploads\/2021\/12\/3a-reunio-forum.jpg\u00bb title_text=\u00bb3a-reunio-forum\u00bb _builder_version=\u00bb4.14.4&#8243; _module_preset=\u00bbdefault\u00bb custom_margin=\u00bb30px||30px||false|false\u00bb global_colors_info=\u00bb{}\u00bb][\/et_pb_image][et_pb_text _builder_version=\u00bb4.14.4&#8243; _module_preset=\u00bbdefault\u00bb global_colors_info=\u00bb{}\u00bb]<p>El martes 21 de julio, a las 19.30 h, en el patio interior del Centro de D\u00eda, tuvo lugar el tercer encuentro del Foro Vecinal de Museros. Los objetivos del mismo eran hacer una devoluci\u00f3n del diagn\u00f3stico sobre la movilidad del municipio as\u00ed como de las propuestas recogidas en las entrevistas grupales realizadas el pasado mas de junio, validarlas y matizarlas si hiciera falta, y empezar a definir la acci\u00f3n colectiva que impulsar\u00e1 el Foro en el oto\u00f1o de 2020.<\/p>[\/et_pb_text][et_pb_button button_url=\u00bbhttps:\/\/museros.org\/wp-content\/uploads\/2021\/12\/3a-Reunio-Forum-Veinal.pdf\u00bb url_new_window=\u00bbon\u00bb button_text=\u00bbDocumento PDF\u00bb _builder_version=\u00bb4.14.4&#8243; _module_preset=\u00bbdefault\u00bb global_colors_info=\u00bb{}\u00bb][\/et_pb_button][\/et_pb_column][\/et_pb_row][et_pb_row _builder_version=\u00bb4.6.5&#8243; _module_preset=\u00bbdefault\u00bb global_colors_info=\u00bb{}\u00bb][et_pb_column type=\u00bb4_4&#8243; _builder_version=\u00bb4.6.5&#8243; _module_preset=\u00bbdefault\u00bb global_colors_info=\u00bb{}\u00bb][et_pb_divider color=\u00bb#cc0000&#8243; divider_weight=\u00bb4px\u00bb _builder_version=\u00bb4.6.5&#8243; _module_preset=\u00bbdefault\u00bb global_colors_info=\u00bb{}\u00bb][\/et_pb_divider][\/et_pb_column][\/et_pb_row][\/et_pb_section]\n","protected":false},"excerpt":{"rendered":"<p>Primera edici\u00f3n Tercera reuni\u00f3n 21 de julio de 2020El martes 21 de julio, a las 19.30 h, en el patio interior del Centro de D\u00eda, tuvo lugar el tercer encuentro del Foro Vecinal de Museros. Los objetivos del mismo eran hacer una devoluci\u00f3n del diagn\u00f3stico sobre la movilidad del municipio as\u00ed como de las propuestas [&hellip;]<\/p>\n","protected":false},"author":8,"featured_media":0,"parent":0,"menu_order":0,"comment_status":"closed","ping_status":"closed","template":"","meta":{"_et_pb_use_builder":"on","_et_pb_old_content":"","_et_gb_content_width":"","_mc_calendar":[],"footnotes":""},"wf_page_folders":[1065],"class_list":["post-251533","page","type-page","status-publish","hentry"],"_links":{"self":[{"href":"https:\/\/museros.org\/inici\/wp-json\/wp\/v2\/pages\/251533","targetHints":{"allow":["GET"]}}],"collection":[{"href":"https:\/\/museros.org\/inici\/wp-json\/wp\/v2\/pages"}],"about":[{"href":"https:\/\/museros.org\/inici\/wp-json\/wp\/v2\/types\/page"}],"author":[{"embeddable":true,"href":"https:\/\/museros.org\/inici\/wp-json\/wp\/v2\/users\/8"}],"replies":[{"embeddable":true,"href":"https:\/\/museros.org\/inici\/wp-json\/wp\/v2\/comments?post=251533"}],"version-history":[{"count":6,"href":"https:\/\/museros.org\/inici\/wp-json\/wp\/v2\/pages\/251533\/revisions"}],"predecessor-version":[{"id":251756,"href":"https:\/\/museros.org\/inici\/wp-json\/wp\/v2\/pages\/251533\/revisions\/251756"}],"wp:attachment":[{"href":"https:\/\/museros.org\/inici\/wp-json\/wp\/v2\/media?parent=251533"}],"wp:term":[{"taxonomy":"wf_page_folders","embeddable":true,"href":"https:\/\/museros.org\/inici\/wp-json\/wp\/v2\/wf_page_folders?post=251533"}],"curies":[{"name":"wp","href":"https:\/\/api.w.org\/{rel}","templated":true}]}}

1e Tercera reunión

[et_pb_section fb_built=»1&#8243; _builder_version=»4.10.4&#8243; _module_preset=»default» custom_margin=»0px||||false|false» custom_padding=»0px||||false|false» locked=»off» global_colors_info=»{}»][et_pb_row column_structure=»1_3,2_3&#8243; _builder_version=»4.10.4&#8243; _module_preset=»default» custom_margin=»0px||||false|false» custom_padding=»0px||||false|false» global_colors_info=»{}»][et_pb_column type=»1_3&#8243; _builder_version=»4.6.5&#8243; _module_preset=»default» global_colors_info=»{}»][et_pb_image src=»https://museros.org/wp-content/uploads/2021/06/logo-forumvecinal-230&#215;180-1.jpg» title_text=»logo-forumvecinal-230&#215;180&#8243; url=»https://museros.org/inici/es/foro-vecinal/» use_overlay=»on» overlay_icon_color=»#E02B20&#8243; hover_overlay_color=»rgba(255,255,255,0.7)» hover_icon=»&#xe04d;||divi||400&#8243; align=»center» admin_label=»logo forum vecinal» _builder_version=»4.14.4&#8243; _module_preset=»default» width_tablet=»» width_phone=»100%» width_last_edited=»on|desktop» custom_margin=»60px||||false|false» custom_margin_tablet=»» custom_margin_phone=»0px||||false|false» custom_margin_last_edited=»on|desktop» locked=»off» global_colors_info=»{}» src__hover_enabled=»on|desktop» src__hover=»https://museros.org/wp-content/uploads/2021/06/logo-forumvecinal-230&#215;180-1.jpg»][/et_pb_image][/et_pb_column][et_pb_column type=»2_3&#8243; _builder_version=»4.6.5&#8243; _module_preset=»default» global_colors_info=»{}»][et_pb_text _builder_version=»4.14.4&#8243; _module_preset=»default» global_colors_info=»{}»]<h3>Primera edición</h3>
<h1>Tercera reunión</h1>
<h5>21 de julio de 2020</h5>[/et_pb_text][et_pb_image src=»https://museros.org/wp-content/uploads/2021/12/3a-reunio-forum.jpg» title_text=»3a-reunio-forum» _builder_version=»4.14.4&#8243; _module_preset=»default» custom_margin=»30px||30px||false|false» global_colors_info=»{}»][/et_pb_image][et_pb_text _builder_version=»4.14.4&#8243; _module_preset=»default» global_colors_info=»{}»]<p>El martes 21 de julio, a las 19.30 h, en el patio interior del Centro de Día, tuvo lugar el tercer encuentro del Foro Vecinal de Museros. Los objetivos del mismo eran hacer una devolución del diagnóstico sobre la movilidad del municipio así como de las propuestas recogidas en las entrevistas grupales realizadas el pasado mas de junio, validarlas y matizarlas si hiciera falta, y empezar a definir la acción colectiva que impulsará el Foro en el otoño de 2020.</p>[/et_pb_text][et_pb_button button_url=»https://museros.org/wp-content/uploads/2021/12/3a-Reunio-Forum-Veinal.pdf» url_new_window=»on» button_text=»Documento PDF» _builder_version=»4.14.4&#8243; _module_preset=»default» global_colors_info=»{}»][/et_pb_button][/et_pb_column][/et_pb_row][et_pb_row _builder_version=»4.6.5&#8243; _module_preset=»default» global_colors_info=»{}»][et_pb_column type=»4_4&#8243; _builder_version=»4.6.5&#8243; _module_preset=»default» global_colors_info=»{}»][et_pb_divider color=»#cc0000&#8243; divider_weight=»4px» _builder_version=»4.6.5&#8243; _module_preset=»default» global_colors_info=»{}»][/et_pb_divider][/et_pb_column][/et_pb_row][/et_pb_section]

<p>Primera edición Tercera reunión 21 de julio de 2020El martes 21 de julio, a las 19.30 h, en el patio interior del Centro de Día, tuvo lugar el tercer encuentro del Foro Vecinal de Museros. Los objetivos del mismo eran hacer una devolución del diagnóstico sobre la movilidad del municipio así como de las propuestas [&hellip;]</p>
