{"id":251492,"date":"2021-12-25T10:37:28","date_gmt":"2021-12-25T10:37:28","guid":{"rendered":"https:\/\/museros.org\/inici\/?page_id=251492"},"modified":"2021-12-26T12:05:57","modified_gmt":"2021-12-26T12:05:57","slug":"1e-primera-reunio","status":"publish","type":"page","link":"https:\/\/museros.org\/inici\/1e-primera-reunio\/","title":{"rendered":"1e Primera reuni\u00f3"},"content":{"rendered":"<p>[et_pb_section fb_built=\u00bb1&#8243; _builder_version=\u00bb4.10.4&#8243; _module_preset=\u00bbdefault\u00bb custom_margin=\u00bb0px||||false|false\u00bb custom_padding=\u00bb0px||||false|false\u00bb locked=\u00bboff\u00bb global_colors_info=\u00bb{}\u00bb][et_pb_row column_structure=\u00bb1_3,2_3&#8243; _builder_version=\u00bb4.10.4&#8243; _module_preset=\u00bbdefault\u00bb custom_margin=\u00bb0px||||false|false\u00bb custom_padding=\u00bb0px||||false|false\u00bb global_colors_info=\u00bb{}\u00bb][et_pb_column type=\u00bb1_3&#8243; _builder_version=\u00bb4.6.5&#8243; _module_preset=\u00bbdefault\u00bb global_colors_info=\u00bb{}\u00bb][et_pb_image src=\u00bbhttps:\/\/museros.org\/wp-content\/uploads\/2021\/06\/logo-forumvecinal-230&#215;180-1.jpg\u00bb title_text=\u00bblogo-forumvecinal-230&#215;180&#8243; url=\u00bbhttps:\/\/museros.org\/inici\/forum-veinal\/\u00bb use_overlay=\u00bbon\u00bb overlay_icon_color=\u00bb#E02B20&#8243; hover_overlay_color=\u00bbrgba(255,255,255,0.7)\u00bb hover_icon=\u00bb&#xe04d;||divi||400&#8243; align=\u00bbcenter\u00bb admin_label=\u00bblogo forum vecinal\u00bb _builder_version=\u00bb4.14.4&#8243; _module_preset=\u00bbdefault\u00bb width_tablet=\u00bb\u00bb width_phone=\u00bb100%\u00bb width_last_edited=\u00bbon|desktop\u00bb custom_margin=\u00bb60px||||false|false\u00bb custom_margin_tablet=\u00bb\u00bb custom_margin_phone=\u00bb0px||||false|false\u00bb custom_margin_last_edited=\u00bbon|desktop\u00bb hover_enabled=\u00bb0&#8243; locked=\u00bboff\u00bb global_colors_info=\u00bb{}\u00bb src__hover_enabled=\u00bbon|desktop\u00bb src__hover=\u00bbhttps:\/\/museros.org\/wp-content\/uploads\/2021\/06\/logo-forumvecinal-230&#215;180-1.jpg\u00bb sticky_enabled=\u00bb0&#8243;][\/et_pb_image][\/et_pb_column][et_pb_column type=\u00bb2_3&#8243; _builder_version=\u00bb4.6.5&#8243; _module_preset=\u00bbdefault\u00bb global_colors_info=\u00bb{}\u00bb][et_pb_text _builder_version=\u00bb4.14.4&#8243; _module_preset=\u00bbdefault\u00bb global_colors_info=\u00bb{}\u00bb]<\/p>\n<h3>Primera edici\u00f3<\/h3>\n<h1>Primera reuni\u00f3<\/h1>\n<h5>3 de mar\u00e7 de 2020<\/h5>\n<p>[\/et_pb_text][et_pb_image src=\u00bbhttps:\/\/museros.org\/wp-content\/uploads\/2021\/12\/1a-reunio-forum.jpg\u00bb title_text=\u00bb1a-reunio-forum\u00bb _builder_version=\u00bb4.14.4&#8243; _module_preset=\u00bbdefault\u00bb custom_margin=\u00bb30px||30px||false|false\u00bb global_colors_info=\u00bb{}\u00bb][\/et_pb_image][et_pb_text _builder_version=\u00bb4.14.4&#8243; _module_preset=\u00bbdefault\u00bb global_colors_info=\u00bb{}\u00bb]<\/p>\n<p>La vesprada del 3 de mar\u00e7 va tindre lloc la primera reuni\u00f3 del F\u00f2rum Ve\u00efnal de Museros. A aquesta, van assistir 16 persones (9 dones i 7 homes), de les 25 inicials que conformen aquest \u00f2rgan. L&#8217;objectiu principal va ser realitzar una aproximaci\u00f3 als fonaments te\u00f2rics relacionats amb els temes que seran tractats durant la primera edici\u00f3 del F\u00f2rum Ve\u00efnal.<br \/>A l&#8217;inici, el grup va fer una xicoteta din\u00e0mica mitjan\u00e7ant la qual comen\u00e7aren a parlar sobre el concepte de salut. A partir de l&#8217;experi\u00e8ncia quotidiana de cadascuna de les persones participants, s&#8217;intercanviaren parers i es gener\u00e0 un clima de confian\u00e7a entre les persones assistents que va facilitar que intervingueren animadament en la segona part de la sessi\u00f3.<br \/>A continuaci\u00f3, s&#8217;abordaren els continguts<br \/>te\u00f2rics mitjan\u00e7ant una presentaci\u00f3 en PowerPoint sobre el IV Pla de salut de la Comunitat Valenciana i els plans de mobilitat urbana sostenible, dues directrius pol\u00edtiques que l&#8217;Ajuntament vol impulsar a Museros amb la col\u00b7laboraci\u00f3 del F\u00f2rum Ve\u00efnal. Per tant, aquesta sessi\u00f3 formativa tractava d&#8217;oferir eines de reflexi\u00f3 perqu\u00e8 la participaci\u00f3 d&#8217;entitats i ve\u00efnat en aquest proc\u00e9s siga significativa i estiga emmarcada en un llenguatge compartit.<br \/>Aix\u00ed doncs, la presentaci\u00f3 va abordar fonamentalment quins s\u00f3n els determinants socials de la salut, tot emfatitzant com el model urban\u00edstic configura els nostres pobles i influeix en la salut del ve\u00efnat. Es va reflexionar sobre alguns espais de Museros i les oportunitats que ofereixen per a promoure la trobada i les relacions ve\u00efnals. En aquest sentit, el grup parl\u00e0 del paper de les associacions i de la festa com espai de sociabilitat. A m\u00e9s a m\u00e9s, es tractaren temes com la contaminaci\u00f3 atmosf\u00e8rica i ac\u00fastica, la qualitat de les zones verdes i la necessitat de generar espais realment inclusius, tenint en compte les persones de diferents edats, or\u00edgens i capacitats diverses. Altres q\u00fcestions com la soledat no desitjada o la relaci\u00f3 amb el Centre de Salut tamb\u00e9 despertaren l&#8217;inter\u00e9s del grup.<br \/>La sessi\u00f3 acab\u00e0 amb la contextualitzaci\u00f3 de l&#8217;elaboraci\u00f3 del Pla de mobilitat urbana sostenible de Museros, que actualment es troba en fase de redacci\u00f3. S&#8217;explic\u00e0 que es realitzaran diferents accions participatives perqu\u00e8 la ciutadania s\u2019hi puga implicar. En concret, pel que fa al F\u00f2rum, es va transmetre que en la pr\u00f2xima sessi\u00f3, que ser\u00e0 31 de mar\u00e7, a les 19.30 h, es far\u00e0 un taller per tractar aquest tema.<br \/>Per finalitzar, es va acordar generar, en la pr\u00f2xima reuni\u00f3, un grup de Whatsapp que servisca nom\u00e9s per a recordar convocat\u00f2ries, enviar resums de les reunions i confirmar l&#8217;assist\u00e8ncia a les sessions.<\/p>\n<p>[\/et_pb_text][\/et_pb_column][\/et_pb_row][et_pb_row _builder_version=\u00bb4.6.5&#8243; _module_preset=\u00bbdefault\u00bb global_colors_info=\u00bb{}\u00bb][et_pb_column type=\u00bb4_4&#8243; _builder_version=\u00bb4.6.5&#8243; _module_preset=\u00bbdefault\u00bb global_colors_info=\u00bb{}\u00bb][et_pb_divider color=\u00bb#cc0000&#8243; divider_weight=\u00bb4px\u00bb _builder_version=\u00bb4.6.5&#8243; _module_preset=\u00bbdefault\u00bb global_colors_info=\u00bb{}\u00bb][\/et_pb_divider][\/et_pb_column][\/et_pb_row][\/et_pb_section]<\/p>\n","protected":false},"excerpt":{"rendered":"<p>Primera edici\u00f3 Primera reuni\u00f3 3 de mar\u00e7 de 2020La vesprada del 3 de mar\u00e7 va tindre lloc la primera reuni\u00f3 del F\u00f2rum Ve\u00efnal de Museros. A aquesta, van assistir 16 persones (9 dones i 7 homes), de les 25 inicials que conformen aquest \u00f2rgan. L&#8217;objectiu principal va ser realitzar una aproximaci\u00f3 als fonaments te\u00f2rics relacionats [&hellip;]<\/p>\n","protected":false},"author":8,"featured_media":0,"parent":0,"menu_order":0,"comment_status":"closed","ping_status":"closed","template":"","meta":{"_et_pb_use_builder":"on","_et_pb_old_content":"","_et_gb_content_width":"","_mc_calendar":[],"footnotes":""},"wf_page_folders":[1065],"class_list":["post-251492","page","type-page","status-publish","hentry"],"_links":{"self":[{"href":"https:\/\/museros.org\/inici\/wp-json\/wp\/v2\/pages\/251492","targetHints":{"allow":["GET"]}}],"collection":[{"href":"https:\/\/museros.org\/inici\/wp-json\/wp\/v2\/pages"}],"about":[{"href":"https:\/\/museros.org\/inici\/wp-json\/wp\/v2\/types\/page"}],"author":[{"embeddable":true,"href":"https:\/\/museros.org\/inici\/wp-json\/wp\/v2\/users\/8"}],"replies":[{"embeddable":true,"href":"https:\/\/museros.org\/inici\/wp-json\/wp\/v2\/comments?post=251492"}],"version-history":[{"count":8,"href":"https:\/\/museros.org\/inici\/wp-json\/wp\/v2\/pages\/251492\/revisions"}],"predecessor-version":[{"id":251720,"href":"https:\/\/museros.org\/inici\/wp-json\/wp\/v2\/pages\/251492\/revisions\/251720"}],"wp:attachment":[{"href":"https:\/\/museros.org\/inici\/wp-json\/wp\/v2\/media?parent=251492"}],"wp:term":[{"taxonomy":"wf_page_folders","embeddable":true,"href":"https:\/\/museros.org\/inici\/wp-json\/wp\/v2\/wf_page_folders?post=251492"}],"curies":[{"name":"wp","href":"https:\/\/api.w.org\/{rel}","templated":true}]}}

1e Primera reunió

<p>[et_pb_section fb_built=»1&#8243; _builder_version=»4.10.4&#8243; _module_preset=»default» custom_margin=»0px||||false|false» custom_padding=»0px||||false|false» locked=»off» global_colors_info=»{}»][et_pb_row column_structure=»1_3,2_3&#8243; _builder_version=»4.10.4&#8243; _module_preset=»default» custom_margin=»0px||||false|false» custom_padding=»0px||||false|false» global_colors_info=»{}»][et_pb_column type=»1_3&#8243; _builder_version=»4.6.5&#8243; _module_preset=»default» global_colors_info=»{}»][et_pb_image src=»https://museros.org/wp-content/uploads/2021/06/logo-forumvecinal-230&#215;180-1.jpg» title_text=»logo-forumvecinal-230&#215;180&#8243; url=»https://museros.org/inici/forum-veinal/» use_overlay=»on» overlay_icon_color=»#E02B20&#8243; hover_overlay_color=»rgba(255,255,255,0.7)» hover_icon=»&#xe04d;||divi||400&#8243; align=»center» admin_label=»logo forum vecinal» _builder_version=»4.14.4&#8243; _module_preset=»default» width_tablet=»» width_phone=»100%» width_last_edited=»on|desktop» custom_margin=»60px||||false|false» custom_margin_tablet=»» custom_margin_phone=»0px||||false|false» custom_margin_last_edited=»on|desktop» hover_enabled=»0&#8243; locked=»off» global_colors_info=»{}» src__hover_enabled=»on|desktop» src__hover=»https://museros.org/wp-content/uploads/2021/06/logo-forumvecinal-230&#215;180-1.jpg» sticky_enabled=»0&#8243;][/et_pb_image][/et_pb_column][et_pb_column type=»2_3&#8243; _builder_version=»4.6.5&#8243; _module_preset=»default» global_colors_info=»{}»][et_pb_text _builder_version=»4.14.4&#8243; _module_preset=»default» global_colors_info=»{}»]</p>
<h3>Primera edició</h3>
<h1>Primera reunió</h1>
<h5>3 de març de 2020</h5>
<p>[/et_pb_text][et_pb_image src=»https://museros.org/wp-content/uploads/2021/12/1a-reunio-forum.jpg» title_text=»1a-reunio-forum» _builder_version=»4.14.4&#8243; _module_preset=»default» custom_margin=»30px||30px||false|false» global_colors_info=»{}»][/et_pb_image][et_pb_text _builder_version=»4.14.4&#8243; _module_preset=»default» global_colors_info=»{}»]</p>
<p>La vesprada del 3 de març va tindre lloc la primera reunió del Fòrum Veïnal de Museros. A aquesta, van assistir 16 persones (9 dones i 7 homes), de les 25 inicials que conformen aquest òrgan. L&#8217;objectiu principal va ser realitzar una aproximació als fonaments teòrics relacionats amb els temes que seran tractats durant la primera edició del Fòrum Veïnal.<br />A l&#8217;inici, el grup va fer una xicoteta dinàmica mitjançant la qual començaren a parlar sobre el concepte de salut. A partir de l&#8217;experiència quotidiana de cadascuna de les persones participants, s&#8217;intercanviaren parers i es generà un clima de confiança entre les persones assistents que va facilitar que intervingueren animadament en la segona part de la sessió.<br />A continuació, s&#8217;abordaren els continguts<br />teòrics mitjançant una presentació en PowerPoint sobre el IV Pla de salut de la Comunitat Valenciana i els plans de mobilitat urbana sostenible, dues directrius polítiques que l&#8217;Ajuntament vol impulsar a Museros amb la col·laboració del Fòrum Veïnal. Per tant, aquesta sessió formativa tractava d&#8217;oferir eines de reflexió perquè la participació d&#8217;entitats i veïnat en aquest procés siga significativa i estiga emmarcada en un llenguatge compartit.<br />Així doncs, la presentació va abordar fonamentalment quins són els determinants socials de la salut, tot emfatitzant com el model urbanístic configura els nostres pobles i influeix en la salut del veïnat. Es va reflexionar sobre alguns espais de Museros i les oportunitats que ofereixen per a promoure la trobada i les relacions veïnals. En aquest sentit, el grup parlà del paper de les associacions i de la festa com espai de sociabilitat. A més a més, es tractaren temes com la contaminació atmosfèrica i acústica, la qualitat de les zones verdes i la necessitat de generar espais realment inclusius, tenint en compte les persones de diferents edats, orígens i capacitats diverses. Altres qüestions com la soledat no desitjada o la relació amb el Centre de Salut també despertaren l&#8217;interés del grup.<br />La sessió acabà amb la contextualització de l&#8217;elaboració del Pla de mobilitat urbana sostenible de Museros, que actualment es troba en fase de redacció. S&#8217;explicà que es realitzaran diferents accions participatives perquè la ciutadania s’hi puga implicar. En concret, pel que fa al Fòrum, es va transmetre que en la pròxima sessió, que serà 31 de març, a les 19.30 h, es farà un taller per tractar aquest tema.<br />Per finalitzar, es va acordar generar, en la pròxima reunió, un grup de Whatsapp que servisca només per a recordar convocatòries, enviar resums de les reunions i confirmar l&#8217;assistència a les sessions.</p>
<p>[/et_pb_text][/et_pb_column][/et_pb_row][et_pb_row _builder_version=»4.6.5&#8243; _module_preset=»default» global_colors_info=»{}»][et_pb_column type=»4_4&#8243; _builder_version=»4.6.5&#8243; _module_preset=»default» global_colors_info=»{}»][et_pb_divider color=»#cc0000&#8243; divider_weight=»4px» _builder_version=»4.6.5&#8243; _module_preset=»default» global_colors_info=»{}»][/et_pb_divider][/et_pb_column][/et_pb_row][/et_pb_section]</p>

<p>Primera edició Primera reunió 3 de març de 2020La vesprada del 3 de març va tindre lloc la primera reunió del Fòrum Veïnal de Museros. A aquesta, van assistir 16 persones (9 dones i 7 homes), de les 25 inicials que conformen aquest òrgan. L&#8217;objectiu principal va ser realitzar una aproximació als fonaments teòrics relacionats [&hellip;]</p>
