{"id":250065,"date":"2021-11-08T17:55:07","date_gmt":"2021-11-08T17:55:07","guid":{"rendered":"https:\/\/museros.org\/?page_id=250065"},"modified":"2022-04-16T20:34:54","modified_gmt":"2022-04-16T20:34:54","slug":"bustia-del-major","status":"publish","type":"page","link":"https:\/\/museros.org\/inici\/bustia-del-major\/","title":{"rendered":"B\u00fastia del major"},"content":{"rendered":"<p>[et_pb_section fb_built=\u00bb1&#8243; _builder_version=\u00bb4.16&#8243; _module_preset=\u00bbdefault\u00bb custom_margin=\u00bb0px||||false|false\u00bb custom_padding=\u00bb0px||||false|false\u00bb locked=\u00bboff\u00bb global_colors_info=\u00bb{}\u00bb][et_pb_row column_structure=\u00bb1_4,3_4&#8243; _builder_version=\u00bb4.16&#8243; _module_preset=\u00bbdefault\u00bb custom_margin=\u00bb0px||||false|false\u00bb custom_padding=\u00bb0px||||false|false\u00bb global_colors_info=\u00bb{}\u00bb][et_pb_column type=\u00bb1_4&#8243; _builder_version=\u00bb4.16&#8243; _module_preset=\u00bbdefault\u00bb global_colors_info=\u00bb{}\u00bb][et_pb_image src=\u00bbhttps:\/\/museros.org\/wp-content\/uploads\/2021\/11\/logo-bustia-320&#215;330-1.jpg\u00bb title_text=\u00bblogo-bustia-320&#215;330&#8243; url=\u00bbhttps:\/\/museros.org\/inici\/area-de-majors\u00bb use_overlay=\u00bbon\u00bb overlay_icon_color=\u00bb#E02B20&#8243; hover_overlay_color=\u00bbrgba(255,255,255,0.69)\u00bb hover_icon=\u00bb&#xe04d;||divi||400&#8243; align=\u00bbcenter\u00bb _builder_version=\u00bb4.16&#8243; _module_preset=\u00bbdefault\u00bb global_colors_info=\u00bb{}\u00bb][\/et_pb_image][\/et_pb_column][et_pb_column type=\u00bb3_4&#8243; _builder_version=\u00bb4.16&#8243; _module_preset=\u00bbdefault\u00bb global_colors_info=\u00bb{}\u00bb][et_pb_text _builder_version=\u00bb4.16&#8243; _module_preset=\u00bbdefault\u00bb global_colors_info=\u00bb{}\u00bb custom_padding=\u00bb||6px|||\u00bb]<\/p>\n<h2>B\u00fastia del major<\/h2>\n<p>Eres una persona major?<\/p>\n<p>Volem saber la teua opini\u00f3!<\/p>\n<p>Explica&#8217;ns les teues idees, suggeriments, inquietuds o queixes.<br \/>Ho pots fer de dues formes:<br \/>1. Escriu-ho en un paper i deposita&#8217;l en la B\u00fastia del Major.<br \/>2. Escriu-nos un correu electr\u00f2nic a l&#8217;adre\u00e7a:<\/p>\n<p><a href=\"mailto:buzondelmayor@museros.es\" target=\"_blank\" rel=\"noopener\">buzondelmayor@museros.es<\/a><\/p>\n<p>Gr\u00e0cies a tu millorarem Museros!<\/p>\n<p>[\/et_pb_text][\/et_pb_column][\/et_pb_row][et_pb_row _builder_version=\u00bb4.16&#8243; _module_preset=\u00bbdefault\u00bb global_colors_info=\u00bb{}\u00bb][et_pb_column type=\u00bb4_4&#8243; _builder_version=\u00bb4.16&#8243; _module_preset=\u00bbdefault\u00bb global_colors_info=\u00bb{}\u00bb][et_pb_divider color=\u00bb#E02B20&#8243; divider_weight=\u00bb4px\u00bb _builder_version=\u00bb4.16&#8243; _module_preset=\u00bbdefault\u00bb global_colors_info=\u00bb{}\u00bb][\/et_pb_divider][\/et_pb_column][\/et_pb_row][\/et_pb_section]<\/p>\n","protected":false},"excerpt":{"rendered":"<p>B\u00fastia del major Eres una persona major? Volem saber la teua opini\u00f3! Explica&#8217;ns les teues idees, suggeriments, inquietuds o queixes.Ho pots fer de dues formes:1. Escriu-ho en un paper i deposita&#8217;l en la B\u00fastia del Major.2. Escriu-nos un correu electr\u00f2nic a l&#8217;adre\u00e7a: buzondelmayor@museros.es Gr\u00e0cies a tu millorarem Museros!<\/p>\n","protected":false},"author":8,"featured_media":0,"parent":0,"menu_order":0,"comment_status":"closed","ping_status":"closed","template":"","meta":{"_et_pb_use_builder":"on","_et_pb_old_content":"","_et_gb_content_width":"","_mc_calendar":[],"footnotes":""},"wf_page_folders":[296],"class_list":["post-250065","page","type-page","status-publish","hentry"],"_links":{"self":[{"href":"https:\/\/museros.org\/inici\/wp-json\/wp\/v2\/pages\/250065","targetHints":{"allow":["GET"]}}],"collection":[{"href":"https:\/\/museros.org\/inici\/wp-json\/wp\/v2\/pages"}],"about":[{"href":"https:\/\/museros.org\/inici\/wp-json\/wp\/v2\/types\/page"}],"author":[{"embeddable":true,"href":"https:\/\/museros.org\/inici\/wp-json\/wp\/v2\/users\/8"}],"replies":[{"embeddable":true,"href":"https:\/\/museros.org\/inici\/wp-json\/wp\/v2\/comments?post=250065"}],"version-history":[{"count":6,"href":"https:\/\/museros.org\/inici\/wp-json\/wp\/v2\/pages\/250065\/revisions"}],"predecessor-version":[{"id":258185,"href":"https:\/\/museros.org\/inici\/wp-json\/wp\/v2\/pages\/250065\/revisions\/258185"}],"wp:attachment":[{"href":"https:\/\/museros.org\/inici\/wp-json\/wp\/v2\/media?parent=250065"}],"wp:term":[{"taxonomy":"wf_page_folders","embeddable":true,"href":"https:\/\/museros.org\/inici\/wp-json\/wp\/v2\/wf_page_folders?post=250065"}],"curies":[{"name":"wp","href":"https:\/\/api.w.org\/{rel}","templated":true}]}}