{"id":248676,"date":"2021-09-16T22:44:13","date_gmt":"2021-09-16T22:44:13","guid":{"rendered":"https:\/\/museros.org\/?page_id=248676"},"modified":"2021-09-27T12:51:42","modified_gmt":"2021-09-27T12:51:42","slug":"pedra-a-pedra","status":"publish","type":"page","link":"https:\/\/museros.org\/inici\/pedra-a-pedra\/","title":{"rendered":"Pedra a pedra"},"content":{"rendered":"<p>[et_pb_section fb_built=\u00bb1&#8243; _builder_version=\u00bb4.10.7&#8243; _module_preset=\u00bbdefault\u00bb custom_margin=\u00bb0px||||false|false\u00bb custom_padding=\u00bb0px||||false|false\u00bb locked=\u00bboff\u00bb global_colors_info=\u00bb{}\u00bb][et_pb_row column_structure=\u00bb1_3,2_3&#8243; _builder_version=\u00bb4.10.7&#8243; _module_preset=\u00bbdefault\u00bb custom_margin=\u00bb0px||||false|false\u00bb custom_padding=\u00bb0px||||false|false\u00bb global_colors_info=\u00bb{}\u00bb][et_pb_column type=\u00bb1_3&#8243; _builder_version=\u00bb4.10.7&#8243; _module_preset=\u00bbdefault\u00bb global_colors_info=\u00bb{}\u00bb][et_pb_image src=\u00bbhttps:\/\/museros.org\/wp-content\/uploads\/2021\/09\/artsvives300x480.jpg\u00bb title_text=\u00bbartsvives300x480&#8243; url=\u00bbhttps:\/\/museros.org\/ca\/creant-des-del-silenci\u00bb use_overlay=\u00bbon\u00bb overlay_icon_color=\u00bb#E02B20&#8243; hover_overlay_color=\u00bbrgba(255,255,255,0.69)\u00bb hover_icon=\u00bb%%197%%\u00bb align=\u00bbcenter\u00bb _builder_version=\u00bb4.10.8&#8243; _module_preset=\u00bbdefault\u00bb hover_enabled=\u00bb0&#8243; global_colors_info=\u00bb{}\u00bb sticky_enabled=\u00bb0&#8243;][\/et_pb_image][\/et_pb_column][et_pb_column type=\u00bb2_3&#8243; _builder_version=\u00bb4.10.7&#8243; _module_preset=\u00bbdefault\u00bb global_colors_info=\u00bb{}\u00bb][et_pb_text _builder_version=\u00bb4.10.8&#8243; _module_preset=\u00bbdefault\u00bb global_colors_info=\u00bb{}\u00bb]<\/p>\n<h4 style=\"text-align: left;\">Pedra a pedra &#8211; Arts vives<\/h4>\n<h2>El proc\u00e9s de creaci\u00f3 des del silenci<\/h2>\n<p>Jugar amb tot all\u00f2 que esdev\u00e9 en un proc\u00e9s de creaci\u00f3: fer, refer, pauses, moments d&#8217;explosi\u00f3 creativa, pausa, reprendre des de l&#8217;assossec, dubtes, retic\u00e8ncies, les diferents emocions que el creador experimenta en el proc\u00e9s, per arribar a representar les escultures en moviment com a conclusi\u00f3. Com les ones de la mar, ondulants, grans, xicotetes, calmades, intenses.<br \/>El cisell, la ma\u00e7a, el martell, les eines del creador davant el material, la pedra i el metall, s\u00f3n presents amb la percussi\u00f3. Es conjuguen tots dos llenguatges, el cos en moviment, i la m\u00fasica, tots dos en viu i en directe.<br \/>Es tractaria de fer present tot all\u00f2 que esdev\u00e9 quan l&#8217;artista creador s&#8217;enfronta al seu proc\u00e9s de creaci\u00f3.<br \/>Les escultures d&#8217;Adri\u00e0 transmeten lleugeresa, pel moviment que tenen i per les seues l\u00ednies, ondulants.<br \/>En la sala d&#8217;exposicions les artistes mostraran moviments i accions a partir de les escultures de l&#8217;artista, a ritme de la m\u00fasica.<\/p>\n<p>&nbsp;<\/p>\n<p>&nbsp;<\/p>\n<p>[\/et_pb_text][\/et_pb_column][\/et_pb_row][et_pb_row _builder_version=\u00bb4.10.7&#8243; _module_preset=\u00bbdefault\u00bb global_colors_info=\u00bb{}\u00bb][et_pb_column type=\u00bb4_4&#8243; _builder_version=\u00bb4.10.7&#8243; _module_preset=\u00bbdefault\u00bb global_colors_info=\u00bb{}\u00bb][et_pb_divider color=\u00bb#E02B20&#8243; divider_weight=\u00bb4px\u00bb _builder_version=\u00bb4.10.7&#8243; _module_preset=\u00bbdefault\u00bb global_colors_info=\u00bb{}\u00bb][\/et_pb_divider][\/et_pb_column][\/et_pb_row][\/et_pb_section]<\/p>\n","protected":false},"excerpt":{"rendered":"<p>Pedra a pedra &#8211; Arts vives El proc\u00e9s de creaci\u00f3 des del silenci Jugar amb tot all\u00f2 que esdev\u00e9 en un proc\u00e9s de creaci\u00f3: fer, refer, pauses, moments d&#8217;explosi\u00f3 creativa, pausa, reprendre des de l&#8217;assossec, dubtes, retic\u00e8ncies, les diferents emocions que el creador experimenta en el proc\u00e9s, per arribar a representar les escultures en moviment [&hellip;]<\/p>\n","protected":false},"author":8,"featured_media":0,"parent":0,"menu_order":0,"comment_status":"closed","ping_status":"closed","template":"","meta":{"_et_pb_use_builder":"on","_et_pb_old_content":"","_et_gb_content_width":"","_mc_calendar":[],"footnotes":""},"wf_page_folders":[1001],"class_list":["post-248676","page","type-page","status-publish","hentry"],"_links":{"self":[{"href":"https:\/\/museros.org\/inici\/wp-json\/wp\/v2\/pages\/248676","targetHints":{"allow":["GET"]}}],"collection":[{"href":"https:\/\/museros.org\/inici\/wp-json\/wp\/v2\/pages"}],"about":[{"href":"https:\/\/museros.org\/inici\/wp-json\/wp\/v2\/types\/page"}],"author":[{"embeddable":true,"href":"https:\/\/museros.org\/inici\/wp-json\/wp\/v2\/users\/8"}],"replies":[{"embeddable":true,"href":"https:\/\/museros.org\/inici\/wp-json\/wp\/v2\/comments?post=248676"}],"version-history":[{"count":12,"href":"https:\/\/museros.org\/inici\/wp-json\/wp\/v2\/pages\/248676\/revisions"}],"predecessor-version":[{"id":249048,"href":"https:\/\/museros.org\/inici\/wp-json\/wp\/v2\/pages\/248676\/revisions\/249048"}],"wp:attachment":[{"href":"https:\/\/museros.org\/inici\/wp-json\/wp\/v2\/media?parent=248676"}],"wp:term":[{"taxonomy":"wf_page_folders","embeddable":true,"href":"https:\/\/museros.org\/inici\/wp-json\/wp\/v2\/wf_page_folders?post=248676"}],"curies":[{"name":"wp","href":"https:\/\/api.w.org\/{rel}","templated":true}]}}