{"id":248036,"date":"2021-09-01T09:15:50","date_gmt":"2021-09-01T09:15:50","guid":{"rendered":"https:\/\/museros.org\/?page_id=248036"},"modified":"2023-07-13T08:40:35","modified_gmt":"2023-07-13T08:40:35","slug":"area-de-consum-responsable","status":"publish","type":"page","link":"https:\/\/museros.org\/inici\/area-de-consum-responsable\/","title":{"rendered":"\u00c0rea de Consum Responsable"},"content":{"rendered":"\n[et_pb_section fb_built=\u00bb1&#8243; _builder_version=\u00bb4.16&#8243; _module_preset=\u00bbdefault\u00bb custom_margin=\u00bb0px||||false|false\u00bb custom_padding=\u00bb0px||||false|false\u00bb locked=\u00bboff\u00bb global_colors_info=\u00bb{}\u00bb][et_pb_row column_structure=\u00bb1_4,3_4&#8243; _builder_version=\u00bb4.16&#8243; _module_preset=\u00bbdefault\u00bb custom_margin=\u00bb0px||||false|false\u00bb custom_padding=\u00bb0px||||false|false\u00bb global_colors_info=\u00bb{}\u00bb][et_pb_column type=\u00bb1_4&#8243; _builder_version=\u00bb4.16&#8243; _module_preset=\u00bbdefault\u00bb global_colors_info=\u00bb{}\u00bb][et_pb_image src=\u00bbhttps:\/\/museros.org\/wp-content\/uploads\/2023\/07\/logo-consum-cl-230&#215;180-1.jpg\u00bb title_text=\u00bblogo-consum-cl-230&#215;180&#8243; url=\u00bbhttps:\/\/museros.org\/inici\/regidories\u00bb use_overlay=\u00bbon\u00bb overlay_icon_color=\u00bb#E02B20&#8243; hover_overlay_color=\u00bbrgba(255,255,255,0.7)\u00bb hover_icon=\u00bb&#xe04d;||divi||400&#8243; _builder_version=\u00bb4.21.0&#8243; _module_preset=\u00bbdefault\u00bb hover_enabled=\u00bb0&#8243; global_colors_info=\u00bb{}\u00bb sticky_enabled=\u00bb0&#8243;][\/et_pb_image][\/et_pb_column][et_pb_column type=\u00bb3_4&#8243; _builder_version=\u00bb4.16&#8243; _module_preset=\u00bbdefault\u00bb global_colors_info=\u00bb{}\u00bb][et_pb_text _builder_version=\u00bb4.21.0&#8243; _module_preset=\u00bbdefault\u00bb hover_enabled=\u00bb0&#8243; global_colors_info=\u00bb{}\u00bb sticky_enabled=\u00bb0&#8243;]<h1>\u00c0rea de Consum responsable<\/h1>\n<p>Aquesta \u00c0rea \u00e9s la responsable de dirigir la pol\u00edtica mediambiental de l&#8217;Ajuntament de Museros, participant en tots els procediments i serveis que puguen produir un efecte directe sobre el mitj\u00e0, els recursos naturals, la fauna i la flora locals, els h\u00e0bits sostenibles i l&#8217;ecologia, entre altres.<br \/>Tracta de millorar les condicions ambientals de la localitat des d&#8217;un paradigma col\u00b7lectiu i participatiu, aix\u00ed com d&#8217;educar a la ciutadania del dem\u00e0 en el respecte al nostre planeta i a la resta d&#8217;esp\u00e8cies amb els qui el compartim, per la qual cosa principalment desenvolupa l&#8217;Educaci\u00f3 Ambiental en el seu ampli espectre.<\/p>\n<p>&#8211; Promoci\u00f3 dels Objectius de Desenvolupament Sostenible (ODS) fixats per l&#8217;ONU per a l&#8217;horitz\u00f3 de l&#8217;any 2030.<br \/>&#8211; Fomentar l&#8217;Educaci\u00f3 Ambiental en el municipi de Museros, mitjan\u00e7ant agents dinamitzadors (centres escolars, comer\u00e7 local, teixit associatiu i el ve\u00efnat del poble en general).<br \/>&#8211; Incidir en els h\u00e0bits sostenibles que la societat ha d&#8217;adoptar davant la crisi clim\u00e0tica que t\u00e9 lloc.<br \/>&#8211; Campanyes de conscienciaci\u00f3 mediambiental que sensibilitzen sobre la valoraci\u00f3 i cura al Medi Ambient.<br \/>&#8211; Posar en valor la flora i la fauna del nostre entorn.<br \/>&#8211; Cura i manteniment de les zones verdes p\u00fabliques i parcs municipals.<br \/>&#8211; Gesti\u00f3 i coordinaci\u00f3 de la poda de l&#8217;arbratge local.<br \/>&#8211; Benestar animal.<br \/>&#8211; Protecci\u00f3 de l&#8217;avifauna.<br \/>&#8211; Treballar en pro de la creaci\u00f3 d&#8217;una comunitat energ\u00e8tica local.<br \/>&#8211; Ampliaci\u00f3 de les instal\u00b7lacions de plaques fotovoltaiques en edificis municipals.<\/p>[\/et_pb_text][\/et_pb_column][\/et_pb_row][et_pb_row _builder_version=\u00bb4.16&#8243; _module_preset=\u00bbdefault\u00bb global_colors_info=\u00bb{}\u00bb][et_pb_column type=\u00bb4_4&#8243; _builder_version=\u00bb4.16&#8243; _module_preset=\u00bbdefault\u00bb global_colors_info=\u00bb{}\u00bb][et_pb_divider color=\u00bb#E02B20&#8243; divider_weight=\u00bb4px\u00bb _builder_version=\u00bb4.16&#8243; _module_preset=\u00bbdefault\u00bb global_colors_info=\u00bb{}\u00bb][\/et_pb_divider][\/et_pb_column][\/et_pb_row][\/et_pb_section]\n","protected":false},"excerpt":{"rendered":"<p>\u00c0rea de Consum responsable Aquesta \u00c0rea \u00e9s la responsable de dirigir la pol\u00edtica mediambiental de l&#8217;Ajuntament de Museros, participant en tots els procediments i serveis que puguen produir un efecte directe sobre el mitj\u00e0, els recursos naturals, la fauna i la flora locals, els h\u00e0bits sostenibles i l&#8217;ecologia, entre altres.Tracta de millorar les condicions ambientals [&hellip;]<\/p>\n","protected":false},"author":8,"featured_media":0,"parent":0,"menu_order":0,"comment_status":"closed","ping_status":"closed","template":"","meta":{"_et_pb_use_builder":"on","_et_pb_old_content":"","_et_gb_content_width":"","_mc_calendar":[],"footnotes":""},"wf_page_folders":[293],"class_list":["post-248036","page","type-page","status-publish","hentry"],"_links":{"self":[{"href":"https:\/\/museros.org\/inici\/wp-json\/wp\/v2\/pages\/248036","targetHints":{"allow":["GET"]}}],"collection":[{"href":"https:\/\/museros.org\/inici\/wp-json\/wp\/v2\/pages"}],"about":[{"href":"https:\/\/museros.org\/inici\/wp-json\/wp\/v2\/types\/page"}],"author":[{"embeddable":true,"href":"https:\/\/museros.org\/inici\/wp-json\/wp\/v2\/users\/8"}],"replies":[{"embeddable":true,"href":"https:\/\/museros.org\/inici\/wp-json\/wp\/v2\/comments?post=248036"}],"version-history":[{"count":15,"href":"https:\/\/museros.org\/inici\/wp-json\/wp\/v2\/pages\/248036\/revisions"}],"predecessor-version":[{"id":265414,"href":"https:\/\/museros.org\/inici\/wp-json\/wp\/v2\/pages\/248036\/revisions\/265414"}],"wp:attachment":[{"href":"https:\/\/museros.org\/inici\/wp-json\/wp\/v2\/media?parent=248036"}],"wp:term":[{"taxonomy":"wf_page_folders","embeddable":true,"href":"https:\/\/museros.org\/inici\/wp-json\/wp\/v2\/wf_page_folders?post=248036"}],"curies":[{"name":"wp","href":"https:\/\/api.w.org\/{rel}","templated":true}]}}

Àrea de Consum Responsable

[et_pb_section fb_built=»1&#8243; _builder_version=»4.16&#8243; _module_preset=»default» custom_margin=»0px||||false|false» custom_padding=»0px||||false|false» locked=»off» global_colors_info=»{}»][et_pb_row column_structure=»1_4,3_4&#8243; _builder_version=»4.16&#8243; _module_preset=»default» custom_margin=»0px||||false|false» custom_padding=»0px||||false|false» global_colors_info=»{}»][et_pb_column type=»1_4&#8243; _builder_version=»4.16&#8243; _module_preset=»default» global_colors_info=»{}»][et_pb_image src=»https://museros.org/wp-content/uploads/2023/07/logo-consum-cl-230&#215;180-1.jpg» title_text=»logo-consum-cl-230&#215;180&#8243; url=»https://museros.org/inici/regidories» use_overlay=»on» overlay_icon_color=»#E02B20&#8243; hover_overlay_color=»rgba(255,255,255,0.7)» hover_icon=»&#xe04d;||divi||400&#8243; _builder_version=»4.21.0&#8243; _module_preset=»default» hover_enabled=»0&#8243; global_colors_info=»{}» sticky_enabled=»0&#8243;][/et_pb_image][/et_pb_column][et_pb_column type=»3_4&#8243; _builder_version=»4.16&#8243; _module_preset=»default» global_colors_info=»{}»][et_pb_text _builder_version=»4.21.0&#8243; _module_preset=»default» hover_enabled=»0&#8243; global_colors_info=»{}» sticky_enabled=»0&#8243;]<h1>Àrea de Consum responsable</h1>
<p>Aquesta Àrea és la responsable de dirigir la política mediambiental de l&#8217;Ajuntament de Museros, participant en tots els procediments i serveis que puguen produir un efecte directe sobre el mitjà, els recursos naturals, la fauna i la flora locals, els hàbits sostenibles i l&#8217;ecologia, entre altres.<br />Tracta de millorar les condicions ambientals de la localitat des d&#8217;un paradigma col·lectiu i participatiu, així com d&#8217;educar a la ciutadania del demà en el respecte al nostre planeta i a la resta d&#8217;espècies amb els qui el compartim, per la qual cosa principalment desenvolupa l&#8217;Educació Ambiental en el seu ampli espectre.</p>
<p>&#8211; Promoció dels Objectius de Desenvolupament Sostenible (ODS) fixats per l&#8217;ONU per a l&#8217;horitzó de l&#8217;any 2030.<br />&#8211; Fomentar l&#8217;Educació Ambiental en el municipi de Museros, mitjançant agents dinamitzadors (centres escolars, comerç local, teixit associatiu i el veïnat del poble en general).<br />&#8211; Incidir en els hàbits sostenibles que la societat ha d&#8217;adoptar davant la crisi climàtica que té lloc.<br />&#8211; Campanyes de conscienciació mediambiental que sensibilitzen sobre la valoració i cura al Medi Ambient.<br />&#8211; Posar en valor la flora i la fauna del nostre entorn.<br />&#8211; Cura i manteniment de les zones verdes públiques i parcs municipals.<br />&#8211; Gestió i coordinació de la poda de l&#8217;arbratge local.<br />&#8211; Benestar animal.<br />&#8211; Protecció de l&#8217;avifauna.<br />&#8211; Treballar en pro de la creació d&#8217;una comunitat energètica local.<br />&#8211; Ampliació de les instal·lacions de plaques fotovoltaiques en edificis municipals.</p>[/et_pb_text][/et_pb_column][/et_pb_row][et_pb_row _builder_version=»4.16&#8243; _module_preset=»default» global_colors_info=»{}»][et_pb_column type=»4_4&#8243; _builder_version=»4.16&#8243; _module_preset=»default» global_colors_info=»{}»][et_pb_divider color=»#E02B20&#8243; divider_weight=»4px» _builder_version=»4.16&#8243; _module_preset=»default» global_colors_info=»{}»][/et_pb_divider][/et_pb_column][/et_pb_row][/et_pb_section]

<p>Àrea de Consum responsable Aquesta Àrea és la responsable de dirigir la política mediambiental de l&#8217;Ajuntament de Museros, participant en tots els procediments i serveis que puguen produir un efecte directe sobre el mitjà, els recursos naturals, la fauna i la flora locals, els hàbits sostenibles i l&#8217;ecologia, entre altres.Tracta de millorar les condicions ambientals [&hellip;]</p>
