{"id":248031,"date":"2021-09-01T09:12:08","date_gmt":"2021-09-01T09:12:08","guid":{"rendered":"https:\/\/museros.org\/?page_id=248031"},"modified":"2023-07-13T08:47:06","modified_gmt":"2023-07-13T08:47:06","slug":"area-de-consumo-responsable","status":"publish","type":"page","link":"https:\/\/museros.org\/inici\/es\/area-de-consumo-responsable\/","title":{"rendered":"\u00c1rea de Consumo Responsable"},"content":{"rendered":"\n[et_pb_section fb_built=\u00bb1&#8243; _builder_version=\u00bb4.16&#8243; _module_preset=\u00bbdefault\u00bb custom_margin=\u00bb0px||||false|false\u00bb custom_padding=\u00bb0px||||false|false\u00bb locked=\u00bboff\u00bb global_colors_info=\u00bb{}\u00bb][et_pb_row column_structure=\u00bb1_4,3_4&#8243; _builder_version=\u00bb4.16&#8243; _module_preset=\u00bbdefault\u00bb custom_margin=\u00bb0px||||false|false\u00bb custom_padding=\u00bb0px||||false|false\u00bb global_colors_info=\u00bb{}\u00bb][et_pb_column type=\u00bb1_4&#8243; _builder_version=\u00bb4.16&#8243; _module_preset=\u00bbdefault\u00bb global_colors_info=\u00bb{}\u00bb][et_pb_image src=\u00bbhttps:\/\/museros.org\/wp-content\/uploads\/2023\/07\/logo-consumo-cl-230&#215;180-1.jpg\u00bb title_text=\u00bblogo-consumo-cl-230&#215;180&#8243; url=\u00bbhttps:\/\/museros.org\/inici\/es\/concejalias\u00bb use_overlay=\u00bbon\u00bb overlay_icon_color=\u00bb#E02B20&#8243; hover_overlay_color=\u00bbrgba(255,255,255,0.71)\u00bb hover_icon=\u00bb&#xe04d;||divi||400&#8243; _builder_version=\u00bb4.21.0&#8243; _module_preset=\u00bbdefault\u00bb hover_enabled=\u00bb0&#8243; global_colors_info=\u00bb{}\u00bb sticky_enabled=\u00bb0&#8243;][\/et_pb_image][\/et_pb_column][et_pb_column type=\u00bb3_4&#8243; _builder_version=\u00bb4.16&#8243; _module_preset=\u00bbdefault\u00bb global_colors_info=\u00bb{}\u00bb][et_pb_text _builder_version=\u00bb4.21.0&#8243; _module_preset=\u00bbdefault\u00bb hover_enabled=\u00bb0&#8243; global_colors_info=\u00bb{}\u00bb sticky_enabled=\u00bb0&#8243;]<h1>\u00c1rea de Consumo Responsable<\/h1>\n<p>Esta \u00c1rea es la responsable de dirigir la pol\u00edtica medioambiental del Ayuntamiento de Museros, participando en todos los procedimientos y servicios que puedan producir un efecto directo sobre el medio, los recursos naturales, la fauna y la flora locales, los h\u00e1bitos sostenibles y la ecolog\u00eda, entre otros.<br \/>Trata de mejorar las condiciones ambientales de la localidad desde un paradigma colectivo y participativo, as\u00ed como de educar a la ciudadan\u00eda del ma\u00f1ana en el respeto a nuestro planeta y al resto de especies con quienes lo compartimos, por lo que principalmente desarrolla la Educaci\u00f3n Ambiental en su amplio espectro.<\/p>\n<p>&#8211; Promoci\u00f3n de los Objetivos de Desarrollo Sostenible (ODS) fijados por la ONU para el horizonte del a\u00f1o 2030.<br \/>&#8211; Fomentar la Educaci\u00f3n Ambiental en el municipio de Museros, mediante agentes dinamizadores (centros escolares, comercio local, tejido asociativo y el vecindario del pueblo en general).<br \/>&#8211; Incidir en los h\u00e1bitos sostenibles que la sociedad ha de adoptar ante la crisis clim\u00e1tica que tiene lugar.<br \/>&#8211; Campa\u00f1as de concienciaci\u00f3n medioambiental que sensibilicen sobre la valoraci\u00f3n y cuidado al Medio Ambiente.<br \/>&#8211; Poner en valor la flora y la fauna de nuestro entorno.<br \/>&#8211; Cuidado y mantenimiento de las zonas verdes p\u00fablicas y parques municipales.<br \/>&#8211; Gesti\u00f3n y coordinaci\u00f3n de la poda del arbolado local.<br \/>&#8211; Bienestar animal.<br \/>&#8211; Protecci\u00f3n de la avifauna.<br \/>&#8211; Trabajar en pro de la creaci\u00f3n de una comunidad energ\u00e9tica local.<br \/>&#8211; Ampliaci\u00f3n de las instalaciones de placas fotovoltaicas en edificios municipales.<\/p>[\/et_pb_text][\/et_pb_column][\/et_pb_row][et_pb_row _builder_version=\u00bb4.16&#8243; _module_preset=\u00bbdefault\u00bb global_colors_info=\u00bb{}\u00bb][et_pb_column type=\u00bb4_4&#8243; _builder_version=\u00bb4.16&#8243; _module_preset=\u00bbdefault\u00bb global_colors_info=\u00bb{}\u00bb][et_pb_divider color=\u00bb#E02B20&#8243; divider_weight=\u00bb4px\u00bb _builder_version=\u00bb4.16&#8243; _module_preset=\u00bbdefault\u00bb global_colors_info=\u00bb{}\u00bb][\/et_pb_divider][\/et_pb_column][\/et_pb_row][\/et_pb_section]\n","protected":false},"excerpt":{"rendered":"<p>\u00c1rea de Consumo Responsable Esta \u00c1rea es la responsable de dirigir la pol\u00edtica medioambiental del Ayuntamiento de Museros, participando en todos los procedimientos y servicios que puedan producir un efecto directo sobre el medio, los recursos naturales, la fauna y la flora locales, los h\u00e1bitos sostenibles y la ecolog\u00eda, entre otros.Trata de mejorar las condiciones [&hellip;]<\/p>\n","protected":false},"author":8,"featured_media":0,"parent":0,"menu_order":0,"comment_status":"closed","ping_status":"closed","template":"","meta":{"_et_pb_use_builder":"on","_et_pb_old_content":"","_et_gb_content_width":"","_mc_calendar":[],"footnotes":""},"wf_page_folders":[293],"class_list":["post-248031","page","type-page","status-publish","hentry"],"_links":{"self":[{"href":"https:\/\/museros.org\/inici\/wp-json\/wp\/v2\/pages\/248031","targetHints":{"allow":["GET"]}}],"collection":[{"href":"https:\/\/museros.org\/inici\/wp-json\/wp\/v2\/pages"}],"about":[{"href":"https:\/\/museros.org\/inici\/wp-json\/wp\/v2\/types\/page"}],"author":[{"embeddable":true,"href":"https:\/\/museros.org\/inici\/wp-json\/wp\/v2\/users\/8"}],"replies":[{"embeddable":true,"href":"https:\/\/museros.org\/inici\/wp-json\/wp\/v2\/comments?post=248031"}],"version-history":[{"count":13,"href":"https:\/\/museros.org\/inici\/wp-json\/wp\/v2\/pages\/248031\/revisions"}],"predecessor-version":[{"id":265421,"href":"https:\/\/museros.org\/inici\/wp-json\/wp\/v2\/pages\/248031\/revisions\/265421"}],"wp:attachment":[{"href":"https:\/\/museros.org\/inici\/wp-json\/wp\/v2\/media?parent=248031"}],"wp:term":[{"taxonomy":"wf_page_folders","embeddable":true,"href":"https:\/\/museros.org\/inici\/wp-json\/wp\/v2\/wf_page_folders?post=248031"}],"curies":[{"name":"wp","href":"https:\/\/api.w.org\/{rel}","templated":true}]}}

Área de Consumo Responsable

[et_pb_section fb_built=»1&#8243; _builder_version=»4.16&#8243; _module_preset=»default» custom_margin=»0px||||false|false» custom_padding=»0px||||false|false» locked=»off» global_colors_info=»{}»][et_pb_row column_structure=»1_4,3_4&#8243; _builder_version=»4.16&#8243; _module_preset=»default» custom_margin=»0px||||false|false» custom_padding=»0px||||false|false» global_colors_info=»{}»][et_pb_column type=»1_4&#8243; _builder_version=»4.16&#8243; _module_preset=»default» global_colors_info=»{}»][et_pb_image src=»https://museros.org/wp-content/uploads/2023/07/logo-consumo-cl-230&#215;180-1.jpg» title_text=»logo-consumo-cl-230&#215;180&#8243; url=»https://museros.org/inici/es/concejalias» use_overlay=»on» overlay_icon_color=»#E02B20&#8243; hover_overlay_color=»rgba(255,255,255,0.71)» hover_icon=»&#xe04d;||divi||400&#8243; _builder_version=»4.21.0&#8243; _module_preset=»default» hover_enabled=»0&#8243; global_colors_info=»{}» sticky_enabled=»0&#8243;][/et_pb_image][/et_pb_column][et_pb_column type=»3_4&#8243; _builder_version=»4.16&#8243; _module_preset=»default» global_colors_info=»{}»][et_pb_text _builder_version=»4.21.0&#8243; _module_preset=»default» hover_enabled=»0&#8243; global_colors_info=»{}» sticky_enabled=»0&#8243;]<h1>Área de Consumo Responsable</h1>
<p>Esta Área es la responsable de dirigir la política medioambiental del Ayuntamiento de Museros, participando en todos los procedimientos y servicios que puedan producir un efecto directo sobre el medio, los recursos naturales, la fauna y la flora locales, los hábitos sostenibles y la ecología, entre otros.<br />Trata de mejorar las condiciones ambientales de la localidad desde un paradigma colectivo y participativo, así como de educar a la ciudadanía del mañana en el respeto a nuestro planeta y al resto de especies con quienes lo compartimos, por lo que principalmente desarrolla la Educación Ambiental en su amplio espectro.</p>
<p>&#8211; Promoción de los Objetivos de Desarrollo Sostenible (ODS) fijados por la ONU para el horizonte del año 2030.<br />&#8211; Fomentar la Educación Ambiental en el municipio de Museros, mediante agentes dinamizadores (centros escolares, comercio local, tejido asociativo y el vecindario del pueblo en general).<br />&#8211; Incidir en los hábitos sostenibles que la sociedad ha de adoptar ante la crisis climática que tiene lugar.<br />&#8211; Campañas de concienciación medioambiental que sensibilicen sobre la valoración y cuidado al Medio Ambiente.<br />&#8211; Poner en valor la flora y la fauna de nuestro entorno.<br />&#8211; Cuidado y mantenimiento de las zonas verdes públicas y parques municipales.<br />&#8211; Gestión y coordinación de la poda del arbolado local.<br />&#8211; Bienestar animal.<br />&#8211; Protección de la avifauna.<br />&#8211; Trabajar en pro de la creación de una comunidad energética local.<br />&#8211; Ampliación de las instalaciones de placas fotovoltaicas en edificios municipales.</p>[/et_pb_text][/et_pb_column][/et_pb_row][et_pb_row _builder_version=»4.16&#8243; _module_preset=»default» global_colors_info=»{}»][et_pb_column type=»4_4&#8243; _builder_version=»4.16&#8243; _module_preset=»default» global_colors_info=»{}»][et_pb_divider color=»#E02B20&#8243; divider_weight=»4px» _builder_version=»4.16&#8243; _module_preset=»default» global_colors_info=»{}»][/et_pb_divider][/et_pb_column][/et_pb_row][/et_pb_section]

<p>Área de Consumo Responsable Esta Área es la responsable de dirigir la política medioambiental del Ayuntamiento de Museros, participando en todos los procedimientos y servicios que puedan producir un efecto directo sobre el medio, los recursos naturales, la fauna y la flora locales, los hábitos sostenibles y la ecología, entre otros.Trata de mejorar las condiciones [&hellip;]</p>
