{"id":248016,"date":"2021-09-01T08:49:02","date_gmt":"2021-09-01T08:49:02","guid":{"rendered":"https:\/\/museros.org\/?page_id=248016"},"modified":"2022-02-27T20:18:55","modified_gmt":"2022-02-27T20:18:55","slug":"area-de-infancia","status":"publish","type":"page","link":"https:\/\/museros.org\/inici\/es\/area-de-infancia\/","title":{"rendered":"\u00c1rea de Infancia"},"content":{"rendered":"\n[et_pb_section fb_built=\u00bb1&#8243; _builder_version=\u00bb4.10.4&#8243; _module_preset=\u00bbdefault\u00bb custom_margin=\u00bb0px||||false|false\u00bb custom_padding=\u00bb0px||||false|false\u00bb locked=\u00bboff\u00bb global_colors_info=\u00bb{}\u00bb][et_pb_row column_structure=\u00bb1_4,3_4&#8243; _builder_version=\u00bb4.10.4&#8243; _module_preset=\u00bbdefault\u00bb custom_margin=\u00bb0px||||false|false\u00bb custom_padding=\u00bb0px||||false|false\u00bb global_colors_info=\u00bb{}\u00bb][et_pb_column type=\u00bb1_4&#8243; _builder_version=\u00bb4.10.4&#8243; _module_preset=\u00bbdefault\u00bb global_colors_info=\u00bb{}\u00bb][et_pb_image src=\u00bbhttps:\/\/museros.org\/wp-content\/uploads\/2021\/06\/logo-infancia-cs-cl-230&#215;180-1.jpg\u00bb title_text=\u00bblogo-infancia-cs-cl-230&#215;180&#8243; url=\u00bbhttps:\/\/museros.org\/inici\/es\/concejalias\u00bb use_overlay=\u00bbon\u00bb overlay_icon_color=\u00bb#E02B20&#8243; hover_overlay_color=\u00bbrgba(255,255,255,0.72)\u00bb hover_icon=\u00bb&#xe04d;||divi||400&#8243; _builder_version=\u00bb4.14.2&#8243; _module_preset=\u00bbdefault\u00bb global_colors_info=\u00bb{}\u00bb][\/et_pb_image][\/et_pb_column][et_pb_column type=\u00bb3_4&#8243; _builder_version=\u00bb4.10.4&#8243; _module_preset=\u00bbdefault\u00bb global_colors_info=\u00bb{}\u00bb][et_pb_text _builder_version=\u00bb4.14.8&#8243; _module_preset=\u00bbdefault\u00bb hover_enabled=\u00bb0&#8243; global_colors_info=\u00bb{}\u00bb sticky_enabled=\u00bb0&#8243;]<h1>\u00c1rea de Infancia<\/h1>\n<p>Este \u00c1rea tiene como objetivo coordinar, impulsar y promover pol\u00edticas de infancia, sensibilizar e informar a la ciudadan\u00eda sobre los derechos y necesidades de ni\u00f1os y ni\u00f1as.<br \/>Un espacio en el que las ni\u00f1as y los ni\u00f1os son escuchados, expresan sus opiniones e ideas y trasladan sus propuestas y demandas sobre aquellas cuestiones e iniciativas que les afecten directamente.<\/p>[\/et_pb_text][\/et_pb_column][\/et_pb_row][et_pb_row _builder_version=\u00bb4.10.4&#8243; _module_preset=\u00bbdefault\u00bb global_colors_info=\u00bb{}\u00bb][et_pb_column type=\u00bb4_4&#8243; _builder_version=\u00bb4.10.4&#8243; _module_preset=\u00bbdefault\u00bb global_colors_info=\u00bb{}\u00bb][et_pb_divider color=\u00bb#E02B20&#8243; divider_weight=\u00bb4px\u00bb _builder_version=\u00bb4.10.4&#8243; _module_preset=\u00bbdefault\u00bb global_colors_info=\u00bb{}\u00bb][\/et_pb_divider][\/et_pb_column][\/et_pb_row][\/et_pb_section]\n","protected":false},"excerpt":{"rendered":"<p>\u00c1rea de Infancia Este \u00c1rea tiene como objetivo coordinar, impulsar y promover pol\u00edticas de infancia, sensibilizar e informar a la ciudadan\u00eda sobre los derechos y necesidades de ni\u00f1os y ni\u00f1as.Un espacio en el que las ni\u00f1as y los ni\u00f1os son escuchados, expresan sus opiniones e ideas y trasladan sus propuestas y demandas sobre aquellas cuestiones [&hellip;]<\/p>\n","protected":false},"author":8,"featured_media":0,"parent":0,"menu_order":0,"comment_status":"closed","ping_status":"closed","template":"","meta":{"_et_pb_use_builder":"on","_et_pb_old_content":"","_et_gb_content_width":"","_mc_calendar":[],"footnotes":""},"wf_page_folders":[289],"class_list":["post-248016","page","type-page","status-publish","hentry"],"_links":{"self":[{"href":"https:\/\/museros.org\/inici\/wp-json\/wp\/v2\/pages\/248016","targetHints":{"allow":["GET"]}}],"collection":[{"href":"https:\/\/museros.org\/inici\/wp-json\/wp\/v2\/pages"}],"about":[{"href":"https:\/\/museros.org\/inici\/wp-json\/wp\/v2\/types\/page"}],"author":[{"embeddable":true,"href":"https:\/\/museros.org\/inici\/wp-json\/wp\/v2\/users\/8"}],"replies":[{"embeddable":true,"href":"https:\/\/museros.org\/inici\/wp-json\/wp\/v2\/comments?post=248016"}],"version-history":[{"count":7,"href":"https:\/\/museros.org\/inici\/wp-json\/wp\/v2\/pages\/248016\/revisions"}],"predecessor-version":[{"id":253705,"href":"https:\/\/museros.org\/inici\/wp-json\/wp\/v2\/pages\/248016\/revisions\/253705"}],"wp:attachment":[{"href":"https:\/\/museros.org\/inici\/wp-json\/wp\/v2\/media?parent=248016"}],"wp:term":[{"taxonomy":"wf_page_folders","embeddable":true,"href":"https:\/\/museros.org\/inici\/wp-json\/wp\/v2\/wf_page_folders?post=248016"}],"curies":[{"name":"wp","href":"https:\/\/api.w.org\/{rel}","templated":true}]}}

Área de Infancia

[et_pb_section fb_built=»1&#8243; _builder_version=»4.10.4&#8243; _module_preset=»default» custom_margin=»0px||||false|false» custom_padding=»0px||||false|false» locked=»off» global_colors_info=»{}»][et_pb_row column_structure=»1_4,3_4&#8243; _builder_version=»4.10.4&#8243; _module_preset=»default» custom_margin=»0px||||false|false» custom_padding=»0px||||false|false» global_colors_info=»{}»][et_pb_column type=»1_4&#8243; _builder_version=»4.10.4&#8243; _module_preset=»default» global_colors_info=»{}»][et_pb_image src=»https://museros.org/wp-content/uploads/2021/06/logo-infancia-cs-cl-230&#215;180-1.jpg» title_text=»logo-infancia-cs-cl-230&#215;180&#8243; url=»https://museros.org/inici/es/concejalias» use_overlay=»on» overlay_icon_color=»#E02B20&#8243; hover_overlay_color=»rgba(255,255,255,0.72)» hover_icon=»&#xe04d;||divi||400&#8243; _builder_version=»4.14.2&#8243; _module_preset=»default» global_colors_info=»{}»][/et_pb_image][/et_pb_column][et_pb_column type=»3_4&#8243; _builder_version=»4.10.4&#8243; _module_preset=»default» global_colors_info=»{}»][et_pb_text _builder_version=»4.14.8&#8243; _module_preset=»default» hover_enabled=»0&#8243; global_colors_info=»{}» sticky_enabled=»0&#8243;]<h1>Área de Infancia</h1>
<p>Este Área tiene como objetivo coordinar, impulsar y promover políticas de infancia, sensibilizar e informar a la ciudadanía sobre los derechos y necesidades de niños y niñas.<br />Un espacio en el que las niñas y los niños son escuchados, expresan sus opiniones e ideas y trasladan sus propuestas y demandas sobre aquellas cuestiones e iniciativas que les afecten directamente.</p>[/et_pb_text][/et_pb_column][/et_pb_row][et_pb_row _builder_version=»4.10.4&#8243; _module_preset=»default» global_colors_info=»{}»][et_pb_column type=»4_4&#8243; _builder_version=»4.10.4&#8243; _module_preset=»default» global_colors_info=»{}»][et_pb_divider color=»#E02B20&#8243; divider_weight=»4px» _builder_version=»4.10.4&#8243; _module_preset=»default» global_colors_info=»{}»][/et_pb_divider][/et_pb_column][/et_pb_row][/et_pb_section]

<p>Área de Infancia Este Área tiene como objetivo coordinar, impulsar y promover políticas de infancia, sensibilizar e informar a la ciudadanía sobre los derechos y necesidades de niños y niñas.Un espacio en el que las niñas y los niños son escuchados, expresan sus opiniones e ideas y trasladan sus propuestas y demandas sobre aquellas cuestiones [&hellip;]</p>
